{"id":1006,"date":"2025-02-07T11:45:41","date_gmt":"2025-02-07T11:45:41","guid":{"rendered":"https:\/\/otca.org\/concursofotografico\/?post_type=fotografia&#038;p=1006"},"modified":"2025-02-07T11:45:41","modified_gmt":"2025-02-07T11:45:41","slug":"ka-we-are-rivers","status":"publish","type":"fotografia","link":"https:\/\/otca.org\/concursofotografico\/en\/fotografia\/ka-we-are-rivers\/","title":{"rendered":"K\u00e2 | we are rivers"},"content":{"rendered":"<p>An invitation to immerse oneself in the dream of the Xakriab\u00e1 people, who seek to reclaim part of their territory, which extends to the banks of the S\u00e3o Francisco River, reestablishing their relationship with the waters and reviving the memories preserved in stories, songs, and histories. However, as they get closer to this reclaiming, they mourn the sight of the river, which was once the cradle of many peoples, dying more and more each day. Thus, the reclaiming of the land is also a reclaiming of the waters. A reclaiming that harks back to the times of the &#8220;old trunks,&#8221; where part of a people&#8217;s ancestral wisdom resides.<\/p>\n","protected":false},"featured_media":596,"template":"","meta":{"_acf_changed":false},"autor":[279],"etnia":[1158],"lugar":[939,935,931],"pais":[85],"premio":[390],"tipo-de-fotografia":[118],"class_list":["post-1006","fotografia","type-fotografia","status-publish","has-post-thumbnail","hentry","autor-edgar-kanayko-xakriaba","etnia-xakriaba","lugar-minas-gerais-en","lugar-sao-joao-das-missoes-mg-en","lugar-xakriaba-indigenous-land","pais-brazil","premio-selected","tipo-de-fotografia-documentary"],"acf":[],"yoast_head":"<!-- This site is optimized with the Yoast SEO plugin v24.4 - https:\/\/yoast.com\/wordpress\/plugins\/seo\/ -->\n<title>K\u00e2 | we are rivers - Concurso Fotografico<\/title>\n<meta name=\"robots\" content=\"index, follow, max-snippet:-1, max-image-preview:large, max-video-preview:-1\" \/>\n<link rel=\"canonical\" href=\"https:\/\/otca.org\/concursofotografico\/en\/fotografia\/ka-we-are-rivers\/\" \/>\n<meta property=\"og:locale\" content=\"pt_BR\" \/>\n<meta property=\"og:type\" content=\"article\" \/>\n<meta property=\"og:title\" content=\"K\u00e2 | we are rivers - Concurso Fotografico\" \/>\n<meta property=\"og:description\" content=\"An invitation to immerse oneself in the dream of the [&hellip;]\" \/>\n<meta property=\"og:url\" content=\"https:\/\/otca.org\/concursofotografico\/en\/fotografia\/ka-we-are-rivers\/\" \/>\n<meta property=\"og:site_name\" content=\"Concurso Fotografico\" \/>\n<meta property=\"og:image\" content=\"https:\/\/otca.org\/concursofotografico\/wp-content\/uploads\/2025\/01\/id014-Edgar-Kanayko-Xakriaba-Ka-somos-rios-DOC.jpg\" \/>\n\t<meta property=\"og:image:width\" content=\"1250\" \/>\n\t<meta property=\"og:image:height\" content=\"880\" \/>\n\t<meta property=\"og:image:type\" content=\"image\/jpeg\" \/>\n<meta name=\"twitter:card\" content=\"summary_large_image\" \/>\n<meta name=\"twitter:label1\" content=\"Est. tempo de leitura\" \/>\n\t<meta name=\"twitter:data1\" content=\"1 minuto\" \/>\n<script type=\"application\/ld+json\" class=\"yoast-schema-graph\">{\"@context\":\"https:\/\/schema.org\",\"@graph\":[{\"@type\":\"WebPage\",\"@id\":\"https:\/\/otca.org\/concursofotografico\/en\/fotografia\/ka-we-are-rivers\/\",\"url\":\"https:\/\/otca.org\/concursofotografico\/en\/fotografia\/ka-we-are-rivers\/\",\"name\":\"K\u00e2 | we are rivers - Concurso Fotografico\",\"isPartOf\":{\"@id\":\"https:\/\/otca.org\/concursofotografico\/#website\"},\"primaryImageOfPage\":{\"@id\":\"https:\/\/otca.org\/concursofotografico\/en\/fotografia\/ka-we-are-rivers\/#primaryimage\"},\"image\":{\"@id\":\"https:\/\/otca.org\/concursofotografico\/en\/fotografia\/ka-we-are-rivers\/#primaryimage\"},\"thumbnailUrl\":\"https:\/\/otca.org\/concursofotografico\/wp-content\/uploads\/2025\/01\/id014-Edgar-Kanayko-Xakriaba-Ka-somos-rios-DOC.jpg\",\"datePublished\":\"2025-02-07T11:45:41+00:00\",\"breadcrumb\":{\"@id\":\"https:\/\/otca.org\/concursofotografico\/en\/fotografia\/ka-we-are-rivers\/#breadcrumb\"},\"inLanguage\":\"pt-BR\",\"potentialAction\":[{\"@type\":\"ReadAction\",\"target\":[\"https:\/\/otca.org\/concursofotografico\/en\/fotografia\/ka-we-are-rivers\/\"]}]},{\"@type\":\"ImageObject\",\"inLanguage\":\"pt-BR\",\"@id\":\"https:\/\/otca.org\/concursofotografico\/en\/fotografia\/ka-we-are-rivers\/#primaryimage\",\"url\":\"https:\/\/otca.org\/concursofotografico\/wp-content\/uploads\/2025\/01\/id014-Edgar-Kanayko-Xakriaba-Ka-somos-rios-DOC.jpg\",\"contentUrl\":\"https:\/\/otca.org\/concursofotografico\/wp-content\/uploads\/2025\/01\/id014-Edgar-Kanayko-Xakriaba-Ka-somos-rios-DOC.jpg\",\"width\":1250,\"height\":880,\"caption\":\"id014 Edgar Kanayko Xakriaba Ka somos rios DOC\"},{\"@type\":\"BreadcrumbList\",\"@id\":\"https:\/\/otca.org\/concursofotografico\/en\/fotografia\/ka-we-are-rivers\/#breadcrumb\",\"itemListElement\":[{\"@type\":\"ListItem\",\"position\":1,\"name\":\"In\u00edcio\",\"item\":\"https:\/\/otca.org\/concursofotografico\/\"},{\"@type\":\"ListItem\",\"position\":2,\"name\":\"K\u00e2 | we are rivers\"}]},{\"@type\":\"WebSite\",\"@id\":\"https:\/\/otca.org\/concursofotografico\/#website\",\"url\":\"https:\/\/otca.org\/concursofotografico\/\",\"name\":\"Concurso Fotografico \\\"Por um mundo mais que humano\\\"\",\"description\":\"\",\"publisher\":{\"@id\":\"https:\/\/otca.org\/concursofotografico\/#organization\"},\"potentialAction\":[{\"@type\":\"SearchAction\",\"target\":{\"@type\":\"EntryPoint\",\"urlTemplate\":\"https:\/\/otca.org\/concursofotografico\/?s={search_term_string}\"},\"query-input\":{\"@type\":\"PropertyValueSpecification\",\"valueRequired\":true,\"valueName\":\"search_term_string\"}}],\"inLanguage\":\"pt-BR\"},{\"@type\":\"Organization\",\"@id\":\"https:\/\/otca.org\/concursofotografico\/#organization\",\"name\":\"OTCA\",\"url\":\"https:\/\/otca.org\/concursofotografico\/\",\"logo\":{\"@type\":\"ImageObject\",\"inLanguage\":\"pt-BR\",\"@id\":\"https:\/\/otca.org\/concursofotografico\/#\/schema\/logo\/image\/\",\"url\":\"https:\/\/otca.org\/concursofotografico\/wp-content\/uploads\/2024\/08\/logo-OTCA_PT.svg\",\"contentUrl\":\"https:\/\/otca.org\/concursofotografico\/wp-content\/uploads\/2024\/08\/logo-OTCA_PT.svg\",\"width\":120,\"height\":50,\"caption\":\"OTCA\"},\"image\":{\"@id\":\"https:\/\/otca.org\/concursofotografico\/#\/schema\/logo\/image\/\"}}]}<\/script>\n<!-- \/ Yoast SEO plugin. -->","yoast_head_json":{"title":"K\u00e2 | we are rivers - Concurso Fotografico","robots":{"index":"index","follow":"follow","max-snippet":"max-snippet:-1","max-image-preview":"max-image-preview:large","max-video-preview":"max-video-preview:-1"},"canonical":"https:\/\/otca.org\/concursofotografico\/en\/fotografia\/ka-we-are-rivers\/","og_locale":"pt_BR","og_type":"article","og_title":"K\u00e2 | we are rivers - Concurso Fotografico","og_description":"An invitation to immerse oneself in the dream of the [&hellip;]","og_url":"https:\/\/otca.org\/concursofotografico\/en\/fotografia\/ka-we-are-rivers\/","og_site_name":"Concurso Fotografico","og_image":[{"width":1250,"height":880,"url":"https:\/\/otca.org\/concursofotografico\/wp-content\/uploads\/2025\/01\/id014-Edgar-Kanayko-Xakriaba-Ka-somos-rios-DOC.jpg","type":"image\/jpeg"}],"twitter_card":"summary_large_image","twitter_misc":{"Est. tempo de leitura":"1 minuto"},"schema":{"@context":"https:\/\/schema.org","@graph":[{"@type":"WebPage","@id":"https:\/\/otca.org\/concursofotografico\/en\/fotografia\/ka-we-are-rivers\/","url":"https:\/\/otca.org\/concursofotografico\/en\/fotografia\/ka-we-are-rivers\/","name":"K\u00e2 | we are rivers - Concurso Fotografico","isPartOf":{"@id":"https:\/\/otca.org\/concursofotografico\/#website"},"primaryImageOfPage":{"@id":"https:\/\/otca.org\/concursofotografico\/en\/fotografia\/ka-we-are-rivers\/#primaryimage"},"image":{"@id":"https:\/\/otca.org\/concursofotografico\/en\/fotografia\/ka-we-are-rivers\/#primaryimage"},"thumbnailUrl":"https:\/\/otca.org\/concursofotografico\/wp-content\/uploads\/2025\/01\/id014-Edgar-Kanayko-Xakriaba-Ka-somos-rios-DOC.jpg","datePublished":"2025-02-07T11:45:41+00:00","breadcrumb":{"@id":"https:\/\/otca.org\/concursofotografico\/en\/fotografia\/ka-we-are-rivers\/#breadcrumb"},"inLanguage":"pt-BR","potentialAction":[{"@type":"ReadAction","target":["https:\/\/otca.org\/concursofotografico\/en\/fotografia\/ka-we-are-rivers\/"]}]},{"@type":"ImageObject","inLanguage":"pt-BR","@id":"https:\/\/otca.org\/concursofotografico\/en\/fotografia\/ka-we-are-rivers\/#primaryimage","url":"https:\/\/otca.org\/concursofotografico\/wp-content\/uploads\/2025\/01\/id014-Edgar-Kanayko-Xakriaba-Ka-somos-rios-DOC.jpg","contentUrl":"https:\/\/otca.org\/concursofotografico\/wp-content\/uploads\/2025\/01\/id014-Edgar-Kanayko-Xakriaba-Ka-somos-rios-DOC.jpg","width":1250,"height":880,"caption":"id014 Edgar Kanayko Xakriaba Ka somos rios DOC"},{"@type":"BreadcrumbList","@id":"https:\/\/otca.org\/concursofotografico\/en\/fotografia\/ka-we-are-rivers\/#breadcrumb","itemListElement":[{"@type":"ListItem","position":1,"name":"In\u00edcio","item":"https:\/\/otca.org\/concursofotografico\/"},{"@type":"ListItem","position":2,"name":"K\u00e2 | we are rivers"}]},{"@type":"WebSite","@id":"https:\/\/otca.org\/concursofotografico\/#website","url":"https:\/\/otca.org\/concursofotografico\/","name":"Concurso Fotografico \"Por um mundo mais que humano\"","description":"","publisher":{"@id":"https:\/\/otca.org\/concursofotografico\/#organization"},"potentialAction":[{"@type":"SearchAction","target":{"@type":"EntryPoint","urlTemplate":"https:\/\/otca.org\/concursofotografico\/?s={search_term_string}"},"query-input":{"@type":"PropertyValueSpecification","valueRequired":true,"valueName":"search_term_string"}}],"inLanguage":"pt-BR"},{"@type":"Organization","@id":"https:\/\/otca.org\/concursofotografico\/#organization","name":"OTCA","url":"https:\/\/otca.org\/concursofotografico\/","logo":{"@type":"ImageObject","inLanguage":"pt-BR","@id":"https:\/\/otca.org\/concursofotografico\/#\/schema\/logo\/image\/","url":"https:\/\/otca.org\/concursofotografico\/wp-content\/uploads\/2024\/08\/logo-OTCA_PT.svg","contentUrl":"https:\/\/otca.org\/concursofotografico\/wp-content\/uploads\/2024\/08\/logo-OTCA_PT.svg","width":120,"height":50,"caption":"OTCA"},"image":{"@id":"https:\/\/otca.org\/concursofotografico\/#\/schema\/logo\/image\/"}}]}},"_links":{"self":[{"href":"https:\/\/otca.org\/concursofotografico\/wp-json\/wp\/v2\/fotografia\/1006"}],"collection":[{"href":"https:\/\/otca.org\/concursofotografico\/wp-json\/wp\/v2\/fotografia"}],"about":[{"href":"https:\/\/otca.org\/concursofotografico\/wp-json\/wp\/v2\/types\/fotografia"}],"wp:featuredmedia":[{"embeddable":true,"href":"https:\/\/otca.org\/concursofotografico\/wp-json\/wp\/v2\/media\/596"}],"wp:attachment":[{"href":"https:\/\/otca.org\/concursofotografico\/wp-json\/wp\/v2\/media?parent=1006"}],"wp:term":[{"taxonomy":"autor","embeddable":true,"href":"https:\/\/otca.org\/concursofotografico\/wp-json\/wp\/v2\/autor?post=1006"},{"taxonomy":"etnia","embeddable":true,"href":"https:\/\/otca.org\/concursofotografico\/wp-json\/wp\/v2\/etnia?post=1006"},{"taxonomy":"lugar","embeddable":true,"href":"https:\/\/otca.org\/concursofotografico\/wp-json\/wp\/v2\/lugar?post=1006"},{"taxonomy":"pais","embeddable":true,"href":"https:\/\/otca.org\/concursofotografico\/wp-json\/wp\/v2\/pais?post=1006"},{"taxonomy":"premio","embeddable":true,"href":"https:\/\/otca.org\/concursofotografico\/wp-json\/wp\/v2\/premio?post=1006"},{"taxonomy":"tipo-de-fotografia","embeddable":true,"href":"https:\/\/otca.org\/concursofotografico\/wp-json\/wp\/v2\/tipo-de-fotografia?post=1006"}],"curies":[{"name":"wp","href":"https:\/\/api.w.org\/{rel}","templated":true}]}}

Kâ | we are rivers

<p>An invitation to immerse oneself in the dream of the Xakriabá people, who seek to reclaim part of their territory, which extends to the banks of the São Francisco River, reestablishing their relationship with the waters and reviving the memories preserved in stories, songs, and histories. However, as they get closer to this reclaiming, they mourn the sight of the river, which was once the cradle of many peoples, dying more and more each day. Thus, the reclaiming of the land is also a reclaiming of the waters. A reclaiming that harks back to the times of the &#8220;old trunks,&#8221; where part of a people&#8217;s ancestral wisdom resides.</p>

<!-- This site is optimized with the Yoast SEO plugin v24.4 - https://yoast.com/wordpress/plugins/seo/ -->
<title>Kâ | we are rivers - Concurso Fotografico</title>
<meta name="robots" content="index, follow, max-snippet:-1, max-image-preview:large, max-video-preview:-1" />
<link rel="canonical" href="https://otca.org/concursofotografico/en/fotografia/ka-we-are-rivers/" />
<meta property="og:locale" content="pt_BR" />
<meta property="og:type" content="article" />
<meta property="og:title" content="Kâ | we are rivers - Concurso Fotografico" />
<meta property="og:description" content="An invitation to immerse oneself in the dream of the [&hellip;]" />
<meta property="og:url" content="https://otca.org/concursofotografico/en/fotografia/ka-we-are-rivers/" />
<meta property="og:site_name" content="Concurso Fotografico" />
<meta property="og:image" content="https://otca.org/concursofotografico/wp-content/uploads/2025/01/id014-Edgar-Kanayko-Xakriaba-Ka-somos-rios-DOC.jpg" />
	<meta property="og:image:width" content="1250" />
	<meta property="og:image:height" content="880" />
	<meta property="og:image:type" content="image/jpeg" />
<meta name="twitter:card" content="summary_large_image" />
<meta name="twitter:label1" content="Est. tempo de leitura" />
	<meta name="twitter:data1" content="1 minuto" />
<script type="application/ld+json" class="yoast-schema-graph">{"@context":"https://schema.org","@graph":[{"@type":"WebPage","@id":"https://otca.org/concursofotografico/en/fotografia/ka-we-are-rivers/","url":"https://otca.org/concursofotografico/en/fotografia/ka-we-are-rivers/","name":"Kâ | we are rivers - Concurso Fotografico","isPartOf":{"@id":"https://otca.org/concursofotografico/#website"},"primaryImageOfPage":{"@id":"https://otca.org/concursofotografico/en/fotografia/ka-we-are-rivers/#primaryimage"},"image":{"@id":"https://otca.org/concursofotografico/en/fotografia/ka-we-are-rivers/#primaryimage"},"thumbnailUrl":"https://otca.org/concursofotografico/wp-content/uploads/2025/01/id014-Edgar-Kanayko-Xakriaba-Ka-somos-rios-DOC.jpg","datePublished":"2025-02-07T11:45:41+00:00","breadcrumb":{"@id":"https://otca.org/concursofotografico/en/fotografia/ka-we-are-rivers/#breadcrumb"},"inLanguage":"pt-BR","potentialAction":[{"@type":"ReadAction","target":["https://otca.org/concursofotografico/en/fotografia/ka-we-are-rivers/"]}]},{"@type":"ImageObject","inLanguage":"pt-BR","@id":"https://otca.org/concursofotografico/en/fotografia/ka-we-are-rivers/#primaryimage","url":"https://otca.org/concursofotografico/wp-content/uploads/2025/01/id014-Edgar-Kanayko-Xakriaba-Ka-somos-rios-DOC.jpg","contentUrl":"https://otca.org/concursofotografico/wp-content/uploads/2025/01/id014-Edgar-Kanayko-Xakriaba-Ka-somos-rios-DOC.jpg","width":1250,"height":880,"caption":"id014 Edgar Kanayko Xakriaba Ka somos rios DOC"},{"@type":"BreadcrumbList","@id":"https://otca.org/concursofotografico/en/fotografia/ka-we-are-rivers/#breadcrumb","itemListElement":[{"@type":"ListItem","position":1,"name":"Início","item":"https://otca.org/concursofotografico/"},{"@type":"ListItem","position":2,"name":"Kâ | we are rivers"}]},{"@type":"WebSite","@id":"https://otca.org/concursofotografico/#website","url":"https://otca.org/concursofotografico/","name":"Concurso Fotografico \"Por um mundo mais que humano\"","description":"","publisher":{"@id":"https://otca.org/concursofotografico/#organization"},"potentialAction":[{"@type":"SearchAction","target":{"@type":"EntryPoint","urlTemplate":"https://otca.org/concursofotografico/?s={search_term_string}"},"query-input":{"@type":"PropertyValueSpecification","valueRequired":true,"valueName":"search_term_string"}}],"inLanguage":"pt-BR"},{"@type":"Organization","@id":"https://otca.org/concursofotografico/#organization","name":"OTCA","url":"https://otca.org/concursofotografico/","logo":{"@type":"ImageObject","inLanguage":"pt-BR","@id":"https://otca.org/concursofotografico/#/schema/logo/image/","url":"https://otca.org/concursofotografico/wp-content/uploads/2024/08/logo-OTCA_PT.svg","contentUrl":"https://otca.org/concursofotografico/wp-content/uploads/2024/08/logo-OTCA_PT.svg","width":120,"height":50,"caption":"OTCA"},"image":{"@id":"https://otca.org/concursofotografico/#/schema/logo/image/"}}]}</script>
<!-- / Yoast SEO plugin. -->

Kâ | we are rivers - Concurso Fotografico

Início
