{"id":1019,"date":"2025-02-07T11:45:39","date_gmt":"2025-02-07T11:45:39","guid":{"rendered":"https:\/\/otca.org\/concursofotografico\/?post_type=fotografia&#038;p=1019"},"modified":"2025-02-07T11:45:39","modified_gmt":"2025-02-07T11:45:39","slug":"bosa-ancestral-3","status":"publish","type":"fotografia","link":"https:\/\/otca.org\/concursofotografico\/es\/fotografia\/bosa-ancestral-3\/","title":{"rendered":"Bo&#8217;sa Ancestral"},"content":{"rendered":"<p>Esta foto, titulada &#8216;Bo\u00b4sa Ancestral&#8217; (Achiote), da nombre a una galer\u00eda de retratos intervenidos con el tinte natural de esta planta, donde se dibujan s\u00edmbolos tradicionales junto con sus significados. Su prop\u00f3sito es preservar los conocimientos de mis ancestros y fortalecer nuestra identidad.<\/p>\n<p>El bo\u00b4sa (achiote) ha sido utilizado durante milenios por la naci\u00f3n Siona y otras culturas para la pintura facial, una expresi\u00f3n de identidad cultural. Sin embargo, cada vez menos j\u00f3venes conocen el significado de estos s\u00edmbolos. En la antig\u00fcedad, la pintura facial se aplicaba en diversas ocasiones: para beber yaje (medicina ancestral que permite visiones), pescar, cosechar en la chacra, casarse, celebrar fiestas, cazar y, sobre todo, para la guerra, donde el dise\u00f1o de la lanza era el s\u00edmbolo predominante. Hoy en d\u00eda, estos trazos se utilizan principalmente en eventos o ceremonias importantes.<\/p>\n<p>Para hombres y mujeres Siona, la pintura facial es una forma de embellecer el rostro y el cuerpo con s\u00edmbolos sagrados. En tiempos ancestrales, cada cham\u00e1n ten\u00eda sus propios dise\u00f1os, exclusivos de su autoridad. Conocidos como los bebedores de yaje, ellos pose\u00edan el conocimiento del mundo espiritual y, a trav\u00e9s de sus visiones, descubrieron y transmitieron los s\u00edmbolos que hoy forman parte de nuestra herencia.<\/p>\n<p>Este retrato fue impreso en papel coldpress de 30&#215;40 cm, pintado a mano con bo\u00b4sa utilizando un palo fino y posteriormente escaneado.<\/p>\n","protected":false},"featured_media":614,"template":"","meta":{"_acf_changed":false},"autor":[222],"etnia":[1140],"lugar":[869],"pais":[96],"premio":[388],"tipo-de-fotografia":[72],"class_list":["post-1019","fotografia","type-fotografia","status-publish","has-post-thumbnail","hentry","autor-daris-payaguaje-es","etnia-siona","lugar-shushufindi-es","pais-ecuador-es","premio-seleccionada","tipo-de-fotografia-artistica-es"],"acf":[],"yoast_head":"<!-- This site is optimized with the Yoast SEO plugin v24.4 - https:\/\/yoast.com\/wordpress\/plugins\/seo\/ -->\n<title>Bo&#039;sa Ancestral - Concurso Fotografico<\/title>\n<meta name=\"robots\" content=\"index, follow, max-snippet:-1, max-image-preview:large, max-video-preview:-1\" \/>\n<link rel=\"canonical\" href=\"https:\/\/otca.org\/concursofotografico\/es\/fotografia\/bosa-ancestral-3\/\" \/>\n<meta property=\"og:locale\" content=\"pt_BR\" \/>\n<meta property=\"og:type\" content=\"article\" \/>\n<meta property=\"og:title\" content=\"Bo&#039;sa Ancestral - Concurso Fotografico\" \/>\n<meta property=\"og:description\" content=\"Esta foto, titulada &#8216;Bo\u00b4sa Ancestral&#8217; (Achiote), da nombre a una [&hellip;]\" \/>\n<meta property=\"og:url\" content=\"https:\/\/otca.org\/concursofotografico\/es\/fotografia\/bosa-ancestral-3\/\" \/>\n<meta property=\"og:site_name\" content=\"Concurso Fotografico\" \/>\n<meta property=\"og:image\" content=\"https:\/\/otca.org\/concursofotografico\/wp-content\/uploads\/2025\/01\/id031a-Daris-Payaguaje-.jpg\" \/>\n\t<meta property=\"og:image:width\" content=\"1250\" \/>\n\t<meta property=\"og:image:height\" content=\"937\" \/>\n\t<meta property=\"og:image:type\" content=\"image\/jpeg\" \/>\n<meta name=\"twitter:card\" content=\"summary_large_image\" \/>\n<meta name=\"twitter:label1\" content=\"Est. tempo de leitura\" \/>\n\t<meta name=\"twitter:data1\" content=\"1 minuto\" \/>\n<script type=\"application\/ld+json\" class=\"yoast-schema-graph\">{\"@context\":\"https:\/\/schema.org\",\"@graph\":[{\"@type\":\"WebPage\",\"@id\":\"https:\/\/otca.org\/concursofotografico\/es\/fotografia\/bosa-ancestral-3\/\",\"url\":\"https:\/\/otca.org\/concursofotografico\/es\/fotografia\/bosa-ancestral-3\/\",\"name\":\"Bo'sa Ancestral - Concurso Fotografico\",\"isPartOf\":{\"@id\":\"https:\/\/otca.org\/concursofotografico\/#website\"},\"primaryImageOfPage\":{\"@id\":\"https:\/\/otca.org\/concursofotografico\/es\/fotografia\/bosa-ancestral-3\/#primaryimage\"},\"image\":{\"@id\":\"https:\/\/otca.org\/concursofotografico\/es\/fotografia\/bosa-ancestral-3\/#primaryimage\"},\"thumbnailUrl\":\"https:\/\/otca.org\/concursofotografico\/wp-content\/uploads\/2025\/01\/id031a-Daris-Payaguaje-.jpg\",\"datePublished\":\"2025-02-07T11:45:39+00:00\",\"breadcrumb\":{\"@id\":\"https:\/\/otca.org\/concursofotografico\/es\/fotografia\/bosa-ancestral-3\/#breadcrumb\"},\"inLanguage\":\"pt-BR\",\"potentialAction\":[{\"@type\":\"ReadAction\",\"target\":[\"https:\/\/otca.org\/concursofotografico\/es\/fotografia\/bosa-ancestral-3\/\"]}]},{\"@type\":\"ImageObject\",\"inLanguage\":\"pt-BR\",\"@id\":\"https:\/\/otca.org\/concursofotografico\/es\/fotografia\/bosa-ancestral-3\/#primaryimage\",\"url\":\"https:\/\/otca.org\/concursofotografico\/wp-content\/uploads\/2025\/01\/id031a-Daris-Payaguaje-.jpg\",\"contentUrl\":\"https:\/\/otca.org\/concursofotografico\/wp-content\/uploads\/2025\/01\/id031a-Daris-Payaguaje-.jpg\",\"width\":1250,\"height\":937,\"caption\":\"id031a Daris Payaguaje\"},{\"@type\":\"BreadcrumbList\",\"@id\":\"https:\/\/otca.org\/concursofotografico\/es\/fotografia\/bosa-ancestral-3\/#breadcrumb\",\"itemListElement\":[{\"@type\":\"ListItem\",\"position\":1,\"name\":\"In\u00edcio\",\"item\":\"https:\/\/otca.org\/concursofotografico\/\"},{\"@type\":\"ListItem\",\"position\":2,\"name\":\"Bo&#8217;sa Ancestral\"}]},{\"@type\":\"WebSite\",\"@id\":\"https:\/\/otca.org\/concursofotografico\/#website\",\"url\":\"https:\/\/otca.org\/concursofotografico\/\",\"name\":\"Concurso Fotografico \\\"Por um mundo mais que humano\\\"\",\"description\":\"\",\"publisher\":{\"@id\":\"https:\/\/otca.org\/concursofotografico\/#organization\"},\"potentialAction\":[{\"@type\":\"SearchAction\",\"target\":{\"@type\":\"EntryPoint\",\"urlTemplate\":\"https:\/\/otca.org\/concursofotografico\/?s={search_term_string}\"},\"query-input\":{\"@type\":\"PropertyValueSpecification\",\"valueRequired\":true,\"valueName\":\"search_term_string\"}}],\"inLanguage\":\"pt-BR\"},{\"@type\":\"Organization\",\"@id\":\"https:\/\/otca.org\/concursofotografico\/#organization\",\"name\":\"OTCA\",\"url\":\"https:\/\/otca.org\/concursofotografico\/\",\"logo\":{\"@type\":\"ImageObject\",\"inLanguage\":\"pt-BR\",\"@id\":\"https:\/\/otca.org\/concursofotografico\/#\/schema\/logo\/image\/\",\"url\":\"https:\/\/otca.org\/concursofotografico\/wp-content\/uploads\/2024\/08\/logo-OTCA_PT.svg\",\"contentUrl\":\"https:\/\/otca.org\/concursofotografico\/wp-content\/uploads\/2024\/08\/logo-OTCA_PT.svg\",\"width\":120,\"height\":50,\"caption\":\"OTCA\"},\"image\":{\"@id\":\"https:\/\/otca.org\/concursofotografico\/#\/schema\/logo\/image\/\"}}]}<\/script>\n<!-- \/ Yoast SEO plugin. -->","yoast_head_json":{"title":"Bo'sa Ancestral - Concurso Fotografico","robots":{"index":"index","follow":"follow","max-snippet":"max-snippet:-1","max-image-preview":"max-image-preview:large","max-video-preview":"max-video-preview:-1"},"canonical":"https:\/\/otca.org\/concursofotografico\/es\/fotografia\/bosa-ancestral-3\/","og_locale":"pt_BR","og_type":"article","og_title":"Bo'sa Ancestral - Concurso Fotografico","og_description":"Esta foto, titulada &#8216;Bo\u00b4sa Ancestral&#8217; (Achiote), da nombre a una [&hellip;]","og_url":"https:\/\/otca.org\/concursofotografico\/es\/fotografia\/bosa-ancestral-3\/","og_site_name":"Concurso Fotografico","og_image":[{"width":1250,"height":937,"url":"https:\/\/otca.org\/concursofotografico\/wp-content\/uploads\/2025\/01\/id031a-Daris-Payaguaje-.jpg","type":"image\/jpeg"}],"twitter_card":"summary_large_image","twitter_misc":{"Est. tempo de leitura":"1 minuto"},"schema":{"@context":"https:\/\/schema.org","@graph":[{"@type":"WebPage","@id":"https:\/\/otca.org\/concursofotografico\/es\/fotografia\/bosa-ancestral-3\/","url":"https:\/\/otca.org\/concursofotografico\/es\/fotografia\/bosa-ancestral-3\/","name":"Bo'sa Ancestral - Concurso Fotografico","isPartOf":{"@id":"https:\/\/otca.org\/concursofotografico\/#website"},"primaryImageOfPage":{"@id":"https:\/\/otca.org\/concursofotografico\/es\/fotografia\/bosa-ancestral-3\/#primaryimage"},"image":{"@id":"https:\/\/otca.org\/concursofotografico\/es\/fotografia\/bosa-ancestral-3\/#primaryimage"},"thumbnailUrl":"https:\/\/otca.org\/concursofotografico\/wp-content\/uploads\/2025\/01\/id031a-Daris-Payaguaje-.jpg","datePublished":"2025-02-07T11:45:39+00:00","breadcrumb":{"@id":"https:\/\/otca.org\/concursofotografico\/es\/fotografia\/bosa-ancestral-3\/#breadcrumb"},"inLanguage":"pt-BR","potentialAction":[{"@type":"ReadAction","target":["https:\/\/otca.org\/concursofotografico\/es\/fotografia\/bosa-ancestral-3\/"]}]},{"@type":"ImageObject","inLanguage":"pt-BR","@id":"https:\/\/otca.org\/concursofotografico\/es\/fotografia\/bosa-ancestral-3\/#primaryimage","url":"https:\/\/otca.org\/concursofotografico\/wp-content\/uploads\/2025\/01\/id031a-Daris-Payaguaje-.jpg","contentUrl":"https:\/\/otca.org\/concursofotografico\/wp-content\/uploads\/2025\/01\/id031a-Daris-Payaguaje-.jpg","width":1250,"height":937,"caption":"id031a Daris Payaguaje"},{"@type":"BreadcrumbList","@id":"https:\/\/otca.org\/concursofotografico\/es\/fotografia\/bosa-ancestral-3\/#breadcrumb","itemListElement":[{"@type":"ListItem","position":1,"name":"In\u00edcio","item":"https:\/\/otca.org\/concursofotografico\/"},{"@type":"ListItem","position":2,"name":"Bo&#8217;sa Ancestral"}]},{"@type":"WebSite","@id":"https:\/\/otca.org\/concursofotografico\/#website","url":"https:\/\/otca.org\/concursofotografico\/","name":"Concurso Fotografico \"Por um mundo mais que humano\"","description":"","publisher":{"@id":"https:\/\/otca.org\/concursofotografico\/#organization"},"potentialAction":[{"@type":"SearchAction","target":{"@type":"EntryPoint","urlTemplate":"https:\/\/otca.org\/concursofotografico\/?s={search_term_string}"},"query-input":{"@type":"PropertyValueSpecification","valueRequired":true,"valueName":"search_term_string"}}],"inLanguage":"pt-BR"},{"@type":"Organization","@id":"https:\/\/otca.org\/concursofotografico\/#organization","name":"OTCA","url":"https:\/\/otca.org\/concursofotografico\/","logo":{"@type":"ImageObject","inLanguage":"pt-BR","@id":"https:\/\/otca.org\/concursofotografico\/#\/schema\/logo\/image\/","url":"https:\/\/otca.org\/concursofotografico\/wp-content\/uploads\/2024\/08\/logo-OTCA_PT.svg","contentUrl":"https:\/\/otca.org\/concursofotografico\/wp-content\/uploads\/2024\/08\/logo-OTCA_PT.svg","width":120,"height":50,"caption":"OTCA"},"image":{"@id":"https:\/\/otca.org\/concursofotografico\/#\/schema\/logo\/image\/"}}]}},"_links":{"self":[{"href":"https:\/\/otca.org\/concursofotografico\/wp-json\/wp\/v2\/fotografia\/1019"}],"collection":[{"href":"https:\/\/otca.org\/concursofotografico\/wp-json\/wp\/v2\/fotografia"}],"about":[{"href":"https:\/\/otca.org\/concursofotografico\/wp-json\/wp\/v2\/types\/fotografia"}],"wp:featuredmedia":[{"embeddable":true,"href":"https:\/\/otca.org\/concursofotografico\/wp-json\/wp\/v2\/media\/614"}],"wp:attachment":[{"href":"https:\/\/otca.org\/concursofotografico\/wp-json\/wp\/v2\/media?parent=1019"}],"wp:term":[{"taxonomy":"autor","embeddable":true,"href":"https:\/\/otca.org\/concursofotografico\/wp-json\/wp\/v2\/autor?post=1019"},{"taxonomy":"etnia","embeddable":true,"href":"https:\/\/otca.org\/concursofotografico\/wp-json\/wp\/v2\/etnia?post=1019"},{"taxonomy":"lugar","embeddable":true,"href":"https:\/\/otca.org\/concursofotografico\/wp-json\/wp\/v2\/lugar?post=1019"},{"taxonomy":"pais","embeddable":true,"href":"https:\/\/otca.org\/concursofotografico\/wp-json\/wp\/v2\/pais?post=1019"},{"taxonomy":"premio","embeddable":true,"href":"https:\/\/otca.org\/concursofotografico\/wp-json\/wp\/v2\/premio?post=1019"},{"taxonomy":"tipo-de-fotografia","embeddable":true,"href":"https:\/\/otca.org\/concursofotografico\/wp-json\/wp\/v2\/tipo-de-fotografia?post=1019"}],"curies":[{"name":"wp","href":"https:\/\/api.w.org\/{rel}","templated":true}]}}

<p>Esta foto, titulada &#8216;Bo´sa Ancestral&#8217; (Achiote), da nombre a una galería de retratos intervenidos con el tinte natural de esta planta, donde se dibujan símbolos tradicionales junto con sus significados. Su propósito es preservar los conocimientos de mis ancestros y fortalecer nuestra identidad.</p>
<p>El bo´sa (achiote) ha sido utilizado durante milenios por la nación Siona y otras culturas para la pintura facial, una expresión de identidad cultural. Sin embargo, cada vez menos jóvenes conocen el significado de estos símbolos. En la antigüedad, la pintura facial se aplicaba en diversas ocasiones: para beber yaje (medicina ancestral que permite visiones), pescar, cosechar en la chacra, casarse, celebrar fiestas, cazar y, sobre todo, para la guerra, donde el diseño de la lanza era el símbolo predominante. Hoy en día, estos trazos se utilizan principalmente en eventos o ceremonias importantes.</p>
<p>Para hombres y mujeres Siona, la pintura facial es una forma de embellecer el rostro y el cuerpo con símbolos sagrados. En tiempos ancestrales, cada chamán tenía sus propios diseños, exclusivos de su autoridad. Conocidos como los bebedores de yaje, ellos poseían el conocimiento del mundo espiritual y, a través de sus visiones, descubrieron y transmitieron los símbolos que hoy forman parte de nuestra herencia.</p>
<p>Este retrato fue impreso en papel coldpress de 30&#215;40 cm, pintado a mano con bo´sa utilizando un palo fino y posteriormente escaneado.</p>

<!-- This site is optimized with the Yoast SEO plugin v24.4 - https://yoast.com/wordpress/plugins/seo/ -->
<title>Bo&#039;sa Ancestral - Concurso Fotografico</title>
<meta name="robots" content="index, follow, max-snippet:-1, max-image-preview:large, max-video-preview:-1" />
<link rel="canonical" href="https://otca.org/concursofotografico/es/fotografia/bosa-ancestral-3/" />
<meta property="og:locale" content="pt_BR" />
<meta property="og:type" content="article" />
<meta property="og:title" content="Bo&#039;sa Ancestral - Concurso Fotografico" />
<meta property="og:description" content="Esta foto, titulada &#8216;Bo´sa Ancestral&#8217; (Achiote), da nombre a una [&hellip;]" />
<meta property="og:url" content="https://otca.org/concursofotografico/es/fotografia/bosa-ancestral-3/" />
<meta property="og:site_name" content="Concurso Fotografico" />
<meta property="og:image" content="https://otca.org/concursofotografico/wp-content/uploads/2025/01/id031a-Daris-Payaguaje-.jpg" />
	<meta property="og:image:width" content="1250" />
	<meta property="og:image:height" content="937" />
	<meta property="og:image:type" content="image/jpeg" />
<meta name="twitter:card" content="summary_large_image" />
<meta name="twitter:label1" content="Est. tempo de leitura" />
	<meta name="twitter:data1" content="1 minuto" />
<script type="application/ld+json" class="yoast-schema-graph">{"@context":"https://schema.org","@graph":[{"@type":"WebPage","@id":"https://otca.org/concursofotografico/es/fotografia/bosa-ancestral-3/","url":"https://otca.org/concursofotografico/es/fotografia/bosa-ancestral-3/","name":"Bo'sa Ancestral - Concurso Fotografico","isPartOf":{"@id":"https://otca.org/concursofotografico/#website"},"primaryImageOfPage":{"@id":"https://otca.org/concursofotografico/es/fotografia/bosa-ancestral-3/#primaryimage"},"image":{"@id":"https://otca.org/concursofotografico/es/fotografia/bosa-ancestral-3/#primaryimage"},"thumbnailUrl":"https://otca.org/concursofotografico/wp-content/uploads/2025/01/id031a-Daris-Payaguaje-.jpg","datePublished":"2025-02-07T11:45:39+00:00","breadcrumb":{"@id":"https://otca.org/concursofotografico/es/fotografia/bosa-ancestral-3/#breadcrumb"},"inLanguage":"pt-BR","potentialAction":[{"@type":"ReadAction","target":["https://otca.org/concursofotografico/es/fotografia/bosa-ancestral-3/"]}]},{"@type":"ImageObject","inLanguage":"pt-BR","@id":"https://otca.org/concursofotografico/es/fotografia/bosa-ancestral-3/#primaryimage","url":"https://otca.org/concursofotografico/wp-content/uploads/2025/01/id031a-Daris-Payaguaje-.jpg","contentUrl":"https://otca.org/concursofotografico/wp-content/uploads/2025/01/id031a-Daris-Payaguaje-.jpg","width":1250,"height":937,"caption":"id031a Daris Payaguaje"},{"@type":"BreadcrumbList","@id":"https://otca.org/concursofotografico/es/fotografia/bosa-ancestral-3/#breadcrumb","itemListElement":[{"@type":"ListItem","position":1,"name":"Início","item":"https://otca.org/concursofotografico/"},{"@type":"ListItem","position":2,"name":"Bo&#8217;sa Ancestral"}]},{"@type":"WebSite","@id":"https://otca.org/concursofotografico/#website","url":"https://otca.org/concursofotografico/","name":"Concurso Fotografico \"Por um mundo mais que humano\"","description":"","publisher":{"@id":"https://otca.org/concursofotografico/#organization"},"potentialAction":[{"@type":"SearchAction","target":{"@type":"EntryPoint","urlTemplate":"https://otca.org/concursofotografico/?s={search_term_string}"},"query-input":{"@type":"PropertyValueSpecification","valueRequired":true,"valueName":"search_term_string"}}],"inLanguage":"pt-BR"},{"@type":"Organization","@id":"https://otca.org/concursofotografico/#organization","name":"OTCA","url":"https://otca.org/concursofotografico/","logo":{"@type":"ImageObject","inLanguage":"pt-BR","@id":"https://otca.org/concursofotografico/#/schema/logo/image/","url":"https://otca.org/concursofotografico/wp-content/uploads/2024/08/logo-OTCA_PT.svg","contentUrl":"https://otca.org/concursofotografico/wp-content/uploads/2024/08/logo-OTCA_PT.svg","width":120,"height":50,"caption":"OTCA"},"image":{"@id":"https://otca.org/concursofotografico/#/schema/logo/image/"}}]}</script>
<!-- / Yoast SEO plugin. -->

Início
