{"id":793,"date":"2025-02-07T11:46:04","date_gmt":"2025-02-07T11:46:04","guid":{"rendered":"https:\/\/otca.org\/concursofotografico\/fotografia\/la-lucha-woarani\/"},"modified":"2025-02-07T11:46:04","modified_gmt":"2025-02-07T11:46:04","slug":"la-lucha-woarani","status":"publish","type":"fotografia","link":"https:\/\/otca.org\/concursofotografico\/fotografia\/la-lucha-woarani\/","title":{"rendered":"A luta Woarani"},"content":{"rendered":"<p>O passado dos Waorani foi violento. Eles defenderam sua selva, o que hoje \u00e9 a prov\u00edncia de Orellana e Pastaza, que foi a \u00faltima \u00e1rea alcan\u00e7ada pela coloniza\u00e7\u00e3o, na ponta da lan\u00e7a. Os primeiros invasores foram os caucheros (seringueiros), que capturaram povos ind\u00edgenas em toda a Amaz\u00f4nia e os venderam como escravos em Iquitos (Peru); depois vieram os madeireiros e as empresas petrol\u00edferas.  O seringal de Carlos Sevilla foi alvo de v\u00e1rios ataques dos Waorani desde o in\u00edcio do s\u00e9culo XX e tamb\u00e9m foi fundamental no contato feito pelo Summer Institute of Linguistics (SIL). Em 1948, esse propriet\u00e1rio de terras capturou quatro mulheres Waorani, uma delas Zoila. Gui\u00f1ami, agora Zoila Enomenga, foi atra\u00edda para o protetorado quando tinha menos de 20 anos de idade e n\u00e3o conseguiu escapar do destino que os mission\u00e1rios evang\u00e9licos decidiram para ela: entreg\u00e1-la a Davo, um dos guerreiros Waorani do passado que ainda est\u00e1 vivo.<\/p>\n","protected":false},"featured_media":617,"template":"","meta":{"_acf_changed":false},"autor":[220],"etnia":[1088],"lugar":[553,449],"pais":[101],"premio":[386],"tipo-de-fotografia":[71],"class_list":["post-793","fotografia","type-fotografia","status-publish","has-post-thumbnail","hentry","autor-edu-leon-pt","etnia-mestico","lugar-amazonia-equatoriana","lugar-yasuni","pais-espanha","premio-selecionada","tipo-de-fotografia-documental-pt"],"acf":[],"yoast_head":"<!-- This site is optimized with the Yoast SEO plugin v24.4 - https:\/\/yoast.com\/wordpress\/plugins\/seo\/ -->\n<title>A luta Woarani - Concurso Fotografico<\/title>\n<meta name=\"robots\" content=\"index, follow, max-snippet:-1, max-image-preview:large, max-video-preview:-1\" \/>\n<link rel=\"canonical\" href=\"https:\/\/otca.org\/concursofotografico\/fotografia\/la-lucha-woarani\/\" \/>\n<meta property=\"og:locale\" content=\"pt_BR\" \/>\n<meta property=\"og:type\" content=\"article\" \/>\n<meta property=\"og:title\" content=\"A luta Woarani - Concurso Fotografico\" \/>\n<meta property=\"og:description\" content=\"O passado dos Waorani foi violento. Eles defenderam sua selva, [&hellip;]\" \/>\n<meta property=\"og:url\" content=\"https:\/\/otca.org\/concursofotografico\/fotografia\/la-lucha-woarani\/\" \/>\n<meta property=\"og:site_name\" content=\"Concurso Fotografico\" \/>\n<meta property=\"og:image\" content=\"https:\/\/otca.org\/concursofotografico\/wp-content\/uploads\/2025\/01\/id032-Edu-Leon-.jpg\" \/>\n\t<meta property=\"og:image:width\" content=\"1250\" \/>\n\t<meta property=\"og:image:height\" content=\"834\" \/>\n\t<meta property=\"og:image:type\" content=\"image\/jpeg\" \/>\n<meta name=\"twitter:card\" content=\"summary_large_image\" \/>\n<meta name=\"twitter:label1\" content=\"Est. tempo de leitura\" \/>\n\t<meta name=\"twitter:data1\" content=\"2 minutos\" \/>\n<script type=\"application\/ld+json\" class=\"yoast-schema-graph\">{\"@context\":\"https:\/\/schema.org\",\"@graph\":[{\"@type\":\"WebPage\",\"@id\":\"https:\/\/otca.org\/concursofotografico\/fotografia\/la-lucha-woarani\/\",\"url\":\"https:\/\/otca.org\/concursofotografico\/fotografia\/la-lucha-woarani\/\",\"name\":\"A luta Woarani - Concurso Fotografico\",\"isPartOf\":{\"@id\":\"https:\/\/otca.org\/concursofotografico\/#website\"},\"primaryImageOfPage\":{\"@id\":\"https:\/\/otca.org\/concursofotografico\/fotografia\/la-lucha-woarani\/#primaryimage\"},\"image\":{\"@id\":\"https:\/\/otca.org\/concursofotografico\/fotografia\/la-lucha-woarani\/#primaryimage\"},\"thumbnailUrl\":\"https:\/\/otca.org\/concursofotografico\/wp-content\/uploads\/2025\/01\/id032-Edu-Leon-.jpg\",\"datePublished\":\"2025-02-07T11:46:04+00:00\",\"breadcrumb\":{\"@id\":\"https:\/\/otca.org\/concursofotografico\/fotografia\/la-lucha-woarani\/#breadcrumb\"},\"inLanguage\":\"pt-BR\",\"potentialAction\":[{\"@type\":\"ReadAction\",\"target\":[\"https:\/\/otca.org\/concursofotografico\/fotografia\/la-lucha-woarani\/\"]}]},{\"@type\":\"ImageObject\",\"inLanguage\":\"pt-BR\",\"@id\":\"https:\/\/otca.org\/concursofotografico\/fotografia\/la-lucha-woarani\/#primaryimage\",\"url\":\"https:\/\/otca.org\/concursofotografico\/wp-content\/uploads\/2025\/01\/id032-Edu-Leon-.jpg\",\"contentUrl\":\"https:\/\/otca.org\/concursofotografico\/wp-content\/uploads\/2025\/01\/id032-Edu-Leon-.jpg\",\"width\":1250,\"height\":834,\"caption\":\"id032 Edu Leon\"},{\"@type\":\"BreadcrumbList\",\"@id\":\"https:\/\/otca.org\/concursofotografico\/fotografia\/la-lucha-woarani\/#breadcrumb\",\"itemListElement\":[{\"@type\":\"ListItem\",\"position\":1,\"name\":\"In\u00edcio\",\"item\":\"https:\/\/otca.org\/concursofotografico\/\"},{\"@type\":\"ListItem\",\"position\":2,\"name\":\"A luta Woarani\"}]},{\"@type\":\"WebSite\",\"@id\":\"https:\/\/otca.org\/concursofotografico\/#website\",\"url\":\"https:\/\/otca.org\/concursofotografico\/\",\"name\":\"Concurso Fotografico \\\"Por um mundo mais que humano\\\"\",\"description\":\"\",\"publisher\":{\"@id\":\"https:\/\/otca.org\/concursofotografico\/#organization\"},\"potentialAction\":[{\"@type\":\"SearchAction\",\"target\":{\"@type\":\"EntryPoint\",\"urlTemplate\":\"https:\/\/otca.org\/concursofotografico\/?s={search_term_string}\"},\"query-input\":{\"@type\":\"PropertyValueSpecification\",\"valueRequired\":true,\"valueName\":\"search_term_string\"}}],\"inLanguage\":\"pt-BR\"},{\"@type\":\"Organization\",\"@id\":\"https:\/\/otca.org\/concursofotografico\/#organization\",\"name\":\"OTCA\",\"url\":\"https:\/\/otca.org\/concursofotografico\/\",\"logo\":{\"@type\":\"ImageObject\",\"inLanguage\":\"pt-BR\",\"@id\":\"https:\/\/otca.org\/concursofotografico\/#\/schema\/logo\/image\/\",\"url\":\"https:\/\/otca.org\/concursofotografico\/wp-content\/uploads\/2024\/08\/logo-OTCA_PT.svg\",\"contentUrl\":\"https:\/\/otca.org\/concursofotografico\/wp-content\/uploads\/2024\/08\/logo-OTCA_PT.svg\",\"width\":120,\"height\":50,\"caption\":\"OTCA\"},\"image\":{\"@id\":\"https:\/\/otca.org\/concursofotografico\/#\/schema\/logo\/image\/\"}}]}<\/script>\n<!-- \/ Yoast SEO plugin. -->","yoast_head_json":{"title":"A luta Woarani - Concurso Fotografico","robots":{"index":"index","follow":"follow","max-snippet":"max-snippet:-1","max-image-preview":"max-image-preview:large","max-video-preview":"max-video-preview:-1"},"canonical":"https:\/\/otca.org\/concursofotografico\/fotografia\/la-lucha-woarani\/","og_locale":"pt_BR","og_type":"article","og_title":"A luta Woarani - Concurso Fotografico","og_description":"O passado dos Waorani foi violento. Eles defenderam sua selva, [&hellip;]","og_url":"https:\/\/otca.org\/concursofotografico\/fotografia\/la-lucha-woarani\/","og_site_name":"Concurso Fotografico","og_image":[{"width":1250,"height":834,"url":"https:\/\/otca.org\/concursofotografico\/wp-content\/uploads\/2025\/01\/id032-Edu-Leon-.jpg","type":"image\/jpeg"}],"twitter_card":"summary_large_image","twitter_misc":{"Est. tempo de leitura":"2 minutos"},"schema":{"@context":"https:\/\/schema.org","@graph":[{"@type":"WebPage","@id":"https:\/\/otca.org\/concursofotografico\/fotografia\/la-lucha-woarani\/","url":"https:\/\/otca.org\/concursofotografico\/fotografia\/la-lucha-woarani\/","name":"A luta Woarani - Concurso Fotografico","isPartOf":{"@id":"https:\/\/otca.org\/concursofotografico\/#website"},"primaryImageOfPage":{"@id":"https:\/\/otca.org\/concursofotografico\/fotografia\/la-lucha-woarani\/#primaryimage"},"image":{"@id":"https:\/\/otca.org\/concursofotografico\/fotografia\/la-lucha-woarani\/#primaryimage"},"thumbnailUrl":"https:\/\/otca.org\/concursofotografico\/wp-content\/uploads\/2025\/01\/id032-Edu-Leon-.jpg","datePublished":"2025-02-07T11:46:04+00:00","breadcrumb":{"@id":"https:\/\/otca.org\/concursofotografico\/fotografia\/la-lucha-woarani\/#breadcrumb"},"inLanguage":"pt-BR","potentialAction":[{"@type":"ReadAction","target":["https:\/\/otca.org\/concursofotografico\/fotografia\/la-lucha-woarani\/"]}]},{"@type":"ImageObject","inLanguage":"pt-BR","@id":"https:\/\/otca.org\/concursofotografico\/fotografia\/la-lucha-woarani\/#primaryimage","url":"https:\/\/otca.org\/concursofotografico\/wp-content\/uploads\/2025\/01\/id032-Edu-Leon-.jpg","contentUrl":"https:\/\/otca.org\/concursofotografico\/wp-content\/uploads\/2025\/01\/id032-Edu-Leon-.jpg","width":1250,"height":834,"caption":"id032 Edu Leon"},{"@type":"BreadcrumbList","@id":"https:\/\/otca.org\/concursofotografico\/fotografia\/la-lucha-woarani\/#breadcrumb","itemListElement":[{"@type":"ListItem","position":1,"name":"In\u00edcio","item":"https:\/\/otca.org\/concursofotografico\/"},{"@type":"ListItem","position":2,"name":"A luta Woarani"}]},{"@type":"WebSite","@id":"https:\/\/otca.org\/concursofotografico\/#website","url":"https:\/\/otca.org\/concursofotografico\/","name":"Concurso Fotografico \"Por um mundo mais que humano\"","description":"","publisher":{"@id":"https:\/\/otca.org\/concursofotografico\/#organization"},"potentialAction":[{"@type":"SearchAction","target":{"@type":"EntryPoint","urlTemplate":"https:\/\/otca.org\/concursofotografico\/?s={search_term_string}"},"query-input":{"@type":"PropertyValueSpecification","valueRequired":true,"valueName":"search_term_string"}}],"inLanguage":"pt-BR"},{"@type":"Organization","@id":"https:\/\/otca.org\/concursofotografico\/#organization","name":"OTCA","url":"https:\/\/otca.org\/concursofotografico\/","logo":{"@type":"ImageObject","inLanguage":"pt-BR","@id":"https:\/\/otca.org\/concursofotografico\/#\/schema\/logo\/image\/","url":"https:\/\/otca.org\/concursofotografico\/wp-content\/uploads\/2024\/08\/logo-OTCA_PT.svg","contentUrl":"https:\/\/otca.org\/concursofotografico\/wp-content\/uploads\/2024\/08\/logo-OTCA_PT.svg","width":120,"height":50,"caption":"OTCA"},"image":{"@id":"https:\/\/otca.org\/concursofotografico\/#\/schema\/logo\/image\/"}}]}},"_links":{"self":[{"href":"https:\/\/otca.org\/concursofotografico\/wp-json\/wp\/v2\/fotografia\/793"}],"collection":[{"href":"https:\/\/otca.org\/concursofotografico\/wp-json\/wp\/v2\/fotografia"}],"about":[{"href":"https:\/\/otca.org\/concursofotografico\/wp-json\/wp\/v2\/types\/fotografia"}],"wp:featuredmedia":[{"embeddable":true,"href":"https:\/\/otca.org\/concursofotografico\/wp-json\/wp\/v2\/media\/617"}],"wp:attachment":[{"href":"https:\/\/otca.org\/concursofotografico\/wp-json\/wp\/v2\/media?parent=793"}],"wp:term":[{"taxonomy":"autor","embeddable":true,"href":"https:\/\/otca.org\/concursofotografico\/wp-json\/wp\/v2\/autor?post=793"},{"taxonomy":"etnia","embeddable":true,"href":"https:\/\/otca.org\/concursofotografico\/wp-json\/wp\/v2\/etnia?post=793"},{"taxonomy":"lugar","embeddable":true,"href":"https:\/\/otca.org\/concursofotografico\/wp-json\/wp\/v2\/lugar?post=793"},{"taxonomy":"pais","embeddable":true,"href":"https:\/\/otca.org\/concursofotografico\/wp-json\/wp\/v2\/pais?post=793"},{"taxonomy":"premio","embeddable":true,"href":"https:\/\/otca.org\/concursofotografico\/wp-json\/wp\/v2\/premio?post=793"},{"taxonomy":"tipo-de-fotografia","embeddable":true,"href":"https:\/\/otca.org\/concursofotografico\/wp-json\/wp\/v2\/tipo-de-fotografia?post=793"}],"curies":[{"name":"wp","href":"https:\/\/api.w.org\/{rel}","templated":true}]}}

<p>O passado dos Waorani foi violento. Eles defenderam sua selva, o que hoje é a província de Orellana e Pastaza, que foi a última área alcançada pela colonização, na ponta da lança. Os primeiros invasores foram os caucheros (seringueiros), que capturaram povos indígenas em toda a Amazônia e os venderam como escravos em Iquitos (Peru); depois vieram os madeireiros e as empresas petrolíferas.  O seringal de Carlos Sevilla foi alvo de vários ataques dos Waorani desde o início do século XX e também foi fundamental no contato feito pelo Summer Institute of Linguistics (SIL). Em 1948, esse proprietário de terras capturou quatro mulheres Waorani, uma delas Zoila. Guiñami, agora Zoila Enomenga, foi atraída para o protetorado quando tinha menos de 20 anos de idade e não conseguiu escapar do destino que os missionários evangélicos decidiram para ela: entregá-la a Davo, um dos guerreiros Waorani do passado que ainda está vivo.</p>

<!-- This site is optimized with the Yoast SEO plugin v24.4 - https://yoast.com/wordpress/plugins/seo/ -->
<title>A luta Woarani - Concurso Fotografico</title>
<meta name="robots" content="index, follow, max-snippet:-1, max-image-preview:large, max-video-preview:-1" />
<link rel="canonical" href="https://otca.org/concursofotografico/fotografia/la-lucha-woarani/" />
<meta property="og:locale" content="pt_BR" />
<meta property="og:type" content="article" />
<meta property="og:title" content="A luta Woarani - Concurso Fotografico" />
<meta property="og:description" content="O passado dos Waorani foi violento. Eles defenderam sua selva, [&hellip;]" />
<meta property="og:url" content="https://otca.org/concursofotografico/fotografia/la-lucha-woarani/" />
<meta property="og:site_name" content="Concurso Fotografico" />
<meta property="og:image" content="https://otca.org/concursofotografico/wp-content/uploads/2025/01/id032-Edu-Leon-.jpg" />
	<meta property="og:image:width" content="1250" />
	<meta property="og:image:height" content="834" />
	<meta property="og:image:type" content="image/jpeg" />
<meta name="twitter:card" content="summary_large_image" />
<meta name="twitter:label1" content="Est. tempo de leitura" />
	<meta name="twitter:data1" content="2 minutos" />
<script type="application/ld+json" class="yoast-schema-graph">{"@context":"https://schema.org","@graph":[{"@type":"WebPage","@id":"https://otca.org/concursofotografico/fotografia/la-lucha-woarani/","url":"https://otca.org/concursofotografico/fotografia/la-lucha-woarani/","name":"A luta Woarani - Concurso Fotografico","isPartOf":{"@id":"https://otca.org/concursofotografico/#website"},"primaryImageOfPage":{"@id":"https://otca.org/concursofotografico/fotografia/la-lucha-woarani/#primaryimage"},"image":{"@id":"https://otca.org/concursofotografico/fotografia/la-lucha-woarani/#primaryimage"},"thumbnailUrl":"https://otca.org/concursofotografico/wp-content/uploads/2025/01/id032-Edu-Leon-.jpg","datePublished":"2025-02-07T11:46:04+00:00","breadcrumb":{"@id":"https://otca.org/concursofotografico/fotografia/la-lucha-woarani/#breadcrumb"},"inLanguage":"pt-BR","potentialAction":[{"@type":"ReadAction","target":["https://otca.org/concursofotografico/fotografia/la-lucha-woarani/"]}]},{"@type":"ImageObject","inLanguage":"pt-BR","@id":"https://otca.org/concursofotografico/fotografia/la-lucha-woarani/#primaryimage","url":"https://otca.org/concursofotografico/wp-content/uploads/2025/01/id032-Edu-Leon-.jpg","contentUrl":"https://otca.org/concursofotografico/wp-content/uploads/2025/01/id032-Edu-Leon-.jpg","width":1250,"height":834,"caption":"id032 Edu Leon"},{"@type":"BreadcrumbList","@id":"https://otca.org/concursofotografico/fotografia/la-lucha-woarani/#breadcrumb","itemListElement":[{"@type":"ListItem","position":1,"name":"Início","item":"https://otca.org/concursofotografico/"},{"@type":"ListItem","position":2,"name":"A luta Woarani"}]},{"@type":"WebSite","@id":"https://otca.org/concursofotografico/#website","url":"https://otca.org/concursofotografico/","name":"Concurso Fotografico \"Por um mundo mais que humano\"","description":"","publisher":{"@id":"https://otca.org/concursofotografico/#organization"},"potentialAction":[{"@type":"SearchAction","target":{"@type":"EntryPoint","urlTemplate":"https://otca.org/concursofotografico/?s={search_term_string}"},"query-input":{"@type":"PropertyValueSpecification","valueRequired":true,"valueName":"search_term_string"}}],"inLanguage":"pt-BR"},{"@type":"Organization","@id":"https://otca.org/concursofotografico/#organization","name":"OTCA","url":"https://otca.org/concursofotografico/","logo":{"@type":"ImageObject","inLanguage":"pt-BR","@id":"https://otca.org/concursofotografico/#/schema/logo/image/","url":"https://otca.org/concursofotografico/wp-content/uploads/2024/08/logo-OTCA_PT.svg","contentUrl":"https://otca.org/concursofotografico/wp-content/uploads/2024/08/logo-OTCA_PT.svg","width":120,"height":50,"caption":"OTCA"},"image":{"@id":"https://otca.org/concursofotografico/#/schema/logo/image/"}}]}</script>
<!-- / Yoast SEO plugin. -->

Início
