{"id":809,"date":"2025-02-07T11:46:02","date_gmt":"2025-02-07T11:46:02","guid":{"rendered":"https:\/\/otca.org\/concursofotografico\/fotografia\/rio-terra-floresta\/"},"modified":"2025-02-07T11:46:02","modified_gmt":"2025-02-07T11:46:02","slug":"rio-terra-floresta","status":"publish","type":"fotografia","link":"https:\/\/otca.org\/concursofotografico\/fotografia\/rio-terra-floresta\/","title":{"rendered":"Rio-Terra-Floresta"},"content":{"rendered":"<p>Nas \u00e1guas barrentas dos rios da Amaz\u00f4nia brasileira, os vest\u00edgios de uma floresta inteira. Sedimentos em suspens\u00e3o serpenteiam lonjuras, fecundam, e mudam margens de lugar. As \u00e1guas param, antes da mar\u00e9 virar. E o a\u00e7a\u00ed ent\u00e3o reflete ocre \u2013 o a\u00e7a\u00ed, que s\u00f3 d\u00e1 onde o rio pode chegar.<\/p>\n","protected":false},"featured_media":636,"template":"","meta":{"_acf_changed":false},"autor":[194],"etnia":[],"lugar":[461],"pais":[87],"premio":[386],"tipo-de-fotografia":[113],"class_list":["post-809","fotografia","type-fotografia","status-publish","has-post-thumbnail","hentry","autor-barbara-faciola-pessoa-baleixe-da-costa-pt","lugar-para","pais-brasil-pt","premio-selecionada","tipo-de-fotografia-artistica-pt"],"acf":[],"yoast_head":"<!-- This site is optimized with the Yoast SEO plugin v24.4 - https:\/\/yoast.com\/wordpress\/plugins\/seo\/ -->\n<title>Rio-Terra-Floresta - Concurso Fotografico<\/title>\n<meta name=\"robots\" content=\"index, follow, max-snippet:-1, max-image-preview:large, max-video-preview:-1\" \/>\n<link rel=\"canonical\" href=\"https:\/\/otca.org\/concursofotografico\/fotografia\/rio-terra-floresta\/\" \/>\n<meta property=\"og:locale\" content=\"pt_BR\" \/>\n<meta property=\"og:type\" content=\"article\" \/>\n<meta property=\"og:title\" content=\"Rio-Terra-Floresta - Concurso Fotografico\" \/>\n<meta property=\"og:description\" content=\"Nas \u00e1guas barrentas dos rios da Amaz\u00f4nia brasileira, os vest\u00edgios [&hellip;]\" \/>\n<meta property=\"og:url\" content=\"https:\/\/otca.org\/concursofotografico\/fotografia\/rio-terra-floresta\/\" \/>\n<meta property=\"og:site_name\" content=\"Concurso Fotografico\" \/>\n<meta property=\"og:image\" content=\"https:\/\/otca.org\/concursofotografico\/wp-content\/uploads\/2025\/01\/id049-Barbara-Faciola-Pessoa-Baleixe-da-Costa.jpg\" \/>\n\t<meta property=\"og:image:width\" content=\"1250\" \/>\n\t<meta property=\"og:image:height\" content=\"703\" \/>\n\t<meta property=\"og:image:type\" content=\"image\/jpeg\" \/>\n<meta name=\"twitter:card\" content=\"summary_large_image\" \/>\n<meta name=\"twitter:label1\" content=\"Est. tempo de leitura\" \/>\n\t<meta name=\"twitter:data1\" content=\"1 minuto\" \/>\n<script type=\"application\/ld+json\" class=\"yoast-schema-graph\">{\"@context\":\"https:\/\/schema.org\",\"@graph\":[{\"@type\":\"WebPage\",\"@id\":\"https:\/\/otca.org\/concursofotografico\/fotografia\/rio-terra-floresta\/\",\"url\":\"https:\/\/otca.org\/concursofotografico\/fotografia\/rio-terra-floresta\/\",\"name\":\"Rio-Terra-Floresta - Concurso Fotografico\",\"isPartOf\":{\"@id\":\"https:\/\/otca.org\/concursofotografico\/#website\"},\"primaryImageOfPage\":{\"@id\":\"https:\/\/otca.org\/concursofotografico\/fotografia\/rio-terra-floresta\/#primaryimage\"},\"image\":{\"@id\":\"https:\/\/otca.org\/concursofotografico\/fotografia\/rio-terra-floresta\/#primaryimage\"},\"thumbnailUrl\":\"https:\/\/otca.org\/concursofotografico\/wp-content\/uploads\/2025\/01\/id049-Barbara-Faciola-Pessoa-Baleixe-da-Costa.jpg\",\"datePublished\":\"2025-02-07T11:46:02+00:00\",\"breadcrumb\":{\"@id\":\"https:\/\/otca.org\/concursofotografico\/fotografia\/rio-terra-floresta\/#breadcrumb\"},\"inLanguage\":\"pt-BR\",\"potentialAction\":[{\"@type\":\"ReadAction\",\"target\":[\"https:\/\/otca.org\/concursofotografico\/fotografia\/rio-terra-floresta\/\"]}]},{\"@type\":\"ImageObject\",\"inLanguage\":\"pt-BR\",\"@id\":\"https:\/\/otca.org\/concursofotografico\/fotografia\/rio-terra-floresta\/#primaryimage\",\"url\":\"https:\/\/otca.org\/concursofotografico\/wp-content\/uploads\/2025\/01\/id049-Barbara-Faciola-Pessoa-Baleixe-da-Costa.jpg\",\"contentUrl\":\"https:\/\/otca.org\/concursofotografico\/wp-content\/uploads\/2025\/01\/id049-Barbara-Faciola-Pessoa-Baleixe-da-Costa.jpg\",\"width\":1250,\"height\":703,\"caption\":\"id049 Barbara Faciola Pessoa Baleixe da Costa\"},{\"@type\":\"BreadcrumbList\",\"@id\":\"https:\/\/otca.org\/concursofotografico\/fotografia\/rio-terra-floresta\/#breadcrumb\",\"itemListElement\":[{\"@type\":\"ListItem\",\"position\":1,\"name\":\"In\u00edcio\",\"item\":\"https:\/\/otca.org\/concursofotografico\/\"},{\"@type\":\"ListItem\",\"position\":2,\"name\":\"Rio-Terra-Floresta\"}]},{\"@type\":\"WebSite\",\"@id\":\"https:\/\/otca.org\/concursofotografico\/#website\",\"url\":\"https:\/\/otca.org\/concursofotografico\/\",\"name\":\"Concurso Fotografico \\\"Por um mundo mais que humano\\\"\",\"description\":\"\",\"publisher\":{\"@id\":\"https:\/\/otca.org\/concursofotografico\/#organization\"},\"potentialAction\":[{\"@type\":\"SearchAction\",\"target\":{\"@type\":\"EntryPoint\",\"urlTemplate\":\"https:\/\/otca.org\/concursofotografico\/?s={search_term_string}\"},\"query-input\":{\"@type\":\"PropertyValueSpecification\",\"valueRequired\":true,\"valueName\":\"search_term_string\"}}],\"inLanguage\":\"pt-BR\"},{\"@type\":\"Organization\",\"@id\":\"https:\/\/otca.org\/concursofotografico\/#organization\",\"name\":\"OTCA\",\"url\":\"https:\/\/otca.org\/concursofotografico\/\",\"logo\":{\"@type\":\"ImageObject\",\"inLanguage\":\"pt-BR\",\"@id\":\"https:\/\/otca.org\/concursofotografico\/#\/schema\/logo\/image\/\",\"url\":\"https:\/\/otca.org\/concursofotografico\/wp-content\/uploads\/2024\/08\/logo-OTCA_PT.svg\",\"contentUrl\":\"https:\/\/otca.org\/concursofotografico\/wp-content\/uploads\/2024\/08\/logo-OTCA_PT.svg\",\"width\":120,\"height\":50,\"caption\":\"OTCA\"},\"image\":{\"@id\":\"https:\/\/otca.org\/concursofotografico\/#\/schema\/logo\/image\/\"}}]}<\/script>\n<!-- \/ Yoast SEO plugin. -->","yoast_head_json":{"title":"Rio-Terra-Floresta - Concurso Fotografico","robots":{"index":"index","follow":"follow","max-snippet":"max-snippet:-1","max-image-preview":"max-image-preview:large","max-video-preview":"max-video-preview:-1"},"canonical":"https:\/\/otca.org\/concursofotografico\/fotografia\/rio-terra-floresta\/","og_locale":"pt_BR","og_type":"article","og_title":"Rio-Terra-Floresta - Concurso Fotografico","og_description":"Nas \u00e1guas barrentas dos rios da Amaz\u00f4nia brasileira, os vest\u00edgios [&hellip;]","og_url":"https:\/\/otca.org\/concursofotografico\/fotografia\/rio-terra-floresta\/","og_site_name":"Concurso Fotografico","og_image":[{"width":1250,"height":703,"url":"https:\/\/otca.org\/concursofotografico\/wp-content\/uploads\/2025\/01\/id049-Barbara-Faciola-Pessoa-Baleixe-da-Costa.jpg","type":"image\/jpeg"}],"twitter_card":"summary_large_image","twitter_misc":{"Est. tempo de leitura":"1 minuto"},"schema":{"@context":"https:\/\/schema.org","@graph":[{"@type":"WebPage","@id":"https:\/\/otca.org\/concursofotografico\/fotografia\/rio-terra-floresta\/","url":"https:\/\/otca.org\/concursofotografico\/fotografia\/rio-terra-floresta\/","name":"Rio-Terra-Floresta - Concurso Fotografico","isPartOf":{"@id":"https:\/\/otca.org\/concursofotografico\/#website"},"primaryImageOfPage":{"@id":"https:\/\/otca.org\/concursofotografico\/fotografia\/rio-terra-floresta\/#primaryimage"},"image":{"@id":"https:\/\/otca.org\/concursofotografico\/fotografia\/rio-terra-floresta\/#primaryimage"},"thumbnailUrl":"https:\/\/otca.org\/concursofotografico\/wp-content\/uploads\/2025\/01\/id049-Barbara-Faciola-Pessoa-Baleixe-da-Costa.jpg","datePublished":"2025-02-07T11:46:02+00:00","breadcrumb":{"@id":"https:\/\/otca.org\/concursofotografico\/fotografia\/rio-terra-floresta\/#breadcrumb"},"inLanguage":"pt-BR","potentialAction":[{"@type":"ReadAction","target":["https:\/\/otca.org\/concursofotografico\/fotografia\/rio-terra-floresta\/"]}]},{"@type":"ImageObject","inLanguage":"pt-BR","@id":"https:\/\/otca.org\/concursofotografico\/fotografia\/rio-terra-floresta\/#primaryimage","url":"https:\/\/otca.org\/concursofotografico\/wp-content\/uploads\/2025\/01\/id049-Barbara-Faciola-Pessoa-Baleixe-da-Costa.jpg","contentUrl":"https:\/\/otca.org\/concursofotografico\/wp-content\/uploads\/2025\/01\/id049-Barbara-Faciola-Pessoa-Baleixe-da-Costa.jpg","width":1250,"height":703,"caption":"id049 Barbara Faciola Pessoa Baleixe da Costa"},{"@type":"BreadcrumbList","@id":"https:\/\/otca.org\/concursofotografico\/fotografia\/rio-terra-floresta\/#breadcrumb","itemListElement":[{"@type":"ListItem","position":1,"name":"In\u00edcio","item":"https:\/\/otca.org\/concursofotografico\/"},{"@type":"ListItem","position":2,"name":"Rio-Terra-Floresta"}]},{"@type":"WebSite","@id":"https:\/\/otca.org\/concursofotografico\/#website","url":"https:\/\/otca.org\/concursofotografico\/","name":"Concurso Fotografico \"Por um mundo mais que humano\"","description":"","publisher":{"@id":"https:\/\/otca.org\/concursofotografico\/#organization"},"potentialAction":[{"@type":"SearchAction","target":{"@type":"EntryPoint","urlTemplate":"https:\/\/otca.org\/concursofotografico\/?s={search_term_string}"},"query-input":{"@type":"PropertyValueSpecification","valueRequired":true,"valueName":"search_term_string"}}],"inLanguage":"pt-BR"},{"@type":"Organization","@id":"https:\/\/otca.org\/concursofotografico\/#organization","name":"OTCA","url":"https:\/\/otca.org\/concursofotografico\/","logo":{"@type":"ImageObject","inLanguage":"pt-BR","@id":"https:\/\/otca.org\/concursofotografico\/#\/schema\/logo\/image\/","url":"https:\/\/otca.org\/concursofotografico\/wp-content\/uploads\/2024\/08\/logo-OTCA_PT.svg","contentUrl":"https:\/\/otca.org\/concursofotografico\/wp-content\/uploads\/2024\/08\/logo-OTCA_PT.svg","width":120,"height":50,"caption":"OTCA"},"image":{"@id":"https:\/\/otca.org\/concursofotografico\/#\/schema\/logo\/image\/"}}]}},"_links":{"self":[{"href":"https:\/\/otca.org\/concursofotografico\/wp-json\/wp\/v2\/fotografia\/809"}],"collection":[{"href":"https:\/\/otca.org\/concursofotografico\/wp-json\/wp\/v2\/fotografia"}],"about":[{"href":"https:\/\/otca.org\/concursofotografico\/wp-json\/wp\/v2\/types\/fotografia"}],"wp:featuredmedia":[{"embeddable":true,"href":"https:\/\/otca.org\/concursofotografico\/wp-json\/wp\/v2\/media\/636"}],"wp:attachment":[{"href":"https:\/\/otca.org\/concursofotografico\/wp-json\/wp\/v2\/media?parent=809"}],"wp:term":[{"taxonomy":"autor","embeddable":true,"href":"https:\/\/otca.org\/concursofotografico\/wp-json\/wp\/v2\/autor?post=809"},{"taxonomy":"etnia","embeddable":true,"href":"https:\/\/otca.org\/concursofotografico\/wp-json\/wp\/v2\/etnia?post=809"},{"taxonomy":"lugar","embeddable":true,"href":"https:\/\/otca.org\/concursofotografico\/wp-json\/wp\/v2\/lugar?post=809"},{"taxonomy":"pais","embeddable":true,"href":"https:\/\/otca.org\/concursofotografico\/wp-json\/wp\/v2\/pais?post=809"},{"taxonomy":"premio","embeddable":true,"href":"https:\/\/otca.org\/concursofotografico\/wp-json\/wp\/v2\/premio?post=809"},{"taxonomy":"tipo-de-fotografia","embeddable":true,"href":"https:\/\/otca.org\/concursofotografico\/wp-json\/wp\/v2\/tipo-de-fotografia?post=809"}],"curies":[{"name":"wp","href":"https:\/\/api.w.org\/{rel}","templated":true}]}}

<p>Nas águas barrentas dos rios da Amazônia brasileira, os vestígios de uma floresta inteira. Sedimentos em suspensão serpenteiam lonjuras, fecundam, e mudam margens de lugar. As águas param, antes da maré virar. E o açaí então reflete ocre – o açaí, que só dá onde o rio pode chegar.</p>

<!-- This site is optimized with the Yoast SEO plugin v24.4 - https://yoast.com/wordpress/plugins/seo/ -->
<title>Rio-Terra-Floresta - Concurso Fotografico</title>
<meta name="robots" content="index, follow, max-snippet:-1, max-image-preview:large, max-video-preview:-1" />
<link rel="canonical" href="https://otca.org/concursofotografico/fotografia/rio-terra-floresta/" />
<meta property="og:locale" content="pt_BR" />
<meta property="og:type" content="article" />
<meta property="og:title" content="Rio-Terra-Floresta - Concurso Fotografico" />
<meta property="og:description" content="Nas águas barrentas dos rios da Amazônia brasileira, os vestígios [&hellip;]" />
<meta property="og:url" content="https://otca.org/concursofotografico/fotografia/rio-terra-floresta/" />
<meta property="og:site_name" content="Concurso Fotografico" />
<meta property="og:image" content="https://otca.org/concursofotografico/wp-content/uploads/2025/01/id049-Barbara-Faciola-Pessoa-Baleixe-da-Costa.jpg" />
	<meta property="og:image:width" content="1250" />
	<meta property="og:image:height" content="703" />
	<meta property="og:image:type" content="image/jpeg" />
<meta name="twitter:card" content="summary_large_image" />
<meta name="twitter:label1" content="Est. tempo de leitura" />
	<meta name="twitter:data1" content="1 minuto" />
<script type="application/ld+json" class="yoast-schema-graph">{"@context":"https://schema.org","@graph":[{"@type":"WebPage","@id":"https://otca.org/concursofotografico/fotografia/rio-terra-floresta/","url":"https://otca.org/concursofotografico/fotografia/rio-terra-floresta/","name":"Rio-Terra-Floresta - Concurso Fotografico","isPartOf":{"@id":"https://otca.org/concursofotografico/#website"},"primaryImageOfPage":{"@id":"https://otca.org/concursofotografico/fotografia/rio-terra-floresta/#primaryimage"},"image":{"@id":"https://otca.org/concursofotografico/fotografia/rio-terra-floresta/#primaryimage"},"thumbnailUrl":"https://otca.org/concursofotografico/wp-content/uploads/2025/01/id049-Barbara-Faciola-Pessoa-Baleixe-da-Costa.jpg","datePublished":"2025-02-07T11:46:02+00:00","breadcrumb":{"@id":"https://otca.org/concursofotografico/fotografia/rio-terra-floresta/#breadcrumb"},"inLanguage":"pt-BR","potentialAction":[{"@type":"ReadAction","target":["https://otca.org/concursofotografico/fotografia/rio-terra-floresta/"]}]},{"@type":"ImageObject","inLanguage":"pt-BR","@id":"https://otca.org/concursofotografico/fotografia/rio-terra-floresta/#primaryimage","url":"https://otca.org/concursofotografico/wp-content/uploads/2025/01/id049-Barbara-Faciola-Pessoa-Baleixe-da-Costa.jpg","contentUrl":"https://otca.org/concursofotografico/wp-content/uploads/2025/01/id049-Barbara-Faciola-Pessoa-Baleixe-da-Costa.jpg","width":1250,"height":703,"caption":"id049 Barbara Faciola Pessoa Baleixe da Costa"},{"@type":"BreadcrumbList","@id":"https://otca.org/concursofotografico/fotografia/rio-terra-floresta/#breadcrumb","itemListElement":[{"@type":"ListItem","position":1,"name":"Início","item":"https://otca.org/concursofotografico/"},{"@type":"ListItem","position":2,"name":"Rio-Terra-Floresta"}]},{"@type":"WebSite","@id":"https://otca.org/concursofotografico/#website","url":"https://otca.org/concursofotografico/","name":"Concurso Fotografico \"Por um mundo mais que humano\"","description":"","publisher":{"@id":"https://otca.org/concursofotografico/#organization"},"potentialAction":[{"@type":"SearchAction","target":{"@type":"EntryPoint","urlTemplate":"https://otca.org/concursofotografico/?s={search_term_string}"},"query-input":{"@type":"PropertyValueSpecification","valueRequired":true,"valueName":"search_term_string"}}],"inLanguage":"pt-BR"},{"@type":"Organization","@id":"https://otca.org/concursofotografico/#organization","name":"OTCA","url":"https://otca.org/concursofotografico/","logo":{"@type":"ImageObject","inLanguage":"pt-BR","@id":"https://otca.org/concursofotografico/#/schema/logo/image/","url":"https://otca.org/concursofotografico/wp-content/uploads/2024/08/logo-OTCA_PT.svg","contentUrl":"https://otca.org/concursofotografico/wp-content/uploads/2024/08/logo-OTCA_PT.svg","width":120,"height":50,"caption":"OTCA"},"image":{"@id":"https://otca.org/concursofotografico/#/schema/logo/image/"}}]}</script>
<!-- / Yoast SEO plugin. -->

Nas águas barrentas dos rios da Amazônia brasileira, os vestígios [&hellip;]

Início
