{"id":822,"date":"2025-02-07T11:46:03","date_gmt":"2025-02-07T11:46:03","guid":{"rendered":"https:\/\/otca.org\/concursofotografico\/fotografia\/cultivando-e-monitorando-territorio\/"},"modified":"2025-02-07T11:46:03","modified_gmt":"2025-02-07T11:46:03","slug":"cultivando-e-monitorando-territorio","status":"publish","type":"fotografia","link":"https:\/\/otca.org\/concursofotografico\/fotografia\/cultivando-e-monitorando-territorio\/","title":{"rendered":"Cultivando e monitorando territ\u00f3rio"},"content":{"rendered":"<p>Mulher ind\u00edgena Ashaninka carrega cesta com mandioca no entorno da aldeia Apiwtxa no Acre, Brasil. Em parceria com os Ashaninka e os Yawanaw\u00e1, a Conserva\u00e7\u00e3o Internacional desenvolveu aplicativo de gest\u00e3o e monitoramento territorial que est\u00e1 virando refer\u00eancia internacional. Em 2023, homens e mulheres ind\u00edgenas guardi\u00f5es do territ\u00f3rio andam pela floresta para identificar amea\u00e7as e proteger suas terras com a utiliza\u00e7\u00e3o de aplicativos que foram constru\u00eddos de acordo com as demandas e especificidades de cada territ\u00f3rio tendo inclusive vers\u00e3o em l\u00ednguas nativas. Por meio do uso da tecnologia, \u00e9 poss\u00edvel identificar amea\u00e7as, realizar censo demogr\u00e1fico, mapear biodiversidade, atividades e cadeias produtivas, saberes origin\u00e1rios no espa\u00e7o geogr\u00e1fico, e mais. Todas as informa\u00e7\u00f5es coletadas no aplicativo s\u00e3o georreferenciadas e acompanhadas por registros de \u00e1udio e\/ou imagem.<\/p>\n","protected":false},"featured_media":648,"template":"","meta":{"_acf_changed":false},"autor":[208],"etnia":[],"lugar":[463,511],"pais":[87],"premio":[386],"tipo-de-fotografia":[71],"class_list":["post-822","fotografia","type-fotografia","status-publish","has-post-thumbnail","hentry","autor-flavio-forner-pt","lugar-acre","lugar-terra-indigena-kampa-do-rio-amonia-ac","pais-brasil-pt","premio-selecionada","tipo-de-fotografia-documental-pt"],"acf":[],"yoast_head":"<!-- This site is optimized with the Yoast SEO plugin v24.4 - https:\/\/yoast.com\/wordpress\/plugins\/seo\/ -->\n<title>Cultivando e monitorando territ\u00f3rio - Concurso Fotografico<\/title>\n<meta name=\"robots\" content=\"index, follow, max-snippet:-1, max-image-preview:large, max-video-preview:-1\" \/>\n<link rel=\"canonical\" href=\"https:\/\/otca.org\/concursofotografico\/fotografia\/cultivando-e-monitorando-territorio\/\" \/>\n<meta property=\"og:locale\" content=\"pt_BR\" \/>\n<meta property=\"og:type\" content=\"article\" \/>\n<meta property=\"og:title\" content=\"Cultivando e monitorando territ\u00f3rio - Concurso Fotografico\" \/>\n<meta property=\"og:description\" content=\"Mulher ind\u00edgena Ashaninka carrega cesta com mandioca no entorno da [&hellip;]\" \/>\n<meta property=\"og:url\" content=\"https:\/\/otca.org\/concursofotografico\/fotografia\/cultivando-e-monitorando-territorio\/\" \/>\n<meta property=\"og:site_name\" content=\"Concurso Fotografico\" \/>\n<meta property=\"og:image\" content=\"https:\/\/otca.org\/concursofotografico\/wp-content\/uploads\/2025\/01\/id062-Flavio-Forner.jpg\" \/>\n\t<meta property=\"og:image:width\" content=\"1250\" \/>\n\t<meta property=\"og:image:height\" content=\"833\" \/>\n\t<meta property=\"og:image:type\" content=\"image\/jpeg\" \/>\n<meta name=\"twitter:card\" content=\"summary_large_image\" \/>\n<meta name=\"twitter:label1\" content=\"Est. tempo de leitura\" \/>\n\t<meta name=\"twitter:data1\" content=\"1 minuto\" \/>\n<script type=\"application\/ld+json\" class=\"yoast-schema-graph\">{\"@context\":\"https:\/\/schema.org\",\"@graph\":[{\"@type\":\"WebPage\",\"@id\":\"https:\/\/otca.org\/concursofotografico\/fotografia\/cultivando-e-monitorando-territorio\/\",\"url\":\"https:\/\/otca.org\/concursofotografico\/fotografia\/cultivando-e-monitorando-territorio\/\",\"name\":\"Cultivando e monitorando territ\u00f3rio - Concurso Fotografico\",\"isPartOf\":{\"@id\":\"https:\/\/otca.org\/concursofotografico\/#website\"},\"primaryImageOfPage\":{\"@id\":\"https:\/\/otca.org\/concursofotografico\/fotografia\/cultivando-e-monitorando-territorio\/#primaryimage\"},\"image\":{\"@id\":\"https:\/\/otca.org\/concursofotografico\/fotografia\/cultivando-e-monitorando-territorio\/#primaryimage\"},\"thumbnailUrl\":\"https:\/\/otca.org\/concursofotografico\/wp-content\/uploads\/2025\/01\/id062-Flavio-Forner.jpg\",\"datePublished\":\"2025-02-07T11:46:03+00:00\",\"breadcrumb\":{\"@id\":\"https:\/\/otca.org\/concursofotografico\/fotografia\/cultivando-e-monitorando-territorio\/#breadcrumb\"},\"inLanguage\":\"pt-BR\",\"potentialAction\":[{\"@type\":\"ReadAction\",\"target\":[\"https:\/\/otca.org\/concursofotografico\/fotografia\/cultivando-e-monitorando-territorio\/\"]}]},{\"@type\":\"ImageObject\",\"inLanguage\":\"pt-BR\",\"@id\":\"https:\/\/otca.org\/concursofotografico\/fotografia\/cultivando-e-monitorando-territorio\/#primaryimage\",\"url\":\"https:\/\/otca.org\/concursofotografico\/wp-content\/uploads\/2025\/01\/id062-Flavio-Forner.jpg\",\"contentUrl\":\"https:\/\/otca.org\/concursofotografico\/wp-content\/uploads\/2025\/01\/id062-Flavio-Forner.jpg\",\"width\":1250,\"height\":833,\"caption\":\"id062 Flavio Forner\"},{\"@type\":\"BreadcrumbList\",\"@id\":\"https:\/\/otca.org\/concursofotografico\/fotografia\/cultivando-e-monitorando-territorio\/#breadcrumb\",\"itemListElement\":[{\"@type\":\"ListItem\",\"position\":1,\"name\":\"In\u00edcio\",\"item\":\"https:\/\/otca.org\/concursofotografico\/\"},{\"@type\":\"ListItem\",\"position\":2,\"name\":\"Cultivando e monitorando territ\u00f3rio\"}]},{\"@type\":\"WebSite\",\"@id\":\"https:\/\/otca.org\/concursofotografico\/#website\",\"url\":\"https:\/\/otca.org\/concursofotografico\/\",\"name\":\"Concurso Fotografico \\\"Por um mundo mais que humano\\\"\",\"description\":\"\",\"publisher\":{\"@id\":\"https:\/\/otca.org\/concursofotografico\/#organization\"},\"potentialAction\":[{\"@type\":\"SearchAction\",\"target\":{\"@type\":\"EntryPoint\",\"urlTemplate\":\"https:\/\/otca.org\/concursofotografico\/?s={search_term_string}\"},\"query-input\":{\"@type\":\"PropertyValueSpecification\",\"valueRequired\":true,\"valueName\":\"search_term_string\"}}],\"inLanguage\":\"pt-BR\"},{\"@type\":\"Organization\",\"@id\":\"https:\/\/otca.org\/concursofotografico\/#organization\",\"name\":\"OTCA\",\"url\":\"https:\/\/otca.org\/concursofotografico\/\",\"logo\":{\"@type\":\"ImageObject\",\"inLanguage\":\"pt-BR\",\"@id\":\"https:\/\/otca.org\/concursofotografico\/#\/schema\/logo\/image\/\",\"url\":\"https:\/\/otca.org\/concursofotografico\/wp-content\/uploads\/2024\/08\/logo-OTCA_PT.svg\",\"contentUrl\":\"https:\/\/otca.org\/concursofotografico\/wp-content\/uploads\/2024\/08\/logo-OTCA_PT.svg\",\"width\":120,\"height\":50,\"caption\":\"OTCA\"},\"image\":{\"@id\":\"https:\/\/otca.org\/concursofotografico\/#\/schema\/logo\/image\/\"}}]}<\/script>\n<!-- \/ Yoast SEO plugin. -->","yoast_head_json":{"title":"Cultivando e monitorando territ\u00f3rio - Concurso Fotografico","robots":{"index":"index","follow":"follow","max-snippet":"max-snippet:-1","max-image-preview":"max-image-preview:large","max-video-preview":"max-video-preview:-1"},"canonical":"https:\/\/otca.org\/concursofotografico\/fotografia\/cultivando-e-monitorando-territorio\/","og_locale":"pt_BR","og_type":"article","og_title":"Cultivando e monitorando territ\u00f3rio - Concurso Fotografico","og_description":"Mulher ind\u00edgena Ashaninka carrega cesta com mandioca no entorno da [&hellip;]","og_url":"https:\/\/otca.org\/concursofotografico\/fotografia\/cultivando-e-monitorando-territorio\/","og_site_name":"Concurso Fotografico","og_image":[{"width":1250,"height":833,"url":"https:\/\/otca.org\/concursofotografico\/wp-content\/uploads\/2025\/01\/id062-Flavio-Forner.jpg","type":"image\/jpeg"}],"twitter_card":"summary_large_image","twitter_misc":{"Est. tempo de leitura":"1 minuto"},"schema":{"@context":"https:\/\/schema.org","@graph":[{"@type":"WebPage","@id":"https:\/\/otca.org\/concursofotografico\/fotografia\/cultivando-e-monitorando-territorio\/","url":"https:\/\/otca.org\/concursofotografico\/fotografia\/cultivando-e-monitorando-territorio\/","name":"Cultivando e monitorando territ\u00f3rio - Concurso Fotografico","isPartOf":{"@id":"https:\/\/otca.org\/concursofotografico\/#website"},"primaryImageOfPage":{"@id":"https:\/\/otca.org\/concursofotografico\/fotografia\/cultivando-e-monitorando-territorio\/#primaryimage"},"image":{"@id":"https:\/\/otca.org\/concursofotografico\/fotografia\/cultivando-e-monitorando-territorio\/#primaryimage"},"thumbnailUrl":"https:\/\/otca.org\/concursofotografico\/wp-content\/uploads\/2025\/01\/id062-Flavio-Forner.jpg","datePublished":"2025-02-07T11:46:03+00:00","breadcrumb":{"@id":"https:\/\/otca.org\/concursofotografico\/fotografia\/cultivando-e-monitorando-territorio\/#breadcrumb"},"inLanguage":"pt-BR","potentialAction":[{"@type":"ReadAction","target":["https:\/\/otca.org\/concursofotografico\/fotografia\/cultivando-e-monitorando-territorio\/"]}]},{"@type":"ImageObject","inLanguage":"pt-BR","@id":"https:\/\/otca.org\/concursofotografico\/fotografia\/cultivando-e-monitorando-territorio\/#primaryimage","url":"https:\/\/otca.org\/concursofotografico\/wp-content\/uploads\/2025\/01\/id062-Flavio-Forner.jpg","contentUrl":"https:\/\/otca.org\/concursofotografico\/wp-content\/uploads\/2025\/01\/id062-Flavio-Forner.jpg","width":1250,"height":833,"caption":"id062 Flavio Forner"},{"@type":"BreadcrumbList","@id":"https:\/\/otca.org\/concursofotografico\/fotografia\/cultivando-e-monitorando-territorio\/#breadcrumb","itemListElement":[{"@type":"ListItem","position":1,"name":"In\u00edcio","item":"https:\/\/otca.org\/concursofotografico\/"},{"@type":"ListItem","position":2,"name":"Cultivando e monitorando territ\u00f3rio"}]},{"@type":"WebSite","@id":"https:\/\/otca.org\/concursofotografico\/#website","url":"https:\/\/otca.org\/concursofotografico\/","name":"Concurso Fotografico \"Por um mundo mais que humano\"","description":"","publisher":{"@id":"https:\/\/otca.org\/concursofotografico\/#organization"},"potentialAction":[{"@type":"SearchAction","target":{"@type":"EntryPoint","urlTemplate":"https:\/\/otca.org\/concursofotografico\/?s={search_term_string}"},"query-input":{"@type":"PropertyValueSpecification","valueRequired":true,"valueName":"search_term_string"}}],"inLanguage":"pt-BR"},{"@type":"Organization","@id":"https:\/\/otca.org\/concursofotografico\/#organization","name":"OTCA","url":"https:\/\/otca.org\/concursofotografico\/","logo":{"@type":"ImageObject","inLanguage":"pt-BR","@id":"https:\/\/otca.org\/concursofotografico\/#\/schema\/logo\/image\/","url":"https:\/\/otca.org\/concursofotografico\/wp-content\/uploads\/2024\/08\/logo-OTCA_PT.svg","contentUrl":"https:\/\/otca.org\/concursofotografico\/wp-content\/uploads\/2024\/08\/logo-OTCA_PT.svg","width":120,"height":50,"caption":"OTCA"},"image":{"@id":"https:\/\/otca.org\/concursofotografico\/#\/schema\/logo\/image\/"}}]}},"_links":{"self":[{"href":"https:\/\/otca.org\/concursofotografico\/wp-json\/wp\/v2\/fotografia\/822"}],"collection":[{"href":"https:\/\/otca.org\/concursofotografico\/wp-json\/wp\/v2\/fotografia"}],"about":[{"href":"https:\/\/otca.org\/concursofotografico\/wp-json\/wp\/v2\/types\/fotografia"}],"wp:featuredmedia":[{"embeddable":true,"href":"https:\/\/otca.org\/concursofotografico\/wp-json\/wp\/v2\/media\/648"}],"wp:attachment":[{"href":"https:\/\/otca.org\/concursofotografico\/wp-json\/wp\/v2\/media?parent=822"}],"wp:term":[{"taxonomy":"autor","embeddable":true,"href":"https:\/\/otca.org\/concursofotografico\/wp-json\/wp\/v2\/autor?post=822"},{"taxonomy":"etnia","embeddable":true,"href":"https:\/\/otca.org\/concursofotografico\/wp-json\/wp\/v2\/etnia?post=822"},{"taxonomy":"lugar","embeddable":true,"href":"https:\/\/otca.org\/concursofotografico\/wp-json\/wp\/v2\/lugar?post=822"},{"taxonomy":"pais","embeddable":true,"href":"https:\/\/otca.org\/concursofotografico\/wp-json\/wp\/v2\/pais?post=822"},{"taxonomy":"premio","embeddable":true,"href":"https:\/\/otca.org\/concursofotografico\/wp-json\/wp\/v2\/premio?post=822"},{"taxonomy":"tipo-de-fotografia","embeddable":true,"href":"https:\/\/otca.org\/concursofotografico\/wp-json\/wp\/v2\/tipo-de-fotografia?post=822"}],"curies":[{"name":"wp","href":"https:\/\/api.w.org\/{rel}","templated":true}]}}

Cultivando e monitorando território

<p>Mulher indígena Ashaninka carrega cesta com mandioca no entorno da aldeia Apiwtxa no Acre, Brasil. Em parceria com os Ashaninka e os Yawanawá, a Conservação Internacional desenvolveu aplicativo de gestão e monitoramento territorial que está virando referência internacional. Em 2023, homens e mulheres indígenas guardiões do território andam pela floresta para identificar ameaças e proteger suas terras com a utilização de aplicativos que foram construídos de acordo com as demandas e especificidades de cada território tendo inclusive versão em línguas nativas. Por meio do uso da tecnologia, é possível identificar ameaças, realizar censo demográfico, mapear biodiversidade, atividades e cadeias produtivas, saberes originários no espaço geográfico, e mais. Todas as informações coletadas no aplicativo são georreferenciadas e acompanhadas por registros de áudio e/ou imagem.</p>

<!-- This site is optimized with the Yoast SEO plugin v24.4 - https://yoast.com/wordpress/plugins/seo/ -->
<title>Cultivando e monitorando território - Concurso Fotografico</title>
<meta name="robots" content="index, follow, max-snippet:-1, max-image-preview:large, max-video-preview:-1" />
<link rel="canonical" href="https://otca.org/concursofotografico/fotografia/cultivando-e-monitorando-territorio/" />
<meta property="og:locale" content="pt_BR" />
<meta property="og:type" content="article" />
<meta property="og:title" content="Cultivando e monitorando território - Concurso Fotografico" />
<meta property="og:description" content="Mulher indígena Ashaninka carrega cesta com mandioca no entorno da [&hellip;]" />
<meta property="og:url" content="https://otca.org/concursofotografico/fotografia/cultivando-e-monitorando-territorio/" />
<meta property="og:site_name" content="Concurso Fotografico" />
<meta property="og:image" content="https://otca.org/concursofotografico/wp-content/uploads/2025/01/id062-Flavio-Forner.jpg" />
	<meta property="og:image:width" content="1250" />
	<meta property="og:image:height" content="833" />
	<meta property="og:image:type" content="image/jpeg" />
<meta name="twitter:card" content="summary_large_image" />
<meta name="twitter:label1" content="Est. tempo de leitura" />
	<meta name="twitter:data1" content="1 minuto" />
<script type="application/ld+json" class="yoast-schema-graph">{"@context":"https://schema.org","@graph":[{"@type":"WebPage","@id":"https://otca.org/concursofotografico/fotografia/cultivando-e-monitorando-territorio/","url":"https://otca.org/concursofotografico/fotografia/cultivando-e-monitorando-territorio/","name":"Cultivando e monitorando território - Concurso Fotografico","isPartOf":{"@id":"https://otca.org/concursofotografico/#website"},"primaryImageOfPage":{"@id":"https://otca.org/concursofotografico/fotografia/cultivando-e-monitorando-territorio/#primaryimage"},"image":{"@id":"https://otca.org/concursofotografico/fotografia/cultivando-e-monitorando-territorio/#primaryimage"},"thumbnailUrl":"https://otca.org/concursofotografico/wp-content/uploads/2025/01/id062-Flavio-Forner.jpg","datePublished":"2025-02-07T11:46:03+00:00","breadcrumb":{"@id":"https://otca.org/concursofotografico/fotografia/cultivando-e-monitorando-territorio/#breadcrumb"},"inLanguage":"pt-BR","potentialAction":[{"@type":"ReadAction","target":["https://otca.org/concursofotografico/fotografia/cultivando-e-monitorando-territorio/"]}]},{"@type":"ImageObject","inLanguage":"pt-BR","@id":"https://otca.org/concursofotografico/fotografia/cultivando-e-monitorando-territorio/#primaryimage","url":"https://otca.org/concursofotografico/wp-content/uploads/2025/01/id062-Flavio-Forner.jpg","contentUrl":"https://otca.org/concursofotografico/wp-content/uploads/2025/01/id062-Flavio-Forner.jpg","width":1250,"height":833,"caption":"id062 Flavio Forner"},{"@type":"BreadcrumbList","@id":"https://otca.org/concursofotografico/fotografia/cultivando-e-monitorando-territorio/#breadcrumb","itemListElement":[{"@type":"ListItem","position":1,"name":"Início","item":"https://otca.org/concursofotografico/"},{"@type":"ListItem","position":2,"name":"Cultivando e monitorando território"}]},{"@type":"WebSite","@id":"https://otca.org/concursofotografico/#website","url":"https://otca.org/concursofotografico/","name":"Concurso Fotografico \"Por um mundo mais que humano\"","description":"","publisher":{"@id":"https://otca.org/concursofotografico/#organization"},"potentialAction":[{"@type":"SearchAction","target":{"@type":"EntryPoint","urlTemplate":"https://otca.org/concursofotografico/?s={search_term_string}"},"query-input":{"@type":"PropertyValueSpecification","valueRequired":true,"valueName":"search_term_string"}}],"inLanguage":"pt-BR"},{"@type":"Organization","@id":"https://otca.org/concursofotografico/#organization","name":"OTCA","url":"https://otca.org/concursofotografico/","logo":{"@type":"ImageObject","inLanguage":"pt-BR","@id":"https://otca.org/concursofotografico/#/schema/logo/image/","url":"https://otca.org/concursofotografico/wp-content/uploads/2024/08/logo-OTCA_PT.svg","contentUrl":"https://otca.org/concursofotografico/wp-content/uploads/2024/08/logo-OTCA_PT.svg","width":120,"height":50,"caption":"OTCA"},"image":{"@id":"https://otca.org/concursofotografico/#/schema/logo/image/"}}]}</script>
<!-- / Yoast SEO plugin. -->

Cultivando e monitorando território - Concurso Fotografico

Mulher indígena Ashaninka carrega cesta com mandioca no entorno da [&hellip;]

Início
