{"id":907,"date":"2025-02-07T11:45:54","date_gmt":"2025-02-07T11:45:54","guid":{"rendered":"https:\/\/otca.org\/concursofotografico\/?post_type=fotografia&#038;p=907"},"modified":"2025-02-07T11:45:54","modified_gmt":"2025-02-07T11:45:54","slug":"world-weaver","status":"publish","type":"fotografia","link":"https:\/\/otca.org\/concursofotografico\/en\/fotografia\/world-weaver\/","title":{"rendered":"World weaver"},"content":{"rendered":"<p>Sitting on the wooden floor of his grandson\u2019s house in the village, Apurin\u00e3 shaman Camilo Matoma inhales rap\u00e9 (awiri) with his mixikano, made from harpy eagle (Harpia harpyja) feathers. Rap\u00e9 is a mixture of tobacco leaves (grown in small plots) with ashes from the bark of a tree species (akut\u00e3ta) that inhabits the terra firme forests of the Middle Purus region. Used in rituals by shamans along with coca leaves (Erythroxylum sp.), the everyday use of rap\u00e9 became common among youth during the struggle for Indigenous land demarcation in the 1990s. This ancestral alliance between people and (spirits of) tobacco is a two-way street. On one hand, it is a fascinating process of plant domestication; on the other, it activates the Apurin\u00e3&#8217;s &#8220;cosmopolitics&#8221; with the beings of the forest.<\/p>\n","protected":false},"featured_media":671,"template":"","meta":{"_acf_changed":false},"autor":[322],"etnia":[1074],"lugar":[675,731],"pais":[85],"premio":[390],"tipo-de-fotografia":[118],"class_list":["post-907","fotografia","type-fotografia","status-publish","has-post-thumbnail","hentry","autor-mario-rique-fernandes","etnia-apurina","lugar-pauini-am-en","lugar-state-of-amazonas","pais-brazil","premio-selected","tipo-de-fotografia-documentary"],"acf":[],"yoast_head":"<!-- This site is optimized with the Yoast SEO plugin v24.4 - https:\/\/yoast.com\/wordpress\/plugins\/seo\/ -->\n<title>World weaver - Concurso Fotografico<\/title>\n<meta name=\"robots\" content=\"index, follow, max-snippet:-1, max-image-preview:large, max-video-preview:-1\" \/>\n<link rel=\"canonical\" href=\"https:\/\/otca.org\/concursofotografico\/en\/fotografia\/world-weaver\/\" \/>\n<meta property=\"og:locale\" content=\"pt_BR\" \/>\n<meta property=\"og:type\" content=\"article\" \/>\n<meta property=\"og:title\" content=\"World weaver - Concurso Fotografico\" \/>\n<meta property=\"og:description\" content=\"Sitting on the wooden floor of his grandson\u2019s house in [&hellip;]\" \/>\n<meta property=\"og:url\" content=\"https:\/\/otca.org\/concursofotografico\/en\/fotografia\/world-weaver\/\" \/>\n<meta property=\"og:site_name\" content=\"Concurso Fotografico\" \/>\n<meta property=\"og:image\" content=\"https:\/\/otca.org\/concursofotografico\/wp-content\/uploads\/2025\/01\/id095-Mario-Rique-Fernandes.jpg\" \/>\n\t<meta property=\"og:image:width\" content=\"1250\" \/>\n\t<meta property=\"og:image:height\" content=\"1250\" \/>\n\t<meta property=\"og:image:type\" content=\"image\/jpeg\" \/>\n<meta name=\"twitter:card\" content=\"summary_large_image\" \/>\n<meta name=\"twitter:label1\" content=\"Est. tempo de leitura\" \/>\n\t<meta name=\"twitter:data1\" content=\"1 minuto\" \/>\n<script type=\"application\/ld+json\" class=\"yoast-schema-graph\">{\"@context\":\"https:\/\/schema.org\",\"@graph\":[{\"@type\":\"WebPage\",\"@id\":\"https:\/\/otca.org\/concursofotografico\/en\/fotografia\/world-weaver\/\",\"url\":\"https:\/\/otca.org\/concursofotografico\/en\/fotografia\/world-weaver\/\",\"name\":\"World weaver - Concurso Fotografico\",\"isPartOf\":{\"@id\":\"https:\/\/otca.org\/concursofotografico\/#website\"},\"primaryImageOfPage\":{\"@id\":\"https:\/\/otca.org\/concursofotografico\/en\/fotografia\/world-weaver\/#primaryimage\"},\"image\":{\"@id\":\"https:\/\/otca.org\/concursofotografico\/en\/fotografia\/world-weaver\/#primaryimage\"},\"thumbnailUrl\":\"https:\/\/otca.org\/concursofotografico\/wp-content\/uploads\/2025\/01\/id095-Mario-Rique-Fernandes.jpg\",\"datePublished\":\"2025-02-07T11:45:54+00:00\",\"breadcrumb\":{\"@id\":\"https:\/\/otca.org\/concursofotografico\/en\/fotografia\/world-weaver\/#breadcrumb\"},\"inLanguage\":\"pt-BR\",\"potentialAction\":[{\"@type\":\"ReadAction\",\"target\":[\"https:\/\/otca.org\/concursofotografico\/en\/fotografia\/world-weaver\/\"]}]},{\"@type\":\"ImageObject\",\"inLanguage\":\"pt-BR\",\"@id\":\"https:\/\/otca.org\/concursofotografico\/en\/fotografia\/world-weaver\/#primaryimage\",\"url\":\"https:\/\/otca.org\/concursofotografico\/wp-content\/uploads\/2025\/01\/id095-Mario-Rique-Fernandes.jpg\",\"contentUrl\":\"https:\/\/otca.org\/concursofotografico\/wp-content\/uploads\/2025\/01\/id095-Mario-Rique-Fernandes.jpg\",\"width\":1250,\"height\":1250,\"caption\":\"id095 Mario Rique Fernandes\"},{\"@type\":\"BreadcrumbList\",\"@id\":\"https:\/\/otca.org\/concursofotografico\/en\/fotografia\/world-weaver\/#breadcrumb\",\"itemListElement\":[{\"@type\":\"ListItem\",\"position\":1,\"name\":\"In\u00edcio\",\"item\":\"https:\/\/otca.org\/concursofotografico\/\"},{\"@type\":\"ListItem\",\"position\":2,\"name\":\"World weaver\"}]},{\"@type\":\"WebSite\",\"@id\":\"https:\/\/otca.org\/concursofotografico\/#website\",\"url\":\"https:\/\/otca.org\/concursofotografico\/\",\"name\":\"Concurso Fotografico \\\"Por um mundo mais que humano\\\"\",\"description\":\"\",\"publisher\":{\"@id\":\"https:\/\/otca.org\/concursofotografico\/#organization\"},\"potentialAction\":[{\"@type\":\"SearchAction\",\"target\":{\"@type\":\"EntryPoint\",\"urlTemplate\":\"https:\/\/otca.org\/concursofotografico\/?s={search_term_string}\"},\"query-input\":{\"@type\":\"PropertyValueSpecification\",\"valueRequired\":true,\"valueName\":\"search_term_string\"}}],\"inLanguage\":\"pt-BR\"},{\"@type\":\"Organization\",\"@id\":\"https:\/\/otca.org\/concursofotografico\/#organization\",\"name\":\"OTCA\",\"url\":\"https:\/\/otca.org\/concursofotografico\/\",\"logo\":{\"@type\":\"ImageObject\",\"inLanguage\":\"pt-BR\",\"@id\":\"https:\/\/otca.org\/concursofotografico\/#\/schema\/logo\/image\/\",\"url\":\"https:\/\/otca.org\/concursofotografico\/wp-content\/uploads\/2024\/08\/logo-OTCA_PT.svg\",\"contentUrl\":\"https:\/\/otca.org\/concursofotografico\/wp-content\/uploads\/2024\/08\/logo-OTCA_PT.svg\",\"width\":120,\"height\":50,\"caption\":\"OTCA\"},\"image\":{\"@id\":\"https:\/\/otca.org\/concursofotografico\/#\/schema\/logo\/image\/\"}}]}<\/script>\n<!-- \/ Yoast SEO plugin. -->","yoast_head_json":{"title":"World weaver - Concurso Fotografico","robots":{"index":"index","follow":"follow","max-snippet":"max-snippet:-1","max-image-preview":"max-image-preview:large","max-video-preview":"max-video-preview:-1"},"canonical":"https:\/\/otca.org\/concursofotografico\/en\/fotografia\/world-weaver\/","og_locale":"pt_BR","og_type":"article","og_title":"World weaver - Concurso Fotografico","og_description":"Sitting on the wooden floor of his grandson\u2019s house in [&hellip;]","og_url":"https:\/\/otca.org\/concursofotografico\/en\/fotografia\/world-weaver\/","og_site_name":"Concurso Fotografico","og_image":[{"width":1250,"height":1250,"url":"https:\/\/otca.org\/concursofotografico\/wp-content\/uploads\/2025\/01\/id095-Mario-Rique-Fernandes.jpg","type":"image\/jpeg"}],"twitter_card":"summary_large_image","twitter_misc":{"Est. tempo de leitura":"1 minuto"},"schema":{"@context":"https:\/\/schema.org","@graph":[{"@type":"WebPage","@id":"https:\/\/otca.org\/concursofotografico\/en\/fotografia\/world-weaver\/","url":"https:\/\/otca.org\/concursofotografico\/en\/fotografia\/world-weaver\/","name":"World weaver - Concurso Fotografico","isPartOf":{"@id":"https:\/\/otca.org\/concursofotografico\/#website"},"primaryImageOfPage":{"@id":"https:\/\/otca.org\/concursofotografico\/en\/fotografia\/world-weaver\/#primaryimage"},"image":{"@id":"https:\/\/otca.org\/concursofotografico\/en\/fotografia\/world-weaver\/#primaryimage"},"thumbnailUrl":"https:\/\/otca.org\/concursofotografico\/wp-content\/uploads\/2025\/01\/id095-Mario-Rique-Fernandes.jpg","datePublished":"2025-02-07T11:45:54+00:00","breadcrumb":{"@id":"https:\/\/otca.org\/concursofotografico\/en\/fotografia\/world-weaver\/#breadcrumb"},"inLanguage":"pt-BR","potentialAction":[{"@type":"ReadAction","target":["https:\/\/otca.org\/concursofotografico\/en\/fotografia\/world-weaver\/"]}]},{"@type":"ImageObject","inLanguage":"pt-BR","@id":"https:\/\/otca.org\/concursofotografico\/en\/fotografia\/world-weaver\/#primaryimage","url":"https:\/\/otca.org\/concursofotografico\/wp-content\/uploads\/2025\/01\/id095-Mario-Rique-Fernandes.jpg","contentUrl":"https:\/\/otca.org\/concursofotografico\/wp-content\/uploads\/2025\/01\/id095-Mario-Rique-Fernandes.jpg","width":1250,"height":1250,"caption":"id095 Mario Rique Fernandes"},{"@type":"BreadcrumbList","@id":"https:\/\/otca.org\/concursofotografico\/en\/fotografia\/world-weaver\/#breadcrumb","itemListElement":[{"@type":"ListItem","position":1,"name":"In\u00edcio","item":"https:\/\/otca.org\/concursofotografico\/"},{"@type":"ListItem","position":2,"name":"World weaver"}]},{"@type":"WebSite","@id":"https:\/\/otca.org\/concursofotografico\/#website","url":"https:\/\/otca.org\/concursofotografico\/","name":"Concurso Fotografico \"Por um mundo mais que humano\"","description":"","publisher":{"@id":"https:\/\/otca.org\/concursofotografico\/#organization"},"potentialAction":[{"@type":"SearchAction","target":{"@type":"EntryPoint","urlTemplate":"https:\/\/otca.org\/concursofotografico\/?s={search_term_string}"},"query-input":{"@type":"PropertyValueSpecification","valueRequired":true,"valueName":"search_term_string"}}],"inLanguage":"pt-BR"},{"@type":"Organization","@id":"https:\/\/otca.org\/concursofotografico\/#organization","name":"OTCA","url":"https:\/\/otca.org\/concursofotografico\/","logo":{"@type":"ImageObject","inLanguage":"pt-BR","@id":"https:\/\/otca.org\/concursofotografico\/#\/schema\/logo\/image\/","url":"https:\/\/otca.org\/concursofotografico\/wp-content\/uploads\/2024\/08\/logo-OTCA_PT.svg","contentUrl":"https:\/\/otca.org\/concursofotografico\/wp-content\/uploads\/2024\/08\/logo-OTCA_PT.svg","width":120,"height":50,"caption":"OTCA"},"image":{"@id":"https:\/\/otca.org\/concursofotografico\/#\/schema\/logo\/image\/"}}]}},"_links":{"self":[{"href":"https:\/\/otca.org\/concursofotografico\/wp-json\/wp\/v2\/fotografia\/907"}],"collection":[{"href":"https:\/\/otca.org\/concursofotografico\/wp-json\/wp\/v2\/fotografia"}],"about":[{"href":"https:\/\/otca.org\/concursofotografico\/wp-json\/wp\/v2\/types\/fotografia"}],"wp:featuredmedia":[{"embeddable":true,"href":"https:\/\/otca.org\/concursofotografico\/wp-json\/wp\/v2\/media\/671"}],"wp:attachment":[{"href":"https:\/\/otca.org\/concursofotografico\/wp-json\/wp\/v2\/media?parent=907"}],"wp:term":[{"taxonomy":"autor","embeddable":true,"href":"https:\/\/otca.org\/concursofotografico\/wp-json\/wp\/v2\/autor?post=907"},{"taxonomy":"etnia","embeddable":true,"href":"https:\/\/otca.org\/concursofotografico\/wp-json\/wp\/v2\/etnia?post=907"},{"taxonomy":"lugar","embeddable":true,"href":"https:\/\/otca.org\/concursofotografico\/wp-json\/wp\/v2\/lugar?post=907"},{"taxonomy":"pais","embeddable":true,"href":"https:\/\/otca.org\/concursofotografico\/wp-json\/wp\/v2\/pais?post=907"},{"taxonomy":"premio","embeddable":true,"href":"https:\/\/otca.org\/concursofotografico\/wp-json\/wp\/v2\/premio?post=907"},{"taxonomy":"tipo-de-fotografia","embeddable":true,"href":"https:\/\/otca.org\/concursofotografico\/wp-json\/wp\/v2\/tipo-de-fotografia?post=907"}],"curies":[{"name":"wp","href":"https:\/\/api.w.org\/{rel}","templated":true}]}}

<p>Sitting on the wooden floor of his grandson’s house in the village, Apurinã shaman Camilo Matoma inhales rapé (awiri) with his mixikano, made from harpy eagle (Harpia harpyja) feathers. Rapé is a mixture of tobacco leaves (grown in small plots) with ashes from the bark of a tree species (akutãta) that inhabits the terra firme forests of the Middle Purus region. Used in rituals by shamans along with coca leaves (Erythroxylum sp.), the everyday use of rapé became common among youth during the struggle for Indigenous land demarcation in the 1990s. This ancestral alliance between people and (spirits of) tobacco is a two-way street. On one hand, it is a fascinating process of plant domestication; on the other, it activates the Apurinã&#8217;s &#8220;cosmopolitics&#8221; with the beings of the forest.</p>

<!-- This site is optimized with the Yoast SEO plugin v24.4 - https://yoast.com/wordpress/plugins/seo/ -->
<title>World weaver - Concurso Fotografico</title>
<meta name="robots" content="index, follow, max-snippet:-1, max-image-preview:large, max-video-preview:-1" />
<link rel="canonical" href="https://otca.org/concursofotografico/en/fotografia/world-weaver/" />
<meta property="og:locale" content="pt_BR" />
<meta property="og:type" content="article" />
<meta property="og:title" content="World weaver - Concurso Fotografico" />
<meta property="og:description" content="Sitting on the wooden floor of his grandson’s house in [&hellip;]" />
<meta property="og:url" content="https://otca.org/concursofotografico/en/fotografia/world-weaver/" />
<meta property="og:site_name" content="Concurso Fotografico" />
<meta property="og:image" content="https://otca.org/concursofotografico/wp-content/uploads/2025/01/id095-Mario-Rique-Fernandes.jpg" />
	<meta property="og:image:width" content="1250" />
	<meta property="og:image:height" content="1250" />
	<meta property="og:image:type" content="image/jpeg" />
<meta name="twitter:card" content="summary_large_image" />
<meta name="twitter:label1" content="Est. tempo de leitura" />
	<meta name="twitter:data1" content="1 minuto" />
<script type="application/ld+json" class="yoast-schema-graph">{"@context":"https://schema.org","@graph":[{"@type":"WebPage","@id":"https://otca.org/concursofotografico/en/fotografia/world-weaver/","url":"https://otca.org/concursofotografico/en/fotografia/world-weaver/","name":"World weaver - Concurso Fotografico","isPartOf":{"@id":"https://otca.org/concursofotografico/#website"},"primaryImageOfPage":{"@id":"https://otca.org/concursofotografico/en/fotografia/world-weaver/#primaryimage"},"image":{"@id":"https://otca.org/concursofotografico/en/fotografia/world-weaver/#primaryimage"},"thumbnailUrl":"https://otca.org/concursofotografico/wp-content/uploads/2025/01/id095-Mario-Rique-Fernandes.jpg","datePublished":"2025-02-07T11:45:54+00:00","breadcrumb":{"@id":"https://otca.org/concursofotografico/en/fotografia/world-weaver/#breadcrumb"},"inLanguage":"pt-BR","potentialAction":[{"@type":"ReadAction","target":["https://otca.org/concursofotografico/en/fotografia/world-weaver/"]}]},{"@type":"ImageObject","inLanguage":"pt-BR","@id":"https://otca.org/concursofotografico/en/fotografia/world-weaver/#primaryimage","url":"https://otca.org/concursofotografico/wp-content/uploads/2025/01/id095-Mario-Rique-Fernandes.jpg","contentUrl":"https://otca.org/concursofotografico/wp-content/uploads/2025/01/id095-Mario-Rique-Fernandes.jpg","width":1250,"height":1250,"caption":"id095 Mario Rique Fernandes"},{"@type":"BreadcrumbList","@id":"https://otca.org/concursofotografico/en/fotografia/world-weaver/#breadcrumb","itemListElement":[{"@type":"ListItem","position":1,"name":"Início","item":"https://otca.org/concursofotografico/"},{"@type":"ListItem","position":2,"name":"World weaver"}]},{"@type":"WebSite","@id":"https://otca.org/concursofotografico/#website","url":"https://otca.org/concursofotografico/","name":"Concurso Fotografico \"Por um mundo mais que humano\"","description":"","publisher":{"@id":"https://otca.org/concursofotografico/#organization"},"potentialAction":[{"@type":"SearchAction","target":{"@type":"EntryPoint","urlTemplate":"https://otca.org/concursofotografico/?s={search_term_string}"},"query-input":{"@type":"PropertyValueSpecification","valueRequired":true,"valueName":"search_term_string"}}],"inLanguage":"pt-BR"},{"@type":"Organization","@id":"https://otca.org/concursofotografico/#organization","name":"OTCA","url":"https://otca.org/concursofotografico/","logo":{"@type":"ImageObject","inLanguage":"pt-BR","@id":"https://otca.org/concursofotografico/#/schema/logo/image/","url":"https://otca.org/concursofotografico/wp-content/uploads/2024/08/logo-OTCA_PT.svg","contentUrl":"https://otca.org/concursofotografico/wp-content/uploads/2024/08/logo-OTCA_PT.svg","width":120,"height":50,"caption":"OTCA"},"image":{"@id":"https://otca.org/concursofotografico/#/schema/logo/image/"}}]}</script>
<!-- / Yoast SEO plugin. -->

Início
