{"id":908,"date":"2025-02-07T11:45:54","date_gmt":"2025-02-07T11:45:54","guid":{"rendered":"https:\/\/otca.org\/concursofotografico\/?post_type=fotografia&#038;p=908"},"modified":"2025-02-07T11:45:54","modified_gmt":"2025-02-07T11:45:54","slug":"mujeres-tierra","status":"publish","type":"fotografia","link":"https:\/\/otca.org\/concursofotografico\/es\/fotografia\/mujeres-tierra\/","title":{"rendered":"Mujeres-tierra"},"content":{"rendered":"<p>Do\u00f1a Elza es una ind\u00edgena apurin\u00e3, uno de los pueblos que habitan desde hace siglos el r\u00edo Pur\u00fas Medio, en el estado de Amazonas, una de las zonas mejor conservadas de la Amazonia oriental brasile\u00f1a, hoy amenazada por el avance del \u00abarco de la deforestaci\u00f3n\u00bb. A punto de cumplir su centenario, do\u00f1a Elza conserva una fuerza y una memoria envidiables. Gran contadora de historias, se la considera la principal guardiana de la historia y los conocimientos ind\u00edgenas apurin\u00e3 de la regi\u00f3n. Guerrera de abolengo, su sonrisa expresa la dulce sabidur\u00eda de quien ha vivido toda su vida en la selva.<\/p>\n","protected":false},"featured_media":670,"template":"","meta":{"_acf_changed":false},"autor":[160],"etnia":[1078],"lugar":[729,673],"pais":[83],"premio":[388],"tipo-de-fotografia":[116],"class_list":["post-908","fotografia","type-fotografia","status-publish","has-post-thumbnail","hentry","autor-mario-rique-fernandes-es","etnia-apurina-es","lugar-estado-de-amazonas-es","lugar-pauini-am-es","pais-brasil-es","premio-seleccionada","tipo-de-fotografia-documental-es"],"acf":[],"yoast_head":"<!-- This site is optimized with the Yoast SEO plugin v24.4 - https:\/\/yoast.com\/wordpress\/plugins\/seo\/ -->\n<title>Mujeres-tierra - Concurso Fotografico<\/title>\n<meta name=\"robots\" content=\"index, follow, max-snippet:-1, max-image-preview:large, max-video-preview:-1\" \/>\n<link rel=\"canonical\" href=\"https:\/\/otca.org\/concursofotografico\/es\/fotografia\/mujeres-tierra\/\" \/>\n<meta property=\"og:locale\" content=\"pt_BR\" \/>\n<meta property=\"og:type\" content=\"article\" \/>\n<meta property=\"og:title\" content=\"Mujeres-tierra - Concurso Fotografico\" \/>\n<meta property=\"og:description\" content=\"Do\u00f1a Elza es una ind\u00edgena apurin\u00e3, uno de los pueblos [&hellip;]\" \/>\n<meta property=\"og:url\" content=\"https:\/\/otca.org\/concursofotografico\/es\/fotografia\/mujeres-tierra\/\" \/>\n<meta property=\"og:site_name\" content=\"Concurso Fotografico\" \/>\n<meta property=\"og:image\" content=\"https:\/\/otca.org\/concursofotografico\/wp-content\/uploads\/2025\/01\/id094-Mario-Rique-Fernandes.jpg\" \/>\n\t<meta property=\"og:image:width\" content=\"1250\" \/>\n\t<meta property=\"og:image:height\" content=\"938\" \/>\n\t<meta property=\"og:image:type\" content=\"image\/jpeg\" \/>\n<meta name=\"twitter:card\" content=\"summary_large_image\" \/>\n<meta name=\"twitter:label1\" content=\"Est. tempo de leitura\" \/>\n\t<meta name=\"twitter:data1\" content=\"1 minuto\" \/>\n<script type=\"application\/ld+json\" class=\"yoast-schema-graph\">{\"@context\":\"https:\/\/schema.org\",\"@graph\":[{\"@type\":\"WebPage\",\"@id\":\"https:\/\/otca.org\/concursofotografico\/es\/fotografia\/mujeres-tierra\/\",\"url\":\"https:\/\/otca.org\/concursofotografico\/es\/fotografia\/mujeres-tierra\/\",\"name\":\"Mujeres-tierra - Concurso Fotografico\",\"isPartOf\":{\"@id\":\"https:\/\/otca.org\/concursofotografico\/#website\"},\"primaryImageOfPage\":{\"@id\":\"https:\/\/otca.org\/concursofotografico\/es\/fotografia\/mujeres-tierra\/#primaryimage\"},\"image\":{\"@id\":\"https:\/\/otca.org\/concursofotografico\/es\/fotografia\/mujeres-tierra\/#primaryimage\"},\"thumbnailUrl\":\"https:\/\/otca.org\/concursofotografico\/wp-content\/uploads\/2025\/01\/id094-Mario-Rique-Fernandes.jpg\",\"datePublished\":\"2025-02-07T11:45:54+00:00\",\"breadcrumb\":{\"@id\":\"https:\/\/otca.org\/concursofotografico\/es\/fotografia\/mujeres-tierra\/#breadcrumb\"},\"inLanguage\":\"pt-BR\",\"potentialAction\":[{\"@type\":\"ReadAction\",\"target\":[\"https:\/\/otca.org\/concursofotografico\/es\/fotografia\/mujeres-tierra\/\"]}]},{\"@type\":\"ImageObject\",\"inLanguage\":\"pt-BR\",\"@id\":\"https:\/\/otca.org\/concursofotografico\/es\/fotografia\/mujeres-tierra\/#primaryimage\",\"url\":\"https:\/\/otca.org\/concursofotografico\/wp-content\/uploads\/2025\/01\/id094-Mario-Rique-Fernandes.jpg\",\"contentUrl\":\"https:\/\/otca.org\/concursofotografico\/wp-content\/uploads\/2025\/01\/id094-Mario-Rique-Fernandes.jpg\",\"width\":1250,\"height\":938,\"caption\":\"id094 Mario Rique Fernandes\"},{\"@type\":\"BreadcrumbList\",\"@id\":\"https:\/\/otca.org\/concursofotografico\/es\/fotografia\/mujeres-tierra\/#breadcrumb\",\"itemListElement\":[{\"@type\":\"ListItem\",\"position\":1,\"name\":\"In\u00edcio\",\"item\":\"https:\/\/otca.org\/concursofotografico\/\"},{\"@type\":\"ListItem\",\"position\":2,\"name\":\"Mujeres-tierra\"}]},{\"@type\":\"WebSite\",\"@id\":\"https:\/\/otca.org\/concursofotografico\/#website\",\"url\":\"https:\/\/otca.org\/concursofotografico\/\",\"name\":\"Concurso Fotografico \\\"Por um mundo mais que humano\\\"\",\"description\":\"\",\"publisher\":{\"@id\":\"https:\/\/otca.org\/concursofotografico\/#organization\"},\"potentialAction\":[{\"@type\":\"SearchAction\",\"target\":{\"@type\":\"EntryPoint\",\"urlTemplate\":\"https:\/\/otca.org\/concursofotografico\/?s={search_term_string}\"},\"query-input\":{\"@type\":\"PropertyValueSpecification\",\"valueRequired\":true,\"valueName\":\"search_term_string\"}}],\"inLanguage\":\"pt-BR\"},{\"@type\":\"Organization\",\"@id\":\"https:\/\/otca.org\/concursofotografico\/#organization\",\"name\":\"OTCA\",\"url\":\"https:\/\/otca.org\/concursofotografico\/\",\"logo\":{\"@type\":\"ImageObject\",\"inLanguage\":\"pt-BR\",\"@id\":\"https:\/\/otca.org\/concursofotografico\/#\/schema\/logo\/image\/\",\"url\":\"https:\/\/otca.org\/concursofotografico\/wp-content\/uploads\/2024\/08\/logo-OTCA_PT.svg\",\"contentUrl\":\"https:\/\/otca.org\/concursofotografico\/wp-content\/uploads\/2024\/08\/logo-OTCA_PT.svg\",\"width\":120,\"height\":50,\"caption\":\"OTCA\"},\"image\":{\"@id\":\"https:\/\/otca.org\/concursofotografico\/#\/schema\/logo\/image\/\"}}]}<\/script>\n<!-- \/ Yoast SEO plugin. -->","yoast_head_json":{"title":"Mujeres-tierra - Concurso Fotografico","robots":{"index":"index","follow":"follow","max-snippet":"max-snippet:-1","max-image-preview":"max-image-preview:large","max-video-preview":"max-video-preview:-1"},"canonical":"https:\/\/otca.org\/concursofotografico\/es\/fotografia\/mujeres-tierra\/","og_locale":"pt_BR","og_type":"article","og_title":"Mujeres-tierra - Concurso Fotografico","og_description":"Do\u00f1a Elza es una ind\u00edgena apurin\u00e3, uno de los pueblos [&hellip;]","og_url":"https:\/\/otca.org\/concursofotografico\/es\/fotografia\/mujeres-tierra\/","og_site_name":"Concurso Fotografico","og_image":[{"width":1250,"height":938,"url":"https:\/\/otca.org\/concursofotografico\/wp-content\/uploads\/2025\/01\/id094-Mario-Rique-Fernandes.jpg","type":"image\/jpeg"}],"twitter_card":"summary_large_image","twitter_misc":{"Est. tempo de leitura":"1 minuto"},"schema":{"@context":"https:\/\/schema.org","@graph":[{"@type":"WebPage","@id":"https:\/\/otca.org\/concursofotografico\/es\/fotografia\/mujeres-tierra\/","url":"https:\/\/otca.org\/concursofotografico\/es\/fotografia\/mujeres-tierra\/","name":"Mujeres-tierra - Concurso Fotografico","isPartOf":{"@id":"https:\/\/otca.org\/concursofotografico\/#website"},"primaryImageOfPage":{"@id":"https:\/\/otca.org\/concursofotografico\/es\/fotografia\/mujeres-tierra\/#primaryimage"},"image":{"@id":"https:\/\/otca.org\/concursofotografico\/es\/fotografia\/mujeres-tierra\/#primaryimage"},"thumbnailUrl":"https:\/\/otca.org\/concursofotografico\/wp-content\/uploads\/2025\/01\/id094-Mario-Rique-Fernandes.jpg","datePublished":"2025-02-07T11:45:54+00:00","breadcrumb":{"@id":"https:\/\/otca.org\/concursofotografico\/es\/fotografia\/mujeres-tierra\/#breadcrumb"},"inLanguage":"pt-BR","potentialAction":[{"@type":"ReadAction","target":["https:\/\/otca.org\/concursofotografico\/es\/fotografia\/mujeres-tierra\/"]}]},{"@type":"ImageObject","inLanguage":"pt-BR","@id":"https:\/\/otca.org\/concursofotografico\/es\/fotografia\/mujeres-tierra\/#primaryimage","url":"https:\/\/otca.org\/concursofotografico\/wp-content\/uploads\/2025\/01\/id094-Mario-Rique-Fernandes.jpg","contentUrl":"https:\/\/otca.org\/concursofotografico\/wp-content\/uploads\/2025\/01\/id094-Mario-Rique-Fernandes.jpg","width":1250,"height":938,"caption":"id094 Mario Rique Fernandes"},{"@type":"BreadcrumbList","@id":"https:\/\/otca.org\/concursofotografico\/es\/fotografia\/mujeres-tierra\/#breadcrumb","itemListElement":[{"@type":"ListItem","position":1,"name":"In\u00edcio","item":"https:\/\/otca.org\/concursofotografico\/"},{"@type":"ListItem","position":2,"name":"Mujeres-tierra"}]},{"@type":"WebSite","@id":"https:\/\/otca.org\/concursofotografico\/#website","url":"https:\/\/otca.org\/concursofotografico\/","name":"Concurso Fotografico \"Por um mundo mais que humano\"","description":"","publisher":{"@id":"https:\/\/otca.org\/concursofotografico\/#organization"},"potentialAction":[{"@type":"SearchAction","target":{"@type":"EntryPoint","urlTemplate":"https:\/\/otca.org\/concursofotografico\/?s={search_term_string}"},"query-input":{"@type":"PropertyValueSpecification","valueRequired":true,"valueName":"search_term_string"}}],"inLanguage":"pt-BR"},{"@type":"Organization","@id":"https:\/\/otca.org\/concursofotografico\/#organization","name":"OTCA","url":"https:\/\/otca.org\/concursofotografico\/","logo":{"@type":"ImageObject","inLanguage":"pt-BR","@id":"https:\/\/otca.org\/concursofotografico\/#\/schema\/logo\/image\/","url":"https:\/\/otca.org\/concursofotografico\/wp-content\/uploads\/2024\/08\/logo-OTCA_PT.svg","contentUrl":"https:\/\/otca.org\/concursofotografico\/wp-content\/uploads\/2024\/08\/logo-OTCA_PT.svg","width":120,"height":50,"caption":"OTCA"},"image":{"@id":"https:\/\/otca.org\/concursofotografico\/#\/schema\/logo\/image\/"}}]}},"_links":{"self":[{"href":"https:\/\/otca.org\/concursofotografico\/wp-json\/wp\/v2\/fotografia\/908"}],"collection":[{"href":"https:\/\/otca.org\/concursofotografico\/wp-json\/wp\/v2\/fotografia"}],"about":[{"href":"https:\/\/otca.org\/concursofotografico\/wp-json\/wp\/v2\/types\/fotografia"}],"wp:featuredmedia":[{"embeddable":true,"href":"https:\/\/otca.org\/concursofotografico\/wp-json\/wp\/v2\/media\/670"}],"wp:attachment":[{"href":"https:\/\/otca.org\/concursofotografico\/wp-json\/wp\/v2\/media?parent=908"}],"wp:term":[{"taxonomy":"autor","embeddable":true,"href":"https:\/\/otca.org\/concursofotografico\/wp-json\/wp\/v2\/autor?post=908"},{"taxonomy":"etnia","embeddable":true,"href":"https:\/\/otca.org\/concursofotografico\/wp-json\/wp\/v2\/etnia?post=908"},{"taxonomy":"lugar","embeddable":true,"href":"https:\/\/otca.org\/concursofotografico\/wp-json\/wp\/v2\/lugar?post=908"},{"taxonomy":"pais","embeddable":true,"href":"https:\/\/otca.org\/concursofotografico\/wp-json\/wp\/v2\/pais?post=908"},{"taxonomy":"premio","embeddable":true,"href":"https:\/\/otca.org\/concursofotografico\/wp-json\/wp\/v2\/premio?post=908"},{"taxonomy":"tipo-de-fotografia","embeddable":true,"href":"https:\/\/otca.org\/concursofotografico\/wp-json\/wp\/v2\/tipo-de-fotografia?post=908"}],"curies":[{"name":"wp","href":"https:\/\/api.w.org\/{rel}","templated":true}]}}

<p>Doña Elza es una indígena apurinã, uno de los pueblos que habitan desde hace siglos el río Purús Medio, en el estado de Amazonas, una de las zonas mejor conservadas de la Amazonia oriental brasileña, hoy amenazada por el avance del «arco de la deforestación». A punto de cumplir su centenario, doña Elza conserva una fuerza y una memoria envidiables. Gran contadora de historias, se la considera la principal guardiana de la historia y los conocimientos indígenas apurinã de la región. Guerrera de abolengo, su sonrisa expresa la dulce sabiduría de quien ha vivido toda su vida en la selva.</p>

<!-- This site is optimized with the Yoast SEO plugin v24.4 - https://yoast.com/wordpress/plugins/seo/ -->
<title>Mujeres-tierra - Concurso Fotografico</title>
<meta name="robots" content="index, follow, max-snippet:-1, max-image-preview:large, max-video-preview:-1" />
<link rel="canonical" href="https://otca.org/concursofotografico/es/fotografia/mujeres-tierra/" />
<meta property="og:locale" content="pt_BR" />
<meta property="og:type" content="article" />
<meta property="og:title" content="Mujeres-tierra - Concurso Fotografico" />
<meta property="og:description" content="Doña Elza es una indígena apurinã, uno de los pueblos [&hellip;]" />
<meta property="og:url" content="https://otca.org/concursofotografico/es/fotografia/mujeres-tierra/" />
<meta property="og:site_name" content="Concurso Fotografico" />
<meta property="og:image" content="https://otca.org/concursofotografico/wp-content/uploads/2025/01/id094-Mario-Rique-Fernandes.jpg" />
	<meta property="og:image:width" content="1250" />
	<meta property="og:image:height" content="938" />
	<meta property="og:image:type" content="image/jpeg" />
<meta name="twitter:card" content="summary_large_image" />
<meta name="twitter:label1" content="Est. tempo de leitura" />
	<meta name="twitter:data1" content="1 minuto" />
<script type="application/ld+json" class="yoast-schema-graph">{"@context":"https://schema.org","@graph":[{"@type":"WebPage","@id":"https://otca.org/concursofotografico/es/fotografia/mujeres-tierra/","url":"https://otca.org/concursofotografico/es/fotografia/mujeres-tierra/","name":"Mujeres-tierra - Concurso Fotografico","isPartOf":{"@id":"https://otca.org/concursofotografico/#website"},"primaryImageOfPage":{"@id":"https://otca.org/concursofotografico/es/fotografia/mujeres-tierra/#primaryimage"},"image":{"@id":"https://otca.org/concursofotografico/es/fotografia/mujeres-tierra/#primaryimage"},"thumbnailUrl":"https://otca.org/concursofotografico/wp-content/uploads/2025/01/id094-Mario-Rique-Fernandes.jpg","datePublished":"2025-02-07T11:45:54+00:00","breadcrumb":{"@id":"https://otca.org/concursofotografico/es/fotografia/mujeres-tierra/#breadcrumb"},"inLanguage":"pt-BR","potentialAction":[{"@type":"ReadAction","target":["https://otca.org/concursofotografico/es/fotografia/mujeres-tierra/"]}]},{"@type":"ImageObject","inLanguage":"pt-BR","@id":"https://otca.org/concursofotografico/es/fotografia/mujeres-tierra/#primaryimage","url":"https://otca.org/concursofotografico/wp-content/uploads/2025/01/id094-Mario-Rique-Fernandes.jpg","contentUrl":"https://otca.org/concursofotografico/wp-content/uploads/2025/01/id094-Mario-Rique-Fernandes.jpg","width":1250,"height":938,"caption":"id094 Mario Rique Fernandes"},{"@type":"BreadcrumbList","@id":"https://otca.org/concursofotografico/es/fotografia/mujeres-tierra/#breadcrumb","itemListElement":[{"@type":"ListItem","position":1,"name":"Início","item":"https://otca.org/concursofotografico/"},{"@type":"ListItem","position":2,"name":"Mujeres-tierra"}]},{"@type":"WebSite","@id":"https://otca.org/concursofotografico/#website","url":"https://otca.org/concursofotografico/","name":"Concurso Fotografico \"Por um mundo mais que humano\"","description":"","publisher":{"@id":"https://otca.org/concursofotografico/#organization"},"potentialAction":[{"@type":"SearchAction","target":{"@type":"EntryPoint","urlTemplate":"https://otca.org/concursofotografico/?s={search_term_string}"},"query-input":{"@type":"PropertyValueSpecification","valueRequired":true,"valueName":"search_term_string"}}],"inLanguage":"pt-BR"},{"@type":"Organization","@id":"https://otca.org/concursofotografico/#organization","name":"OTCA","url":"https://otca.org/concursofotografico/","logo":{"@type":"ImageObject","inLanguage":"pt-BR","@id":"https://otca.org/concursofotografico/#/schema/logo/image/","url":"https://otca.org/concursofotografico/wp-content/uploads/2024/08/logo-OTCA_PT.svg","contentUrl":"https://otca.org/concursofotografico/wp-content/uploads/2024/08/logo-OTCA_PT.svg","width":120,"height":50,"caption":"OTCA"},"image":{"@id":"https://otca.org/concursofotografico/#/schema/logo/image/"}}]}</script>
<!-- / Yoast SEO plugin. -->

Doña Elza es una indígena apurinã, uno de los pueblos [&hellip;]

Início
