{"id":973,"date":"2025-02-07T11:45:45","date_gmt":"2025-02-07T11:45:45","guid":{"rendered":"https:\/\/otca.org\/concursofotografico\/?post_type=fotografia&#038;p=973"},"modified":"2025-02-07T11:45:45","modified_gmt":"2025-02-07T11:45:45","slug":"nuestro-marco-es-ancestral-siempre-estuvimos-aqui","status":"publish","type":"fotografia","link":"https:\/\/otca.org\/concursofotografico\/es\/fotografia\/nuestro-marco-es-ancestral-siempre-estuvimos-aqui\/","title":{"rendered":"\u00a1Nuestro marco es ancestral! \u00a1Siempre estuvimos aqu\u00ed!"},"content":{"rendered":"<p>La ancestralidad no es solo una conexi\u00f3n con el pasado, \u00a1sino un v\u00ednculo vivo! Es un lazo profundo que revela c\u00f3mo los ancestros son gu\u00edas presentes, orientando y protegiendo, manteniendo el equilibrio entre el mundo visible e invisible.<\/p>\n<p>En Brasil, la lucha contra el Marco Temporal es una batalla por la continuidad de nuestra existencia. Nuestra lucha es nuestra (r)existencia. Los pueblos ind\u00edgenas no solo portan saberes, sino tambi\u00e9n la responsabilidad de proteger lo que sus ancestros preservaron: la tierra, las aguas, la biodiversidad y las tradiciones.<\/p>\n<p>En un mundo en crisis ambiental y social, somos guiados por nuestras ra\u00edces, que nos muestran que la clave para un futuro sostenible reside en la sabidur\u00eda ancestral.<\/p>\n","protected":false},"featured_media":658,"template":"","meta":{"_acf_changed":false},"autor":[162],"etnia":[1094],"lugar":[661,665],"pais":[83],"premio":[388],"tipo-de-fotografia":[116],"class_list":["post-973","fotografia","type-fotografia","status-publish","has-post-thumbnail","hentry","autor-rodrigo-duarte-es","etnia-indigena-en-recuperacion","lugar-brasilia-df-es","lugar-distrito-federal-es","pais-brasil-es","premio-seleccionada","tipo-de-fotografia-documental-es"],"acf":[],"yoast_head":"<!-- This site is optimized with the Yoast SEO plugin v24.4 - https:\/\/yoast.com\/wordpress\/plugins\/seo\/ -->\n<title>\u00a1Nuestro marco es ancestral! \u00a1Siempre estuvimos aqu\u00ed! - Concurso Fotografico<\/title>\n<meta name=\"robots\" content=\"index, follow, max-snippet:-1, max-image-preview:large, max-video-preview:-1\" \/>\n<link rel=\"canonical\" href=\"https:\/\/otca.org\/concursofotografico\/es\/fotografia\/nuestro-marco-es-ancestral-siempre-estuvimos-aqui\/\" \/>\n<meta property=\"og:locale\" content=\"pt_BR\" \/>\n<meta property=\"og:type\" content=\"article\" \/>\n<meta property=\"og:title\" content=\"\u00a1Nuestro marco es ancestral! \u00a1Siempre estuvimos aqu\u00ed! - Concurso Fotografico\" \/>\n<meta property=\"og:description\" content=\"La ancestralidad no es solo una conexi\u00f3n con el pasado, [&hellip;]\" \/>\n<meta property=\"og:url\" content=\"https:\/\/otca.org\/concursofotografico\/es\/fotografia\/nuestro-marco-es-ancestral-siempre-estuvimos-aqui\/\" \/>\n<meta property=\"og:site_name\" content=\"Concurso Fotografico\" \/>\n<meta property=\"og:image\" content=\"https:\/\/otca.org\/concursofotografico\/wp-content\/uploads\/2025\/01\/id079-Rodrigo-Duarte.jpg\" \/>\n\t<meta property=\"og:image:width\" content=\"1250\" \/>\n\t<meta property=\"og:image:height\" content=\"703\" \/>\n\t<meta property=\"og:image:type\" content=\"image\/jpeg\" \/>\n<meta name=\"twitter:card\" content=\"summary_large_image\" \/>\n<meta name=\"twitter:label1\" content=\"Est. tempo de leitura\" \/>\n\t<meta name=\"twitter:data1\" content=\"1 minuto\" \/>\n<script type=\"application\/ld+json\" class=\"yoast-schema-graph\">{\"@context\":\"https:\/\/schema.org\",\"@graph\":[{\"@type\":\"WebPage\",\"@id\":\"https:\/\/otca.org\/concursofotografico\/es\/fotografia\/nuestro-marco-es-ancestral-siempre-estuvimos-aqui\/\",\"url\":\"https:\/\/otca.org\/concursofotografico\/es\/fotografia\/nuestro-marco-es-ancestral-siempre-estuvimos-aqui\/\",\"name\":\"\u00a1Nuestro marco es ancestral! \u00a1Siempre estuvimos aqu\u00ed! - Concurso Fotografico\",\"isPartOf\":{\"@id\":\"https:\/\/otca.org\/concursofotografico\/#website\"},\"primaryImageOfPage\":{\"@id\":\"https:\/\/otca.org\/concursofotografico\/es\/fotografia\/nuestro-marco-es-ancestral-siempre-estuvimos-aqui\/#primaryimage\"},\"image\":{\"@id\":\"https:\/\/otca.org\/concursofotografico\/es\/fotografia\/nuestro-marco-es-ancestral-siempre-estuvimos-aqui\/#primaryimage\"},\"thumbnailUrl\":\"https:\/\/otca.org\/concursofotografico\/wp-content\/uploads\/2025\/01\/id079-Rodrigo-Duarte.jpg\",\"datePublished\":\"2025-02-07T11:45:45+00:00\",\"breadcrumb\":{\"@id\":\"https:\/\/otca.org\/concursofotografico\/es\/fotografia\/nuestro-marco-es-ancestral-siempre-estuvimos-aqui\/#breadcrumb\"},\"inLanguage\":\"pt-BR\",\"potentialAction\":[{\"@type\":\"ReadAction\",\"target\":[\"https:\/\/otca.org\/concursofotografico\/es\/fotografia\/nuestro-marco-es-ancestral-siempre-estuvimos-aqui\/\"]}]},{\"@type\":\"ImageObject\",\"inLanguage\":\"pt-BR\",\"@id\":\"https:\/\/otca.org\/concursofotografico\/es\/fotografia\/nuestro-marco-es-ancestral-siempre-estuvimos-aqui\/#primaryimage\",\"url\":\"https:\/\/otca.org\/concursofotografico\/wp-content\/uploads\/2025\/01\/id079-Rodrigo-Duarte.jpg\",\"contentUrl\":\"https:\/\/otca.org\/concursofotografico\/wp-content\/uploads\/2025\/01\/id079-Rodrigo-Duarte.jpg\",\"width\":1250,\"height\":703,\"caption\":\"id079 Rodrigo Duarte\"},{\"@type\":\"BreadcrumbList\",\"@id\":\"https:\/\/otca.org\/concursofotografico\/es\/fotografia\/nuestro-marco-es-ancestral-siempre-estuvimos-aqui\/#breadcrumb\",\"itemListElement\":[{\"@type\":\"ListItem\",\"position\":1,\"name\":\"In\u00edcio\",\"item\":\"https:\/\/otca.org\/concursofotografico\/\"},{\"@type\":\"ListItem\",\"position\":2,\"name\":\"\u00a1Nuestro marco es ancestral! \u00a1Siempre estuvimos aqu\u00ed!\"}]},{\"@type\":\"WebSite\",\"@id\":\"https:\/\/otca.org\/concursofotografico\/#website\",\"url\":\"https:\/\/otca.org\/concursofotografico\/\",\"name\":\"Concurso Fotografico \\\"Por um mundo mais que humano\\\"\",\"description\":\"\",\"publisher\":{\"@id\":\"https:\/\/otca.org\/concursofotografico\/#organization\"},\"potentialAction\":[{\"@type\":\"SearchAction\",\"target\":{\"@type\":\"EntryPoint\",\"urlTemplate\":\"https:\/\/otca.org\/concursofotografico\/?s={search_term_string}\"},\"query-input\":{\"@type\":\"PropertyValueSpecification\",\"valueRequired\":true,\"valueName\":\"search_term_string\"}}],\"inLanguage\":\"pt-BR\"},{\"@type\":\"Organization\",\"@id\":\"https:\/\/otca.org\/concursofotografico\/#organization\",\"name\":\"OTCA\",\"url\":\"https:\/\/otca.org\/concursofotografico\/\",\"logo\":{\"@type\":\"ImageObject\",\"inLanguage\":\"pt-BR\",\"@id\":\"https:\/\/otca.org\/concursofotografico\/#\/schema\/logo\/image\/\",\"url\":\"https:\/\/otca.org\/concursofotografico\/wp-content\/uploads\/2024\/08\/logo-OTCA_PT.svg\",\"contentUrl\":\"https:\/\/otca.org\/concursofotografico\/wp-content\/uploads\/2024\/08\/logo-OTCA_PT.svg\",\"width\":120,\"height\":50,\"caption\":\"OTCA\"},\"image\":{\"@id\":\"https:\/\/otca.org\/concursofotografico\/#\/schema\/logo\/image\/\"}}]}<\/script>\n<!-- \/ Yoast SEO plugin. -->","yoast_head_json":{"title":"\u00a1Nuestro marco es ancestral! \u00a1Siempre estuvimos aqu\u00ed! - Concurso Fotografico","robots":{"index":"index","follow":"follow","max-snippet":"max-snippet:-1","max-image-preview":"max-image-preview:large","max-video-preview":"max-video-preview:-1"},"canonical":"https:\/\/otca.org\/concursofotografico\/es\/fotografia\/nuestro-marco-es-ancestral-siempre-estuvimos-aqui\/","og_locale":"pt_BR","og_type":"article","og_title":"\u00a1Nuestro marco es ancestral! \u00a1Siempre estuvimos aqu\u00ed! - Concurso Fotografico","og_description":"La ancestralidad no es solo una conexi\u00f3n con el pasado, [&hellip;]","og_url":"https:\/\/otca.org\/concursofotografico\/es\/fotografia\/nuestro-marco-es-ancestral-siempre-estuvimos-aqui\/","og_site_name":"Concurso Fotografico","og_image":[{"width":1250,"height":703,"url":"https:\/\/otca.org\/concursofotografico\/wp-content\/uploads\/2025\/01\/id079-Rodrigo-Duarte.jpg","type":"image\/jpeg"}],"twitter_card":"summary_large_image","twitter_misc":{"Est. tempo de leitura":"1 minuto"},"schema":{"@context":"https:\/\/schema.org","@graph":[{"@type":"WebPage","@id":"https:\/\/otca.org\/concursofotografico\/es\/fotografia\/nuestro-marco-es-ancestral-siempre-estuvimos-aqui\/","url":"https:\/\/otca.org\/concursofotografico\/es\/fotografia\/nuestro-marco-es-ancestral-siempre-estuvimos-aqui\/","name":"\u00a1Nuestro marco es ancestral! \u00a1Siempre estuvimos aqu\u00ed! - Concurso Fotografico","isPartOf":{"@id":"https:\/\/otca.org\/concursofotografico\/#website"},"primaryImageOfPage":{"@id":"https:\/\/otca.org\/concursofotografico\/es\/fotografia\/nuestro-marco-es-ancestral-siempre-estuvimos-aqui\/#primaryimage"},"image":{"@id":"https:\/\/otca.org\/concursofotografico\/es\/fotografia\/nuestro-marco-es-ancestral-siempre-estuvimos-aqui\/#primaryimage"},"thumbnailUrl":"https:\/\/otca.org\/concursofotografico\/wp-content\/uploads\/2025\/01\/id079-Rodrigo-Duarte.jpg","datePublished":"2025-02-07T11:45:45+00:00","breadcrumb":{"@id":"https:\/\/otca.org\/concursofotografico\/es\/fotografia\/nuestro-marco-es-ancestral-siempre-estuvimos-aqui\/#breadcrumb"},"inLanguage":"pt-BR","potentialAction":[{"@type":"ReadAction","target":["https:\/\/otca.org\/concursofotografico\/es\/fotografia\/nuestro-marco-es-ancestral-siempre-estuvimos-aqui\/"]}]},{"@type":"ImageObject","inLanguage":"pt-BR","@id":"https:\/\/otca.org\/concursofotografico\/es\/fotografia\/nuestro-marco-es-ancestral-siempre-estuvimos-aqui\/#primaryimage","url":"https:\/\/otca.org\/concursofotografico\/wp-content\/uploads\/2025\/01\/id079-Rodrigo-Duarte.jpg","contentUrl":"https:\/\/otca.org\/concursofotografico\/wp-content\/uploads\/2025\/01\/id079-Rodrigo-Duarte.jpg","width":1250,"height":703,"caption":"id079 Rodrigo Duarte"},{"@type":"BreadcrumbList","@id":"https:\/\/otca.org\/concursofotografico\/es\/fotografia\/nuestro-marco-es-ancestral-siempre-estuvimos-aqui\/#breadcrumb","itemListElement":[{"@type":"ListItem","position":1,"name":"In\u00edcio","item":"https:\/\/otca.org\/concursofotografico\/"},{"@type":"ListItem","position":2,"name":"\u00a1Nuestro marco es ancestral! \u00a1Siempre estuvimos aqu\u00ed!"}]},{"@type":"WebSite","@id":"https:\/\/otca.org\/concursofotografico\/#website","url":"https:\/\/otca.org\/concursofotografico\/","name":"Concurso Fotografico \"Por um mundo mais que humano\"","description":"","publisher":{"@id":"https:\/\/otca.org\/concursofotografico\/#organization"},"potentialAction":[{"@type":"SearchAction","target":{"@type":"EntryPoint","urlTemplate":"https:\/\/otca.org\/concursofotografico\/?s={search_term_string}"},"query-input":{"@type":"PropertyValueSpecification","valueRequired":true,"valueName":"search_term_string"}}],"inLanguage":"pt-BR"},{"@type":"Organization","@id":"https:\/\/otca.org\/concursofotografico\/#organization","name":"OTCA","url":"https:\/\/otca.org\/concursofotografico\/","logo":{"@type":"ImageObject","inLanguage":"pt-BR","@id":"https:\/\/otca.org\/concursofotografico\/#\/schema\/logo\/image\/","url":"https:\/\/otca.org\/concursofotografico\/wp-content\/uploads\/2024\/08\/logo-OTCA_PT.svg","contentUrl":"https:\/\/otca.org\/concursofotografico\/wp-content\/uploads\/2024\/08\/logo-OTCA_PT.svg","width":120,"height":50,"caption":"OTCA"},"image":{"@id":"https:\/\/otca.org\/concursofotografico\/#\/schema\/logo\/image\/"}}]}},"_links":{"self":[{"href":"https:\/\/otca.org\/concursofotografico\/wp-json\/wp\/v2\/fotografia\/973"}],"collection":[{"href":"https:\/\/otca.org\/concursofotografico\/wp-json\/wp\/v2\/fotografia"}],"about":[{"href":"https:\/\/otca.org\/concursofotografico\/wp-json\/wp\/v2\/types\/fotografia"}],"wp:featuredmedia":[{"embeddable":true,"href":"https:\/\/otca.org\/concursofotografico\/wp-json\/wp\/v2\/media\/658"}],"wp:attachment":[{"href":"https:\/\/otca.org\/concursofotografico\/wp-json\/wp\/v2\/media?parent=973"}],"wp:term":[{"taxonomy":"autor","embeddable":true,"href":"https:\/\/otca.org\/concursofotografico\/wp-json\/wp\/v2\/autor?post=973"},{"taxonomy":"etnia","embeddable":true,"href":"https:\/\/otca.org\/concursofotografico\/wp-json\/wp\/v2\/etnia?post=973"},{"taxonomy":"lugar","embeddable":true,"href":"https:\/\/otca.org\/concursofotografico\/wp-json\/wp\/v2\/lugar?post=973"},{"taxonomy":"pais","embeddable":true,"href":"https:\/\/otca.org\/concursofotografico\/wp-json\/wp\/v2\/pais?post=973"},{"taxonomy":"premio","embeddable":true,"href":"https:\/\/otca.org\/concursofotografico\/wp-json\/wp\/v2\/premio?post=973"},{"taxonomy":"tipo-de-fotografia","embeddable":true,"href":"https:\/\/otca.org\/concursofotografico\/wp-json\/wp\/v2\/tipo-de-fotografia?post=973"}],"curies":[{"name":"wp","href":"https:\/\/api.w.org\/{rel}","templated":true}]}}

¡Nuestro marco es ancestral! ¡Siempre estuvimos aquí!

<p>La ancestralidad no es solo una conexión con el pasado, ¡sino un vínculo vivo! Es un lazo profundo que revela cómo los ancestros son guías presentes, orientando y protegiendo, manteniendo el equilibrio entre el mundo visible e invisible.</p>
<p>En Brasil, la lucha contra el Marco Temporal es una batalla por la continuidad de nuestra existencia. Nuestra lucha es nuestra (r)existencia. Los pueblos indígenas no solo portan saberes, sino también la responsabilidad de proteger lo que sus ancestros preservaron: la tierra, las aguas, la biodiversidad y las tradiciones.</p>
<p>En un mundo en crisis ambiental y social, somos guiados por nuestras raíces, que nos muestran que la clave para un futuro sostenible reside en la sabiduría ancestral.</p>

<!-- This site is optimized with the Yoast SEO plugin v24.4 - https://yoast.com/wordpress/plugins/seo/ -->
<title>¡Nuestro marco es ancestral! ¡Siempre estuvimos aquí! - Concurso Fotografico</title>
<meta name="robots" content="index, follow, max-snippet:-1, max-image-preview:large, max-video-preview:-1" />
<link rel="canonical" href="https://otca.org/concursofotografico/es/fotografia/nuestro-marco-es-ancestral-siempre-estuvimos-aqui/" />
<meta property="og:locale" content="pt_BR" />
<meta property="og:type" content="article" />
<meta property="og:title" content="¡Nuestro marco es ancestral! ¡Siempre estuvimos aquí! - Concurso Fotografico" />
<meta property="og:description" content="La ancestralidad no es solo una conexión con el pasado, [&hellip;]" />
<meta property="og:url" content="https://otca.org/concursofotografico/es/fotografia/nuestro-marco-es-ancestral-siempre-estuvimos-aqui/" />
<meta property="og:site_name" content="Concurso Fotografico" />
<meta property="og:image" content="https://otca.org/concursofotografico/wp-content/uploads/2025/01/id079-Rodrigo-Duarte.jpg" />
	<meta property="og:image:width" content="1250" />
	<meta property="og:image:height" content="703" />
	<meta property="og:image:type" content="image/jpeg" />
<meta name="twitter:card" content="summary_large_image" />
<meta name="twitter:label1" content="Est. tempo de leitura" />
	<meta name="twitter:data1" content="1 minuto" />
<script type="application/ld+json" class="yoast-schema-graph">{"@context":"https://schema.org","@graph":[{"@type":"WebPage","@id":"https://otca.org/concursofotografico/es/fotografia/nuestro-marco-es-ancestral-siempre-estuvimos-aqui/","url":"https://otca.org/concursofotografico/es/fotografia/nuestro-marco-es-ancestral-siempre-estuvimos-aqui/","name":"¡Nuestro marco es ancestral! ¡Siempre estuvimos aquí! - Concurso Fotografico","isPartOf":{"@id":"https://otca.org/concursofotografico/#website"},"primaryImageOfPage":{"@id":"https://otca.org/concursofotografico/es/fotografia/nuestro-marco-es-ancestral-siempre-estuvimos-aqui/#primaryimage"},"image":{"@id":"https://otca.org/concursofotografico/es/fotografia/nuestro-marco-es-ancestral-siempre-estuvimos-aqui/#primaryimage"},"thumbnailUrl":"https://otca.org/concursofotografico/wp-content/uploads/2025/01/id079-Rodrigo-Duarte.jpg","datePublished":"2025-02-07T11:45:45+00:00","breadcrumb":{"@id":"https://otca.org/concursofotografico/es/fotografia/nuestro-marco-es-ancestral-siempre-estuvimos-aqui/#breadcrumb"},"inLanguage":"pt-BR","potentialAction":[{"@type":"ReadAction","target":["https://otca.org/concursofotografico/es/fotografia/nuestro-marco-es-ancestral-siempre-estuvimos-aqui/"]}]},{"@type":"ImageObject","inLanguage":"pt-BR","@id":"https://otca.org/concursofotografico/es/fotografia/nuestro-marco-es-ancestral-siempre-estuvimos-aqui/#primaryimage","url":"https://otca.org/concursofotografico/wp-content/uploads/2025/01/id079-Rodrigo-Duarte.jpg","contentUrl":"https://otca.org/concursofotografico/wp-content/uploads/2025/01/id079-Rodrigo-Duarte.jpg","width":1250,"height":703,"caption":"id079 Rodrigo Duarte"},{"@type":"BreadcrumbList","@id":"https://otca.org/concursofotografico/es/fotografia/nuestro-marco-es-ancestral-siempre-estuvimos-aqui/#breadcrumb","itemListElement":[{"@type":"ListItem","position":1,"name":"Início","item":"https://otca.org/concursofotografico/"},{"@type":"ListItem","position":2,"name":"¡Nuestro marco es ancestral! ¡Siempre estuvimos aquí!"}]},{"@type":"WebSite","@id":"https://otca.org/concursofotografico/#website","url":"https://otca.org/concursofotografico/","name":"Concurso Fotografico \"Por um mundo mais que humano\"","description":"","publisher":{"@id":"https://otca.org/concursofotografico/#organization"},"potentialAction":[{"@type":"SearchAction","target":{"@type":"EntryPoint","urlTemplate":"https://otca.org/concursofotografico/?s={search_term_string}"},"query-input":{"@type":"PropertyValueSpecification","valueRequired":true,"valueName":"search_term_string"}}],"inLanguage":"pt-BR"},{"@type":"Organization","@id":"https://otca.org/concursofotografico/#organization","name":"OTCA","url":"https://otca.org/concursofotografico/","logo":{"@type":"ImageObject","inLanguage":"pt-BR","@id":"https://otca.org/concursofotografico/#/schema/logo/image/","url":"https://otca.org/concursofotografico/wp-content/uploads/2024/08/logo-OTCA_PT.svg","contentUrl":"https://otca.org/concursofotografico/wp-content/uploads/2024/08/logo-OTCA_PT.svg","width":120,"height":50,"caption":"OTCA"},"image":{"@id":"https://otca.org/concursofotografico/#/schema/logo/image/"}}]}</script>
<!-- / Yoast SEO plugin. -->

¡Nuestro marco es ancestral! ¡Siempre estuvimos aquí! - Concurso Fotografico

La ancestralidad no es solo una conexión con el pasado, [&hellip;]

Início
