{"id":975,"date":"2025-02-07T11:45:45","date_gmt":"2025-02-07T11:45:45","guid":{"rendered":"https:\/\/otca.org\/concursofotografico\/?post_type=fotografia&#038;p=975"},"modified":"2025-02-07T11:45:45","modified_gmt":"2025-02-07T11:45:45","slug":"ciudad-riberena-bajo-la-luz-roja-del-acai","status":"publish","type":"fotografia","link":"https:\/\/otca.org\/concursofotografico\/es\/fotografia\/ciudad-riberena-bajo-la-luz-roja-del-acai\/","title":{"rendered":"Ciudad ribere\u00f1a bajo la luz roja del a\u00e7a\u00ed"},"content":{"rendered":"<p>El cambio clim\u00e1tico tiene causas antropog\u00e9nicas, pero no todos los seres humanos contribuyen a \u00e9l de la misma manera. Las acciones guiadas por el capital depredador y sus nefastas consecuencias no pueden compararse con formas de vida con menor impacto ambiental. Pensando en Bel\u00e9m, una ciudad amaz\u00f3nica, muchas de las viviendas construidas en sus zonas bajas, en sus llanuras aluviales, indican conocimientos y vidas en interacci\u00f3n con el mundo del agua, de los bosques, con los no humanos que tambi\u00e9n viven all\u00ed. Estudio arquitect\u00f3nico de las fachadas de las casas ribere\u00f1as tradicionales, la maqueta est\u00e1 iluminada por las luces rojas que suelen identificar las ventas nocturnas de a\u00e7a\u00ed.<\/p>\n","protected":false},"featured_media":659,"template":"","meta":{"_acf_changed":false},"autor":[140],"etnia":[],"lugar":[705,649],"pais":[83],"premio":[388],"tipo-de-fotografia":[72],"class_list":["post-975","fotografia","type-fotografia","status-publish","has-post-thumbnail","hentry","autor-barbara-faciola-pessoa-baleixe-da-costa-es","lugar-belem-pa-es","lugar-para-es","pais-brasil-es","premio-seleccionada","tipo-de-fotografia-artistica-es"],"acf":[],"yoast_head":"<!-- This site is optimized with the Yoast SEO plugin v24.4 - https:\/\/yoast.com\/wordpress\/plugins\/seo\/ -->\n<title>Ciudad ribere\u00f1a bajo la luz roja del a\u00e7a\u00ed - Concurso Fotografico<\/title>\n<meta name=\"robots\" content=\"index, follow, max-snippet:-1, max-image-preview:large, max-video-preview:-1\" \/>\n<link rel=\"canonical\" href=\"https:\/\/otca.org\/concursofotografico\/es\/fotografia\/ciudad-riberena-bajo-la-luz-roja-del-acai\/\" \/>\n<meta property=\"og:locale\" content=\"pt_BR\" \/>\n<meta property=\"og:type\" content=\"article\" \/>\n<meta property=\"og:title\" content=\"Ciudad ribere\u00f1a bajo la luz roja del a\u00e7a\u00ed - Concurso Fotografico\" \/>\n<meta property=\"og:description\" content=\"El cambio clim\u00e1tico tiene causas antropog\u00e9nicas, pero no todos los [&hellip;]\" \/>\n<meta property=\"og:url\" content=\"https:\/\/otca.org\/concursofotografico\/es\/fotografia\/ciudad-riberena-bajo-la-luz-roja-del-acai\/\" \/>\n<meta property=\"og:site_name\" content=\"Concurso Fotografico\" \/>\n<meta property=\"og:image\" content=\"https:\/\/otca.org\/concursofotografico\/wp-content\/uploads\/2025\/01\/id080-Barbara-Faciola-Pessoa-Baleixe-da-Costa.jpg\" \/>\n\t<meta property=\"og:image:width\" content=\"1250\" \/>\n\t<meta property=\"og:image:height\" content=\"938\" \/>\n\t<meta property=\"og:image:type\" content=\"image\/jpeg\" \/>\n<meta name=\"twitter:card\" content=\"summary_large_image\" \/>\n<meta name=\"twitter:label1\" content=\"Est. tempo de leitura\" \/>\n\t<meta name=\"twitter:data1\" content=\"1 minuto\" \/>\n<script type=\"application\/ld+json\" class=\"yoast-schema-graph\">{\"@context\":\"https:\/\/schema.org\",\"@graph\":[{\"@type\":\"WebPage\",\"@id\":\"https:\/\/otca.org\/concursofotografico\/es\/fotografia\/ciudad-riberena-bajo-la-luz-roja-del-acai\/\",\"url\":\"https:\/\/otca.org\/concursofotografico\/es\/fotografia\/ciudad-riberena-bajo-la-luz-roja-del-acai\/\",\"name\":\"Ciudad ribere\u00f1a bajo la luz roja del a\u00e7a\u00ed - Concurso Fotografico\",\"isPartOf\":{\"@id\":\"https:\/\/otca.org\/concursofotografico\/#website\"},\"primaryImageOfPage\":{\"@id\":\"https:\/\/otca.org\/concursofotografico\/es\/fotografia\/ciudad-riberena-bajo-la-luz-roja-del-acai\/#primaryimage\"},\"image\":{\"@id\":\"https:\/\/otca.org\/concursofotografico\/es\/fotografia\/ciudad-riberena-bajo-la-luz-roja-del-acai\/#primaryimage\"},\"thumbnailUrl\":\"https:\/\/otca.org\/concursofotografico\/wp-content\/uploads\/2025\/01\/id080-Barbara-Faciola-Pessoa-Baleixe-da-Costa.jpg\",\"datePublished\":\"2025-02-07T11:45:45+00:00\",\"breadcrumb\":{\"@id\":\"https:\/\/otca.org\/concursofotografico\/es\/fotografia\/ciudad-riberena-bajo-la-luz-roja-del-acai\/#breadcrumb\"},\"inLanguage\":\"pt-BR\",\"potentialAction\":[{\"@type\":\"ReadAction\",\"target\":[\"https:\/\/otca.org\/concursofotografico\/es\/fotografia\/ciudad-riberena-bajo-la-luz-roja-del-acai\/\"]}]},{\"@type\":\"ImageObject\",\"inLanguage\":\"pt-BR\",\"@id\":\"https:\/\/otca.org\/concursofotografico\/es\/fotografia\/ciudad-riberena-bajo-la-luz-roja-del-acai\/#primaryimage\",\"url\":\"https:\/\/otca.org\/concursofotografico\/wp-content\/uploads\/2025\/01\/id080-Barbara-Faciola-Pessoa-Baleixe-da-Costa.jpg\",\"contentUrl\":\"https:\/\/otca.org\/concursofotografico\/wp-content\/uploads\/2025\/01\/id080-Barbara-Faciola-Pessoa-Baleixe-da-Costa.jpg\",\"width\":1250,\"height\":938,\"caption\":\"id080 Barbara Faciola Pessoa Baleixe da Costa\"},{\"@type\":\"BreadcrumbList\",\"@id\":\"https:\/\/otca.org\/concursofotografico\/es\/fotografia\/ciudad-riberena-bajo-la-luz-roja-del-acai\/#breadcrumb\",\"itemListElement\":[{\"@type\":\"ListItem\",\"position\":1,\"name\":\"In\u00edcio\",\"item\":\"https:\/\/otca.org\/concursofotografico\/\"},{\"@type\":\"ListItem\",\"position\":2,\"name\":\"Ciudad ribere\u00f1a bajo la luz roja del a\u00e7a\u00ed\"}]},{\"@type\":\"WebSite\",\"@id\":\"https:\/\/otca.org\/concursofotografico\/#website\",\"url\":\"https:\/\/otca.org\/concursofotografico\/\",\"name\":\"Concurso Fotografico \\\"Por um mundo mais que humano\\\"\",\"description\":\"\",\"publisher\":{\"@id\":\"https:\/\/otca.org\/concursofotografico\/#organization\"},\"potentialAction\":[{\"@type\":\"SearchAction\",\"target\":{\"@type\":\"EntryPoint\",\"urlTemplate\":\"https:\/\/otca.org\/concursofotografico\/?s={search_term_string}\"},\"query-input\":{\"@type\":\"PropertyValueSpecification\",\"valueRequired\":true,\"valueName\":\"search_term_string\"}}],\"inLanguage\":\"pt-BR\"},{\"@type\":\"Organization\",\"@id\":\"https:\/\/otca.org\/concursofotografico\/#organization\",\"name\":\"OTCA\",\"url\":\"https:\/\/otca.org\/concursofotografico\/\",\"logo\":{\"@type\":\"ImageObject\",\"inLanguage\":\"pt-BR\",\"@id\":\"https:\/\/otca.org\/concursofotografico\/#\/schema\/logo\/image\/\",\"url\":\"https:\/\/otca.org\/concursofotografico\/wp-content\/uploads\/2024\/08\/logo-OTCA_PT.svg\",\"contentUrl\":\"https:\/\/otca.org\/concursofotografico\/wp-content\/uploads\/2024\/08\/logo-OTCA_PT.svg\",\"width\":120,\"height\":50,\"caption\":\"OTCA\"},\"image\":{\"@id\":\"https:\/\/otca.org\/concursofotografico\/#\/schema\/logo\/image\/\"}}]}<\/script>\n<!-- \/ Yoast SEO plugin. -->","yoast_head_json":{"title":"Ciudad ribere\u00f1a bajo la luz roja del a\u00e7a\u00ed - Concurso Fotografico","robots":{"index":"index","follow":"follow","max-snippet":"max-snippet:-1","max-image-preview":"max-image-preview:large","max-video-preview":"max-video-preview:-1"},"canonical":"https:\/\/otca.org\/concursofotografico\/es\/fotografia\/ciudad-riberena-bajo-la-luz-roja-del-acai\/","og_locale":"pt_BR","og_type":"article","og_title":"Ciudad ribere\u00f1a bajo la luz roja del a\u00e7a\u00ed - Concurso Fotografico","og_description":"El cambio clim\u00e1tico tiene causas antropog\u00e9nicas, pero no todos los [&hellip;]","og_url":"https:\/\/otca.org\/concursofotografico\/es\/fotografia\/ciudad-riberena-bajo-la-luz-roja-del-acai\/","og_site_name":"Concurso Fotografico","og_image":[{"width":1250,"height":938,"url":"https:\/\/otca.org\/concursofotografico\/wp-content\/uploads\/2025\/01\/id080-Barbara-Faciola-Pessoa-Baleixe-da-Costa.jpg","type":"image\/jpeg"}],"twitter_card":"summary_large_image","twitter_misc":{"Est. tempo de leitura":"1 minuto"},"schema":{"@context":"https:\/\/schema.org","@graph":[{"@type":"WebPage","@id":"https:\/\/otca.org\/concursofotografico\/es\/fotografia\/ciudad-riberena-bajo-la-luz-roja-del-acai\/","url":"https:\/\/otca.org\/concursofotografico\/es\/fotografia\/ciudad-riberena-bajo-la-luz-roja-del-acai\/","name":"Ciudad ribere\u00f1a bajo la luz roja del a\u00e7a\u00ed - Concurso Fotografico","isPartOf":{"@id":"https:\/\/otca.org\/concursofotografico\/#website"},"primaryImageOfPage":{"@id":"https:\/\/otca.org\/concursofotografico\/es\/fotografia\/ciudad-riberena-bajo-la-luz-roja-del-acai\/#primaryimage"},"image":{"@id":"https:\/\/otca.org\/concursofotografico\/es\/fotografia\/ciudad-riberena-bajo-la-luz-roja-del-acai\/#primaryimage"},"thumbnailUrl":"https:\/\/otca.org\/concursofotografico\/wp-content\/uploads\/2025\/01\/id080-Barbara-Faciola-Pessoa-Baleixe-da-Costa.jpg","datePublished":"2025-02-07T11:45:45+00:00","breadcrumb":{"@id":"https:\/\/otca.org\/concursofotografico\/es\/fotografia\/ciudad-riberena-bajo-la-luz-roja-del-acai\/#breadcrumb"},"inLanguage":"pt-BR","potentialAction":[{"@type":"ReadAction","target":["https:\/\/otca.org\/concursofotografico\/es\/fotografia\/ciudad-riberena-bajo-la-luz-roja-del-acai\/"]}]},{"@type":"ImageObject","inLanguage":"pt-BR","@id":"https:\/\/otca.org\/concursofotografico\/es\/fotografia\/ciudad-riberena-bajo-la-luz-roja-del-acai\/#primaryimage","url":"https:\/\/otca.org\/concursofotografico\/wp-content\/uploads\/2025\/01\/id080-Barbara-Faciola-Pessoa-Baleixe-da-Costa.jpg","contentUrl":"https:\/\/otca.org\/concursofotografico\/wp-content\/uploads\/2025\/01\/id080-Barbara-Faciola-Pessoa-Baleixe-da-Costa.jpg","width":1250,"height":938,"caption":"id080 Barbara Faciola Pessoa Baleixe da Costa"},{"@type":"BreadcrumbList","@id":"https:\/\/otca.org\/concursofotografico\/es\/fotografia\/ciudad-riberena-bajo-la-luz-roja-del-acai\/#breadcrumb","itemListElement":[{"@type":"ListItem","position":1,"name":"In\u00edcio","item":"https:\/\/otca.org\/concursofotografico\/"},{"@type":"ListItem","position":2,"name":"Ciudad ribere\u00f1a bajo la luz roja del a\u00e7a\u00ed"}]},{"@type":"WebSite","@id":"https:\/\/otca.org\/concursofotografico\/#website","url":"https:\/\/otca.org\/concursofotografico\/","name":"Concurso Fotografico \"Por um mundo mais que humano\"","description":"","publisher":{"@id":"https:\/\/otca.org\/concursofotografico\/#organization"},"potentialAction":[{"@type":"SearchAction","target":{"@type":"EntryPoint","urlTemplate":"https:\/\/otca.org\/concursofotografico\/?s={search_term_string}"},"query-input":{"@type":"PropertyValueSpecification","valueRequired":true,"valueName":"search_term_string"}}],"inLanguage":"pt-BR"},{"@type":"Organization","@id":"https:\/\/otca.org\/concursofotografico\/#organization","name":"OTCA","url":"https:\/\/otca.org\/concursofotografico\/","logo":{"@type":"ImageObject","inLanguage":"pt-BR","@id":"https:\/\/otca.org\/concursofotografico\/#\/schema\/logo\/image\/","url":"https:\/\/otca.org\/concursofotografico\/wp-content\/uploads\/2024\/08\/logo-OTCA_PT.svg","contentUrl":"https:\/\/otca.org\/concursofotografico\/wp-content\/uploads\/2024\/08\/logo-OTCA_PT.svg","width":120,"height":50,"caption":"OTCA"},"image":{"@id":"https:\/\/otca.org\/concursofotografico\/#\/schema\/logo\/image\/"}}]}},"_links":{"self":[{"href":"https:\/\/otca.org\/concursofotografico\/wp-json\/wp\/v2\/fotografia\/975"}],"collection":[{"href":"https:\/\/otca.org\/concursofotografico\/wp-json\/wp\/v2\/fotografia"}],"about":[{"href":"https:\/\/otca.org\/concursofotografico\/wp-json\/wp\/v2\/types\/fotografia"}],"wp:featuredmedia":[{"embeddable":true,"href":"https:\/\/otca.org\/concursofotografico\/wp-json\/wp\/v2\/media\/659"}],"wp:attachment":[{"href":"https:\/\/otca.org\/concursofotografico\/wp-json\/wp\/v2\/media?parent=975"}],"wp:term":[{"taxonomy":"autor","embeddable":true,"href":"https:\/\/otca.org\/concursofotografico\/wp-json\/wp\/v2\/autor?post=975"},{"taxonomy":"etnia","embeddable":true,"href":"https:\/\/otca.org\/concursofotografico\/wp-json\/wp\/v2\/etnia?post=975"},{"taxonomy":"lugar","embeddable":true,"href":"https:\/\/otca.org\/concursofotografico\/wp-json\/wp\/v2\/lugar?post=975"},{"taxonomy":"pais","embeddable":true,"href":"https:\/\/otca.org\/concursofotografico\/wp-json\/wp\/v2\/pais?post=975"},{"taxonomy":"premio","embeddable":true,"href":"https:\/\/otca.org\/concursofotografico\/wp-json\/wp\/v2\/premio?post=975"},{"taxonomy":"tipo-de-fotografia","embeddable":true,"href":"https:\/\/otca.org\/concursofotografico\/wp-json\/wp\/v2\/tipo-de-fotografia?post=975"}],"curies":[{"name":"wp","href":"https:\/\/api.w.org\/{rel}","templated":true}]}}

Ciudad ribereña bajo la luz roja del açaí

<p>El cambio climático tiene causas antropogénicas, pero no todos los seres humanos contribuyen a él de la misma manera. Las acciones guiadas por el capital depredador y sus nefastas consecuencias no pueden compararse con formas de vida con menor impacto ambiental. Pensando en Belém, una ciudad amazónica, muchas de las viviendas construidas en sus zonas bajas, en sus llanuras aluviales, indican conocimientos y vidas en interacción con el mundo del agua, de los bosques, con los no humanos que también viven allí. Estudio arquitectónico de las fachadas de las casas ribereñas tradicionales, la maqueta está iluminada por las luces rojas que suelen identificar las ventas nocturnas de açaí.</p>

<!-- This site is optimized with the Yoast SEO plugin v24.4 - https://yoast.com/wordpress/plugins/seo/ -->
<title>Ciudad ribereña bajo la luz roja del açaí - Concurso Fotografico</title>
<meta name="robots" content="index, follow, max-snippet:-1, max-image-preview:large, max-video-preview:-1" />
<link rel="canonical" href="https://otca.org/concursofotografico/es/fotografia/ciudad-riberena-bajo-la-luz-roja-del-acai/" />
<meta property="og:locale" content="pt_BR" />
<meta property="og:type" content="article" />
<meta property="og:title" content="Ciudad ribereña bajo la luz roja del açaí - Concurso Fotografico" />
<meta property="og:description" content="El cambio climático tiene causas antropogénicas, pero no todos los [&hellip;]" />
<meta property="og:url" content="https://otca.org/concursofotografico/es/fotografia/ciudad-riberena-bajo-la-luz-roja-del-acai/" />
<meta property="og:site_name" content="Concurso Fotografico" />
<meta property="og:image" content="https://otca.org/concursofotografico/wp-content/uploads/2025/01/id080-Barbara-Faciola-Pessoa-Baleixe-da-Costa.jpg" />
	<meta property="og:image:width" content="1250" />
	<meta property="og:image:height" content="938" />
	<meta property="og:image:type" content="image/jpeg" />
<meta name="twitter:card" content="summary_large_image" />
<meta name="twitter:label1" content="Est. tempo de leitura" />
	<meta name="twitter:data1" content="1 minuto" />
<script type="application/ld+json" class="yoast-schema-graph">{"@context":"https://schema.org","@graph":[{"@type":"WebPage","@id":"https://otca.org/concursofotografico/es/fotografia/ciudad-riberena-bajo-la-luz-roja-del-acai/","url":"https://otca.org/concursofotografico/es/fotografia/ciudad-riberena-bajo-la-luz-roja-del-acai/","name":"Ciudad ribereña bajo la luz roja del açaí - Concurso Fotografico","isPartOf":{"@id":"https://otca.org/concursofotografico/#website"},"primaryImageOfPage":{"@id":"https://otca.org/concursofotografico/es/fotografia/ciudad-riberena-bajo-la-luz-roja-del-acai/#primaryimage"},"image":{"@id":"https://otca.org/concursofotografico/es/fotografia/ciudad-riberena-bajo-la-luz-roja-del-acai/#primaryimage"},"thumbnailUrl":"https://otca.org/concursofotografico/wp-content/uploads/2025/01/id080-Barbara-Faciola-Pessoa-Baleixe-da-Costa.jpg","datePublished":"2025-02-07T11:45:45+00:00","breadcrumb":{"@id":"https://otca.org/concursofotografico/es/fotografia/ciudad-riberena-bajo-la-luz-roja-del-acai/#breadcrumb"},"inLanguage":"pt-BR","potentialAction":[{"@type":"ReadAction","target":["https://otca.org/concursofotografico/es/fotografia/ciudad-riberena-bajo-la-luz-roja-del-acai/"]}]},{"@type":"ImageObject","inLanguage":"pt-BR","@id":"https://otca.org/concursofotografico/es/fotografia/ciudad-riberena-bajo-la-luz-roja-del-acai/#primaryimage","url":"https://otca.org/concursofotografico/wp-content/uploads/2025/01/id080-Barbara-Faciola-Pessoa-Baleixe-da-Costa.jpg","contentUrl":"https://otca.org/concursofotografico/wp-content/uploads/2025/01/id080-Barbara-Faciola-Pessoa-Baleixe-da-Costa.jpg","width":1250,"height":938,"caption":"id080 Barbara Faciola Pessoa Baleixe da Costa"},{"@type":"BreadcrumbList","@id":"https://otca.org/concursofotografico/es/fotografia/ciudad-riberena-bajo-la-luz-roja-del-acai/#breadcrumb","itemListElement":[{"@type":"ListItem","position":1,"name":"Início","item":"https://otca.org/concursofotografico/"},{"@type":"ListItem","position":2,"name":"Ciudad ribereña bajo la luz roja del açaí"}]},{"@type":"WebSite","@id":"https://otca.org/concursofotografico/#website","url":"https://otca.org/concursofotografico/","name":"Concurso Fotografico \"Por um mundo mais que humano\"","description":"","publisher":{"@id":"https://otca.org/concursofotografico/#organization"},"potentialAction":[{"@type":"SearchAction","target":{"@type":"EntryPoint","urlTemplate":"https://otca.org/concursofotografico/?s={search_term_string}"},"query-input":{"@type":"PropertyValueSpecification","valueRequired":true,"valueName":"search_term_string"}}],"inLanguage":"pt-BR"},{"@type":"Organization","@id":"https://otca.org/concursofotografico/#organization","name":"OTCA","url":"https://otca.org/concursofotografico/","logo":{"@type":"ImageObject","inLanguage":"pt-BR","@id":"https://otca.org/concursofotografico/#/schema/logo/image/","url":"https://otca.org/concursofotografico/wp-content/uploads/2024/08/logo-OTCA_PT.svg","contentUrl":"https://otca.org/concursofotografico/wp-content/uploads/2024/08/logo-OTCA_PT.svg","width":120,"height":50,"caption":"OTCA"},"image":{"@id":"https://otca.org/concursofotografico/#/schema/logo/image/"}}]}</script>
<!-- / Yoast SEO plugin. -->

Ciudad ribereña bajo la luz roja del açaí - Concurso Fotografico

El cambio climático tiene causas antropogénicas, pero no todos los [&hellip;]

Início
