{"id":977,"date":"2025-02-07T11:45:44","date_gmt":"2025-02-07T11:45:44","guid":{"rendered":"https:\/\/otca.org\/concursofotografico\/?post_type=fotografia&#038;p=977"},"modified":"2025-02-07T11:45:44","modified_gmt":"2025-02-07T11:45:44","slug":"rio-tierra-bosque","status":"publish","type":"fotografia","link":"https:\/\/otca.org\/concursofotografico\/es\/fotografia\/rio-tierra-bosque\/","title":{"rendered":"R\u00edo-Tierra-Bosque"},"content":{"rendered":"<p>En las aguas turbias de los r\u00edos de la Amazonia brasile\u00f1a, las huellas de toda una selva. Los sedimentos en suspensi\u00f3n serpentean largas distancias, fertilizan y cambian las orillas. Las aguas se detienen antes de que cambie la marea. Y entonces el a\u00e7a\u00ed se vuelve ocre, el a\u00e7a\u00ed que s\u00f3lo crece donde llega el r\u00edo. <\/p>\n","protected":false},"featured_media":636,"template":"","meta":{"_acf_changed":false},"autor":[140],"etnia":[],"lugar":[649],"pais":[83],"premio":[388],"tipo-de-fotografia":[72],"class_list":["post-977","fotografia","type-fotografia","status-publish","has-post-thumbnail","hentry","autor-barbara-faciola-pessoa-baleixe-da-costa-es","lugar-para-es","pais-brasil-es","premio-seleccionada","tipo-de-fotografia-artistica-es"],"acf":[],"yoast_head":"<!-- This site is optimized with the Yoast SEO plugin v24.4 - https:\/\/yoast.com\/wordpress\/plugins\/seo\/ -->\n<title>R\u00edo-Tierra-Bosque - Concurso Fotografico<\/title>\n<meta name=\"robots\" content=\"index, follow, max-snippet:-1, max-image-preview:large, max-video-preview:-1\" \/>\n<link rel=\"canonical\" href=\"https:\/\/otca.org\/concursofotografico\/es\/fotografia\/rio-tierra-bosque\/\" \/>\n<meta property=\"og:locale\" content=\"pt_BR\" \/>\n<meta property=\"og:type\" content=\"article\" \/>\n<meta property=\"og:title\" content=\"R\u00edo-Tierra-Bosque - Concurso Fotografico\" \/>\n<meta property=\"og:description\" content=\"En las aguas turbias de los r\u00edos de la Amazonia [&hellip;]\" \/>\n<meta property=\"og:url\" content=\"https:\/\/otca.org\/concursofotografico\/es\/fotografia\/rio-tierra-bosque\/\" \/>\n<meta property=\"og:site_name\" content=\"Concurso Fotografico\" \/>\n<meta property=\"og:image\" content=\"https:\/\/otca.org\/concursofotografico\/wp-content\/uploads\/2025\/01\/id049-Barbara-Faciola-Pessoa-Baleixe-da-Costa.jpg\" \/>\n\t<meta property=\"og:image:width\" content=\"1250\" \/>\n\t<meta property=\"og:image:height\" content=\"703\" \/>\n\t<meta property=\"og:image:type\" content=\"image\/jpeg\" \/>\n<meta name=\"twitter:card\" content=\"summary_large_image\" \/>\n<meta name=\"twitter:label1\" content=\"Est. tempo de leitura\" \/>\n\t<meta name=\"twitter:data1\" content=\"1 minuto\" \/>\n<script type=\"application\/ld+json\" class=\"yoast-schema-graph\">{\"@context\":\"https:\/\/schema.org\",\"@graph\":[{\"@type\":\"WebPage\",\"@id\":\"https:\/\/otca.org\/concursofotografico\/es\/fotografia\/rio-tierra-bosque\/\",\"url\":\"https:\/\/otca.org\/concursofotografico\/es\/fotografia\/rio-tierra-bosque\/\",\"name\":\"R\u00edo-Tierra-Bosque - Concurso Fotografico\",\"isPartOf\":{\"@id\":\"https:\/\/otca.org\/concursofotografico\/#website\"},\"primaryImageOfPage\":{\"@id\":\"https:\/\/otca.org\/concursofotografico\/es\/fotografia\/rio-tierra-bosque\/#primaryimage\"},\"image\":{\"@id\":\"https:\/\/otca.org\/concursofotografico\/es\/fotografia\/rio-tierra-bosque\/#primaryimage\"},\"thumbnailUrl\":\"https:\/\/otca.org\/concursofotografico\/wp-content\/uploads\/2025\/01\/id049-Barbara-Faciola-Pessoa-Baleixe-da-Costa.jpg\",\"datePublished\":\"2025-02-07T11:45:44+00:00\",\"breadcrumb\":{\"@id\":\"https:\/\/otca.org\/concursofotografico\/es\/fotografia\/rio-tierra-bosque\/#breadcrumb\"},\"inLanguage\":\"pt-BR\",\"potentialAction\":[{\"@type\":\"ReadAction\",\"target\":[\"https:\/\/otca.org\/concursofotografico\/es\/fotografia\/rio-tierra-bosque\/\"]}]},{\"@type\":\"ImageObject\",\"inLanguage\":\"pt-BR\",\"@id\":\"https:\/\/otca.org\/concursofotografico\/es\/fotografia\/rio-tierra-bosque\/#primaryimage\",\"url\":\"https:\/\/otca.org\/concursofotografico\/wp-content\/uploads\/2025\/01\/id049-Barbara-Faciola-Pessoa-Baleixe-da-Costa.jpg\",\"contentUrl\":\"https:\/\/otca.org\/concursofotografico\/wp-content\/uploads\/2025\/01\/id049-Barbara-Faciola-Pessoa-Baleixe-da-Costa.jpg\",\"width\":1250,\"height\":703,\"caption\":\"id049 Barbara Faciola Pessoa Baleixe da Costa\"},{\"@type\":\"BreadcrumbList\",\"@id\":\"https:\/\/otca.org\/concursofotografico\/es\/fotografia\/rio-tierra-bosque\/#breadcrumb\",\"itemListElement\":[{\"@type\":\"ListItem\",\"position\":1,\"name\":\"In\u00edcio\",\"item\":\"https:\/\/otca.org\/concursofotografico\/\"},{\"@type\":\"ListItem\",\"position\":2,\"name\":\"R\u00edo-Tierra-Bosque\"}]},{\"@type\":\"WebSite\",\"@id\":\"https:\/\/otca.org\/concursofotografico\/#website\",\"url\":\"https:\/\/otca.org\/concursofotografico\/\",\"name\":\"Concurso Fotografico \\\"Por um mundo mais que humano\\\"\",\"description\":\"\",\"publisher\":{\"@id\":\"https:\/\/otca.org\/concursofotografico\/#organization\"},\"potentialAction\":[{\"@type\":\"SearchAction\",\"target\":{\"@type\":\"EntryPoint\",\"urlTemplate\":\"https:\/\/otca.org\/concursofotografico\/?s={search_term_string}\"},\"query-input\":{\"@type\":\"PropertyValueSpecification\",\"valueRequired\":true,\"valueName\":\"search_term_string\"}}],\"inLanguage\":\"pt-BR\"},{\"@type\":\"Organization\",\"@id\":\"https:\/\/otca.org\/concursofotografico\/#organization\",\"name\":\"OTCA\",\"url\":\"https:\/\/otca.org\/concursofotografico\/\",\"logo\":{\"@type\":\"ImageObject\",\"inLanguage\":\"pt-BR\",\"@id\":\"https:\/\/otca.org\/concursofotografico\/#\/schema\/logo\/image\/\",\"url\":\"https:\/\/otca.org\/concursofotografico\/wp-content\/uploads\/2024\/08\/logo-OTCA_PT.svg\",\"contentUrl\":\"https:\/\/otca.org\/concursofotografico\/wp-content\/uploads\/2024\/08\/logo-OTCA_PT.svg\",\"width\":120,\"height\":50,\"caption\":\"OTCA\"},\"image\":{\"@id\":\"https:\/\/otca.org\/concursofotografico\/#\/schema\/logo\/image\/\"}}]}<\/script>\n<!-- \/ Yoast SEO plugin. -->","yoast_head_json":{"title":"R\u00edo-Tierra-Bosque - Concurso Fotografico","robots":{"index":"index","follow":"follow","max-snippet":"max-snippet:-1","max-image-preview":"max-image-preview:large","max-video-preview":"max-video-preview:-1"},"canonical":"https:\/\/otca.org\/concursofotografico\/es\/fotografia\/rio-tierra-bosque\/","og_locale":"pt_BR","og_type":"article","og_title":"R\u00edo-Tierra-Bosque - Concurso Fotografico","og_description":"En las aguas turbias de los r\u00edos de la Amazonia [&hellip;]","og_url":"https:\/\/otca.org\/concursofotografico\/es\/fotografia\/rio-tierra-bosque\/","og_site_name":"Concurso Fotografico","og_image":[{"width":1250,"height":703,"url":"https:\/\/otca.org\/concursofotografico\/wp-content\/uploads\/2025\/01\/id049-Barbara-Faciola-Pessoa-Baleixe-da-Costa.jpg","type":"image\/jpeg"}],"twitter_card":"summary_large_image","twitter_misc":{"Est. tempo de leitura":"1 minuto"},"schema":{"@context":"https:\/\/schema.org","@graph":[{"@type":"WebPage","@id":"https:\/\/otca.org\/concursofotografico\/es\/fotografia\/rio-tierra-bosque\/","url":"https:\/\/otca.org\/concursofotografico\/es\/fotografia\/rio-tierra-bosque\/","name":"R\u00edo-Tierra-Bosque - Concurso Fotografico","isPartOf":{"@id":"https:\/\/otca.org\/concursofotografico\/#website"},"primaryImageOfPage":{"@id":"https:\/\/otca.org\/concursofotografico\/es\/fotografia\/rio-tierra-bosque\/#primaryimage"},"image":{"@id":"https:\/\/otca.org\/concursofotografico\/es\/fotografia\/rio-tierra-bosque\/#primaryimage"},"thumbnailUrl":"https:\/\/otca.org\/concursofotografico\/wp-content\/uploads\/2025\/01\/id049-Barbara-Faciola-Pessoa-Baleixe-da-Costa.jpg","datePublished":"2025-02-07T11:45:44+00:00","breadcrumb":{"@id":"https:\/\/otca.org\/concursofotografico\/es\/fotografia\/rio-tierra-bosque\/#breadcrumb"},"inLanguage":"pt-BR","potentialAction":[{"@type":"ReadAction","target":["https:\/\/otca.org\/concursofotografico\/es\/fotografia\/rio-tierra-bosque\/"]}]},{"@type":"ImageObject","inLanguage":"pt-BR","@id":"https:\/\/otca.org\/concursofotografico\/es\/fotografia\/rio-tierra-bosque\/#primaryimage","url":"https:\/\/otca.org\/concursofotografico\/wp-content\/uploads\/2025\/01\/id049-Barbara-Faciola-Pessoa-Baleixe-da-Costa.jpg","contentUrl":"https:\/\/otca.org\/concursofotografico\/wp-content\/uploads\/2025\/01\/id049-Barbara-Faciola-Pessoa-Baleixe-da-Costa.jpg","width":1250,"height":703,"caption":"id049 Barbara Faciola Pessoa Baleixe da Costa"},{"@type":"BreadcrumbList","@id":"https:\/\/otca.org\/concursofotografico\/es\/fotografia\/rio-tierra-bosque\/#breadcrumb","itemListElement":[{"@type":"ListItem","position":1,"name":"In\u00edcio","item":"https:\/\/otca.org\/concursofotografico\/"},{"@type":"ListItem","position":2,"name":"R\u00edo-Tierra-Bosque"}]},{"@type":"WebSite","@id":"https:\/\/otca.org\/concursofotografico\/#website","url":"https:\/\/otca.org\/concursofotografico\/","name":"Concurso Fotografico \"Por um mundo mais que humano\"","description":"","publisher":{"@id":"https:\/\/otca.org\/concursofotografico\/#organization"},"potentialAction":[{"@type":"SearchAction","target":{"@type":"EntryPoint","urlTemplate":"https:\/\/otca.org\/concursofotografico\/?s={search_term_string}"},"query-input":{"@type":"PropertyValueSpecification","valueRequired":true,"valueName":"search_term_string"}}],"inLanguage":"pt-BR"},{"@type":"Organization","@id":"https:\/\/otca.org\/concursofotografico\/#organization","name":"OTCA","url":"https:\/\/otca.org\/concursofotografico\/","logo":{"@type":"ImageObject","inLanguage":"pt-BR","@id":"https:\/\/otca.org\/concursofotografico\/#\/schema\/logo\/image\/","url":"https:\/\/otca.org\/concursofotografico\/wp-content\/uploads\/2024\/08\/logo-OTCA_PT.svg","contentUrl":"https:\/\/otca.org\/concursofotografico\/wp-content\/uploads\/2024\/08\/logo-OTCA_PT.svg","width":120,"height":50,"caption":"OTCA"},"image":{"@id":"https:\/\/otca.org\/concursofotografico\/#\/schema\/logo\/image\/"}}]}},"_links":{"self":[{"href":"https:\/\/otca.org\/concursofotografico\/wp-json\/wp\/v2\/fotografia\/977"}],"collection":[{"href":"https:\/\/otca.org\/concursofotografico\/wp-json\/wp\/v2\/fotografia"}],"about":[{"href":"https:\/\/otca.org\/concursofotografico\/wp-json\/wp\/v2\/types\/fotografia"}],"wp:featuredmedia":[{"embeddable":true,"href":"https:\/\/otca.org\/concursofotografico\/wp-json\/wp\/v2\/media\/636"}],"wp:attachment":[{"href":"https:\/\/otca.org\/concursofotografico\/wp-json\/wp\/v2\/media?parent=977"}],"wp:term":[{"taxonomy":"autor","embeddable":true,"href":"https:\/\/otca.org\/concursofotografico\/wp-json\/wp\/v2\/autor?post=977"},{"taxonomy":"etnia","embeddable":true,"href":"https:\/\/otca.org\/concursofotografico\/wp-json\/wp\/v2\/etnia?post=977"},{"taxonomy":"lugar","embeddable":true,"href":"https:\/\/otca.org\/concursofotografico\/wp-json\/wp\/v2\/lugar?post=977"},{"taxonomy":"pais","embeddable":true,"href":"https:\/\/otca.org\/concursofotografico\/wp-json\/wp\/v2\/pais?post=977"},{"taxonomy":"premio","embeddable":true,"href":"https:\/\/otca.org\/concursofotografico\/wp-json\/wp\/v2\/premio?post=977"},{"taxonomy":"tipo-de-fotografia","embeddable":true,"href":"https:\/\/otca.org\/concursofotografico\/wp-json\/wp\/v2\/tipo-de-fotografia?post=977"}],"curies":[{"name":"wp","href":"https:\/\/api.w.org\/{rel}","templated":true}]}}

Río-Tierra-Bosque

<p>En las aguas turbias de los ríos de la Amazonia brasileña, las huellas de toda una selva. Los sedimentos en suspensión serpentean largas distancias, fertilizan y cambian las orillas. Las aguas se detienen antes de que cambie la marea. Y entonces el açaí se vuelve ocre, el açaí que sólo crece donde llega el río. </p>

<!-- This site is optimized with the Yoast SEO plugin v24.4 - https://yoast.com/wordpress/plugins/seo/ -->
<title>Río-Tierra-Bosque - Concurso Fotografico</title>
<meta name="robots" content="index, follow, max-snippet:-1, max-image-preview:large, max-video-preview:-1" />
<link rel="canonical" href="https://otca.org/concursofotografico/es/fotografia/rio-tierra-bosque/" />
<meta property="og:locale" content="pt_BR" />
<meta property="og:type" content="article" />
<meta property="og:title" content="Río-Tierra-Bosque - Concurso Fotografico" />
<meta property="og:description" content="En las aguas turbias de los ríos de la Amazonia [&hellip;]" />
<meta property="og:url" content="https://otca.org/concursofotografico/es/fotografia/rio-tierra-bosque/" />
<meta property="og:site_name" content="Concurso Fotografico" />
<meta property="og:image" content="https://otca.org/concursofotografico/wp-content/uploads/2025/01/id049-Barbara-Faciola-Pessoa-Baleixe-da-Costa.jpg" />
	<meta property="og:image:width" content="1250" />
	<meta property="og:image:height" content="703" />
	<meta property="og:image:type" content="image/jpeg" />
<meta name="twitter:card" content="summary_large_image" />
<meta name="twitter:label1" content="Est. tempo de leitura" />
	<meta name="twitter:data1" content="1 minuto" />
<script type="application/ld+json" class="yoast-schema-graph">{"@context":"https://schema.org","@graph":[{"@type":"WebPage","@id":"https://otca.org/concursofotografico/es/fotografia/rio-tierra-bosque/","url":"https://otca.org/concursofotografico/es/fotografia/rio-tierra-bosque/","name":"Río-Tierra-Bosque - Concurso Fotografico","isPartOf":{"@id":"https://otca.org/concursofotografico/#website"},"primaryImageOfPage":{"@id":"https://otca.org/concursofotografico/es/fotografia/rio-tierra-bosque/#primaryimage"},"image":{"@id":"https://otca.org/concursofotografico/es/fotografia/rio-tierra-bosque/#primaryimage"},"thumbnailUrl":"https://otca.org/concursofotografico/wp-content/uploads/2025/01/id049-Barbara-Faciola-Pessoa-Baleixe-da-Costa.jpg","datePublished":"2025-02-07T11:45:44+00:00","breadcrumb":{"@id":"https://otca.org/concursofotografico/es/fotografia/rio-tierra-bosque/#breadcrumb"},"inLanguage":"pt-BR","potentialAction":[{"@type":"ReadAction","target":["https://otca.org/concursofotografico/es/fotografia/rio-tierra-bosque/"]}]},{"@type":"ImageObject","inLanguage":"pt-BR","@id":"https://otca.org/concursofotografico/es/fotografia/rio-tierra-bosque/#primaryimage","url":"https://otca.org/concursofotografico/wp-content/uploads/2025/01/id049-Barbara-Faciola-Pessoa-Baleixe-da-Costa.jpg","contentUrl":"https://otca.org/concursofotografico/wp-content/uploads/2025/01/id049-Barbara-Faciola-Pessoa-Baleixe-da-Costa.jpg","width":1250,"height":703,"caption":"id049 Barbara Faciola Pessoa Baleixe da Costa"},{"@type":"BreadcrumbList","@id":"https://otca.org/concursofotografico/es/fotografia/rio-tierra-bosque/#breadcrumb","itemListElement":[{"@type":"ListItem","position":1,"name":"Início","item":"https://otca.org/concursofotografico/"},{"@type":"ListItem","position":2,"name":"Río-Tierra-Bosque"}]},{"@type":"WebSite","@id":"https://otca.org/concursofotografico/#website","url":"https://otca.org/concursofotografico/","name":"Concurso Fotografico \"Por um mundo mais que humano\"","description":"","publisher":{"@id":"https://otca.org/concursofotografico/#organization"},"potentialAction":[{"@type":"SearchAction","target":{"@type":"EntryPoint","urlTemplate":"https://otca.org/concursofotografico/?s={search_term_string}"},"query-input":{"@type":"PropertyValueSpecification","valueRequired":true,"valueName":"search_term_string"}}],"inLanguage":"pt-BR"},{"@type":"Organization","@id":"https://otca.org/concursofotografico/#organization","name":"OTCA","url":"https://otca.org/concursofotografico/","logo":{"@type":"ImageObject","inLanguage":"pt-BR","@id":"https://otca.org/concursofotografico/#/schema/logo/image/","url":"https://otca.org/concursofotografico/wp-content/uploads/2024/08/logo-OTCA_PT.svg","contentUrl":"https://otca.org/concursofotografico/wp-content/uploads/2024/08/logo-OTCA_PT.svg","width":120,"height":50,"caption":"OTCA"},"image":{"@id":"https://otca.org/concursofotografico/#/schema/logo/image/"}}]}</script>
<!-- / Yoast SEO plugin. -->

Río-Tierra-Bosque - Concurso Fotografico

En las aguas turbias de los ríos de la Amazonia [&hellip;]

Início
