{"id":989,"date":"2025-02-07T12:47:43","date_gmt":"2025-02-07T12:47:43","guid":{"rendered":"https:\/\/otca.org\/concursofotografico\/?post_type=fotografia&#038;p=989"},"modified":"2025-02-14T11:43:19","modified_gmt":"2025-02-14T11:43:19","slug":"la-extraccion-minera-ilegal-es-un-crimen","status":"publish","type":"fotografia","link":"https:\/\/otca.org\/concursofotografico\/es\/fotografia\/la-extraccion-minera-ilegal-es-un-crimen\/","title":{"rendered":"La extracci\u00f3n minera ilegal es un crimen"},"content":{"rendered":"<p>La extracci\u00f3n minera ilegal es un crimen, y estamos en contra de ella. En manos de estos ind\u00edgenas, los lingotes de oro manchados de sangre representan el sufrimiento causado por las actividades mineras ilegales en tierras ancestrales. En tierras ind\u00edgenas de Amap\u00e1, como las de los pueblos Karipuna y Palikur, la miner\u00eda de oro ha invadido \u00e1reas protegidas, destruyendo bosques, contaminando r\u00edos y poniendo en peligro la salud y la vida de estas comunidades. La lucha contra esta invasi\u00f3n es una defensa de la vida, la cultura y el futuro de los pueblos ind\u00edgenas. Resistimos por un futuro en el que la tierra sea respetada y la sangre derramada sea recordada como un grito de resistencia. Estas invasiones destruyen vidas, culturas y amenazan el futuro de los pueblos ind\u00edgenas.<\/p>\n","protected":false},"featured_media":601,"template":"","meta":{"_acf_changed":false},"autor":[154],"etnia":[1172],"lugar":[661,665],"pais":[83],"premio":[394],"tipo-de-fotografia":[116],"class_list":["post-989","fotografia","type-fotografia","status-publish","has-post-thumbnail","hentry","autor-joyce-anika-es","etnia-karipuna-es","lugar-brasilia-df-es","lugar-distrito-federal-es","pais-brasil-es","premio-segundo-premio-es","tipo-de-fotografia-documental-es"],"acf":[],"yoast_head":"<!-- This site is optimized with the Yoast SEO plugin v24.4 - https:\/\/yoast.com\/wordpress\/plugins\/seo\/ -->\n<title>La extracci\u00f3n minera ilegal es un crimen - Concurso Fotografico<\/title>\n<meta name=\"robots\" content=\"index, follow, max-snippet:-1, max-image-preview:large, max-video-preview:-1\" \/>\n<link rel=\"canonical\" href=\"https:\/\/otca.org\/concursofotografico\/es\/fotografia\/la-extraccion-minera-ilegal-es-un-crimen\/\" \/>\n<meta property=\"og:locale\" content=\"pt_BR\" \/>\n<meta property=\"og:type\" content=\"article\" \/>\n<meta property=\"og:title\" content=\"La extracci\u00f3n minera ilegal es un crimen - Concurso Fotografico\" \/>\n<meta property=\"og:description\" content=\"La extracci\u00f3n minera ilegal es un crimen, y estamos en [&hellip;]\" \/>\n<meta property=\"og:url\" content=\"https:\/\/otca.org\/concursofotografico\/es\/fotografia\/la-extraccion-minera-ilegal-es-un-crimen\/\" \/>\n<meta property=\"og:site_name\" content=\"Concurso Fotografico\" \/>\n<meta property=\"article:modified_time\" content=\"2025-02-14T11:43:19+00:00\" \/>\n<meta property=\"og:image\" content=\"https:\/\/otca.org\/concursofotografico\/wp-content\/uploads\/2025\/01\/id020-Joyce-Anika-.jpg\" \/>\n\t<meta property=\"og:image:width\" content=\"1250\" \/>\n\t<meta property=\"og:image:height\" content=\"704\" \/>\n\t<meta property=\"og:image:type\" content=\"image\/jpeg\" \/>\n<meta name=\"twitter:card\" content=\"summary_large_image\" \/>\n<meta name=\"twitter:label1\" content=\"Est. tempo de leitura\" \/>\n\t<meta name=\"twitter:data1\" content=\"1 minuto\" \/>\n<script type=\"application\/ld+json\" class=\"yoast-schema-graph\">{\"@context\":\"https:\/\/schema.org\",\"@graph\":[{\"@type\":\"WebPage\",\"@id\":\"https:\/\/otca.org\/concursofotografico\/es\/fotografia\/la-extraccion-minera-ilegal-es-un-crimen\/\",\"url\":\"https:\/\/otca.org\/concursofotografico\/es\/fotografia\/la-extraccion-minera-ilegal-es-un-crimen\/\",\"name\":\"La extracci\u00f3n minera ilegal es un crimen - Concurso Fotografico\",\"isPartOf\":{\"@id\":\"https:\/\/otca.org\/concursofotografico\/#website\"},\"primaryImageOfPage\":{\"@id\":\"https:\/\/otca.org\/concursofotografico\/es\/fotografia\/la-extraccion-minera-ilegal-es-un-crimen\/#primaryimage\"},\"image\":{\"@id\":\"https:\/\/otca.org\/concursofotografico\/es\/fotografia\/la-extraccion-minera-ilegal-es-un-crimen\/#primaryimage\"},\"thumbnailUrl\":\"https:\/\/otca.org\/concursofotografico\/wp-content\/uploads\/2025\/01\/id020-Joyce-Anika-.jpg\",\"datePublished\":\"2025-02-07T12:47:43+00:00\",\"dateModified\":\"2025-02-14T11:43:19+00:00\",\"breadcrumb\":{\"@id\":\"https:\/\/otca.org\/concursofotografico\/es\/fotografia\/la-extraccion-minera-ilegal-es-un-crimen\/#breadcrumb\"},\"inLanguage\":\"pt-BR\",\"potentialAction\":[{\"@type\":\"ReadAction\",\"target\":[\"https:\/\/otca.org\/concursofotografico\/es\/fotografia\/la-extraccion-minera-ilegal-es-un-crimen\/\"]}]},{\"@type\":\"ImageObject\",\"inLanguage\":\"pt-BR\",\"@id\":\"https:\/\/otca.org\/concursofotografico\/es\/fotografia\/la-extraccion-minera-ilegal-es-un-crimen\/#primaryimage\",\"url\":\"https:\/\/otca.org\/concursofotografico\/wp-content\/uploads\/2025\/01\/id020-Joyce-Anika-.jpg\",\"contentUrl\":\"https:\/\/otca.org\/concursofotografico\/wp-content\/uploads\/2025\/01\/id020-Joyce-Anika-.jpg\",\"width\":1250,\"height\":704,\"caption\":\"id020 Joyce Anika\"},{\"@type\":\"BreadcrumbList\",\"@id\":\"https:\/\/otca.org\/concursofotografico\/es\/fotografia\/la-extraccion-minera-ilegal-es-un-crimen\/#breadcrumb\",\"itemListElement\":[{\"@type\":\"ListItem\",\"position\":1,\"name\":\"In\u00edcio\",\"item\":\"https:\/\/otca.org\/concursofotografico\/\"},{\"@type\":\"ListItem\",\"position\":2,\"name\":\"La extracci\u00f3n minera ilegal es un crimen\"}]},{\"@type\":\"WebSite\",\"@id\":\"https:\/\/otca.org\/concursofotografico\/#website\",\"url\":\"https:\/\/otca.org\/concursofotografico\/\",\"name\":\"Concurso Fotografico \\\"Por um mundo mais que humano\\\"\",\"description\":\"\",\"publisher\":{\"@id\":\"https:\/\/otca.org\/concursofotografico\/#organization\"},\"potentialAction\":[{\"@type\":\"SearchAction\",\"target\":{\"@type\":\"EntryPoint\",\"urlTemplate\":\"https:\/\/otca.org\/concursofotografico\/?s={search_term_string}\"},\"query-input\":{\"@type\":\"PropertyValueSpecification\",\"valueRequired\":true,\"valueName\":\"search_term_string\"}}],\"inLanguage\":\"pt-BR\"},{\"@type\":\"Organization\",\"@id\":\"https:\/\/otca.org\/concursofotografico\/#organization\",\"name\":\"OTCA\",\"url\":\"https:\/\/otca.org\/concursofotografico\/\",\"logo\":{\"@type\":\"ImageObject\",\"inLanguage\":\"pt-BR\",\"@id\":\"https:\/\/otca.org\/concursofotografico\/#\/schema\/logo\/image\/\",\"url\":\"https:\/\/otca.org\/concursofotografico\/wp-content\/uploads\/2024\/08\/logo-OTCA_PT.svg\",\"contentUrl\":\"https:\/\/otca.org\/concursofotografico\/wp-content\/uploads\/2024\/08\/logo-OTCA_PT.svg\",\"width\":120,\"height\":50,\"caption\":\"OTCA\"},\"image\":{\"@id\":\"https:\/\/otca.org\/concursofotografico\/#\/schema\/logo\/image\/\"}}]}<\/script>\n<!-- \/ Yoast SEO plugin. -->","yoast_head_json":{"title":"La extracci\u00f3n minera ilegal es un crimen - Concurso Fotografico","robots":{"index":"index","follow":"follow","max-snippet":"max-snippet:-1","max-image-preview":"max-image-preview:large","max-video-preview":"max-video-preview:-1"},"canonical":"https:\/\/otca.org\/concursofotografico\/es\/fotografia\/la-extraccion-minera-ilegal-es-un-crimen\/","og_locale":"pt_BR","og_type":"article","og_title":"La extracci\u00f3n minera ilegal es un crimen - Concurso Fotografico","og_description":"La extracci\u00f3n minera ilegal es un crimen, y estamos en [&hellip;]","og_url":"https:\/\/otca.org\/concursofotografico\/es\/fotografia\/la-extraccion-minera-ilegal-es-un-crimen\/","og_site_name":"Concurso Fotografico","article_modified_time":"2025-02-14T11:43:19+00:00","og_image":[{"width":1250,"height":704,"url":"https:\/\/otca.org\/concursofotografico\/wp-content\/uploads\/2025\/01\/id020-Joyce-Anika-.jpg","type":"image\/jpeg"}],"twitter_card":"summary_large_image","twitter_misc":{"Est. tempo de leitura":"1 minuto"},"schema":{"@context":"https:\/\/schema.org","@graph":[{"@type":"WebPage","@id":"https:\/\/otca.org\/concursofotografico\/es\/fotografia\/la-extraccion-minera-ilegal-es-un-crimen\/","url":"https:\/\/otca.org\/concursofotografico\/es\/fotografia\/la-extraccion-minera-ilegal-es-un-crimen\/","name":"La extracci\u00f3n minera ilegal es un crimen - Concurso Fotografico","isPartOf":{"@id":"https:\/\/otca.org\/concursofotografico\/#website"},"primaryImageOfPage":{"@id":"https:\/\/otca.org\/concursofotografico\/es\/fotografia\/la-extraccion-minera-ilegal-es-un-crimen\/#primaryimage"},"image":{"@id":"https:\/\/otca.org\/concursofotografico\/es\/fotografia\/la-extraccion-minera-ilegal-es-un-crimen\/#primaryimage"},"thumbnailUrl":"https:\/\/otca.org\/concursofotografico\/wp-content\/uploads\/2025\/01\/id020-Joyce-Anika-.jpg","datePublished":"2025-02-07T12:47:43+00:00","dateModified":"2025-02-14T11:43:19+00:00","breadcrumb":{"@id":"https:\/\/otca.org\/concursofotografico\/es\/fotografia\/la-extraccion-minera-ilegal-es-un-crimen\/#breadcrumb"},"inLanguage":"pt-BR","potentialAction":[{"@type":"ReadAction","target":["https:\/\/otca.org\/concursofotografico\/es\/fotografia\/la-extraccion-minera-ilegal-es-un-crimen\/"]}]},{"@type":"ImageObject","inLanguage":"pt-BR","@id":"https:\/\/otca.org\/concursofotografico\/es\/fotografia\/la-extraccion-minera-ilegal-es-un-crimen\/#primaryimage","url":"https:\/\/otca.org\/concursofotografico\/wp-content\/uploads\/2025\/01\/id020-Joyce-Anika-.jpg","contentUrl":"https:\/\/otca.org\/concursofotografico\/wp-content\/uploads\/2025\/01\/id020-Joyce-Anika-.jpg","width":1250,"height":704,"caption":"id020 Joyce Anika"},{"@type":"BreadcrumbList","@id":"https:\/\/otca.org\/concursofotografico\/es\/fotografia\/la-extraccion-minera-ilegal-es-un-crimen\/#breadcrumb","itemListElement":[{"@type":"ListItem","position":1,"name":"In\u00edcio","item":"https:\/\/otca.org\/concursofotografico\/"},{"@type":"ListItem","position":2,"name":"La extracci\u00f3n minera ilegal es un crimen"}]},{"@type":"WebSite","@id":"https:\/\/otca.org\/concursofotografico\/#website","url":"https:\/\/otca.org\/concursofotografico\/","name":"Concurso Fotografico \"Por um mundo mais que humano\"","description":"","publisher":{"@id":"https:\/\/otca.org\/concursofotografico\/#organization"},"potentialAction":[{"@type":"SearchAction","target":{"@type":"EntryPoint","urlTemplate":"https:\/\/otca.org\/concursofotografico\/?s={search_term_string}"},"query-input":{"@type":"PropertyValueSpecification","valueRequired":true,"valueName":"search_term_string"}}],"inLanguage":"pt-BR"},{"@type":"Organization","@id":"https:\/\/otca.org\/concursofotografico\/#organization","name":"OTCA","url":"https:\/\/otca.org\/concursofotografico\/","logo":{"@type":"ImageObject","inLanguage":"pt-BR","@id":"https:\/\/otca.org\/concursofotografico\/#\/schema\/logo\/image\/","url":"https:\/\/otca.org\/concursofotografico\/wp-content\/uploads\/2024\/08\/logo-OTCA_PT.svg","contentUrl":"https:\/\/otca.org\/concursofotografico\/wp-content\/uploads\/2024\/08\/logo-OTCA_PT.svg","width":120,"height":50,"caption":"OTCA"},"image":{"@id":"https:\/\/otca.org\/concursofotografico\/#\/schema\/logo\/image\/"}}]}},"_links":{"self":[{"href":"https:\/\/otca.org\/concursofotografico\/wp-json\/wp\/v2\/fotografia\/989"}],"collection":[{"href":"https:\/\/otca.org\/concursofotografico\/wp-json\/wp\/v2\/fotografia"}],"about":[{"href":"https:\/\/otca.org\/concursofotografico\/wp-json\/wp\/v2\/types\/fotografia"}],"wp:featuredmedia":[{"embeddable":true,"href":"https:\/\/otca.org\/concursofotografico\/wp-json\/wp\/v2\/media\/601"}],"wp:attachment":[{"href":"https:\/\/otca.org\/concursofotografico\/wp-json\/wp\/v2\/media?parent=989"}],"wp:term":[{"taxonomy":"autor","embeddable":true,"href":"https:\/\/otca.org\/concursofotografico\/wp-json\/wp\/v2\/autor?post=989"},{"taxonomy":"etnia","embeddable":true,"href":"https:\/\/otca.org\/concursofotografico\/wp-json\/wp\/v2\/etnia?post=989"},{"taxonomy":"lugar","embeddable":true,"href":"https:\/\/otca.org\/concursofotografico\/wp-json\/wp\/v2\/lugar?post=989"},{"taxonomy":"pais","embeddable":true,"href":"https:\/\/otca.org\/concursofotografico\/wp-json\/wp\/v2\/pais?post=989"},{"taxonomy":"premio","embeddable":true,"href":"https:\/\/otca.org\/concursofotografico\/wp-json\/wp\/v2\/premio?post=989"},{"taxonomy":"tipo-de-fotografia","embeddable":true,"href":"https:\/\/otca.org\/concursofotografico\/wp-json\/wp\/v2\/tipo-de-fotografia?post=989"}],"curies":[{"name":"wp","href":"https:\/\/api.w.org\/{rel}","templated":true}]}}

La extracción minera ilegal es un crimen

<p>La extracción minera ilegal es un crimen, y estamos en contra de ella. En manos de estos indígenas, los lingotes de oro manchados de sangre representan el sufrimiento causado por las actividades mineras ilegales en tierras ancestrales. En tierras indígenas de Amapá, como las de los pueblos Karipuna y Palikur, la minería de oro ha invadido áreas protegidas, destruyendo bosques, contaminando ríos y poniendo en peligro la salud y la vida de estas comunidades. La lucha contra esta invasión es una defensa de la vida, la cultura y el futuro de los pueblos indígenas. Resistimos por un futuro en el que la tierra sea respetada y la sangre derramada sea recordada como un grito de resistencia. Estas invasiones destruyen vidas, culturas y amenazan el futuro de los pueblos indígenas.</p>

<!-- This site is optimized with the Yoast SEO plugin v24.4 - https://yoast.com/wordpress/plugins/seo/ -->
<title>La extracción minera ilegal es un crimen - Concurso Fotografico</title>
<meta name="robots" content="index, follow, max-snippet:-1, max-image-preview:large, max-video-preview:-1" />
<link rel="canonical" href="https://otca.org/concursofotografico/es/fotografia/la-extraccion-minera-ilegal-es-un-crimen/" />
<meta property="og:locale" content="pt_BR" />
<meta property="og:type" content="article" />
<meta property="og:title" content="La extracción minera ilegal es un crimen - Concurso Fotografico" />
<meta property="og:description" content="La extracción minera ilegal es un crimen, y estamos en [&hellip;]" />
<meta property="og:url" content="https://otca.org/concursofotografico/es/fotografia/la-extraccion-minera-ilegal-es-un-crimen/" />
<meta property="og:site_name" content="Concurso Fotografico" />
<meta property="article:modified_time" content="2025-02-14T11:43:19+00:00" />
<meta property="og:image" content="https://otca.org/concursofotografico/wp-content/uploads/2025/01/id020-Joyce-Anika-.jpg" />
	<meta property="og:image:width" content="1250" />
	<meta property="og:image:height" content="704" />
	<meta property="og:image:type" content="image/jpeg" />
<meta name="twitter:card" content="summary_large_image" />
<meta name="twitter:label1" content="Est. tempo de leitura" />
	<meta name="twitter:data1" content="1 minuto" />
<script type="application/ld+json" class="yoast-schema-graph">{"@context":"https://schema.org","@graph":[{"@type":"WebPage","@id":"https://otca.org/concursofotografico/es/fotografia/la-extraccion-minera-ilegal-es-un-crimen/","url":"https://otca.org/concursofotografico/es/fotografia/la-extraccion-minera-ilegal-es-un-crimen/","name":"La extracción minera ilegal es un crimen - Concurso Fotografico","isPartOf":{"@id":"https://otca.org/concursofotografico/#website"},"primaryImageOfPage":{"@id":"https://otca.org/concursofotografico/es/fotografia/la-extraccion-minera-ilegal-es-un-crimen/#primaryimage"},"image":{"@id":"https://otca.org/concursofotografico/es/fotografia/la-extraccion-minera-ilegal-es-un-crimen/#primaryimage"},"thumbnailUrl":"https://otca.org/concursofotografico/wp-content/uploads/2025/01/id020-Joyce-Anika-.jpg","datePublished":"2025-02-07T12:47:43+00:00","dateModified":"2025-02-14T11:43:19+00:00","breadcrumb":{"@id":"https://otca.org/concursofotografico/es/fotografia/la-extraccion-minera-ilegal-es-un-crimen/#breadcrumb"},"inLanguage":"pt-BR","potentialAction":[{"@type":"ReadAction","target":["https://otca.org/concursofotografico/es/fotografia/la-extraccion-minera-ilegal-es-un-crimen/"]}]},{"@type":"ImageObject","inLanguage":"pt-BR","@id":"https://otca.org/concursofotografico/es/fotografia/la-extraccion-minera-ilegal-es-un-crimen/#primaryimage","url":"https://otca.org/concursofotografico/wp-content/uploads/2025/01/id020-Joyce-Anika-.jpg","contentUrl":"https://otca.org/concursofotografico/wp-content/uploads/2025/01/id020-Joyce-Anika-.jpg","width":1250,"height":704,"caption":"id020 Joyce Anika"},{"@type":"BreadcrumbList","@id":"https://otca.org/concursofotografico/es/fotografia/la-extraccion-minera-ilegal-es-un-crimen/#breadcrumb","itemListElement":[{"@type":"ListItem","position":1,"name":"Início","item":"https://otca.org/concursofotografico/"},{"@type":"ListItem","position":2,"name":"La extracción minera ilegal es un crimen"}]},{"@type":"WebSite","@id":"https://otca.org/concursofotografico/#website","url":"https://otca.org/concursofotografico/","name":"Concurso Fotografico \"Por um mundo mais que humano\"","description":"","publisher":{"@id":"https://otca.org/concursofotografico/#organization"},"potentialAction":[{"@type":"SearchAction","target":{"@type":"EntryPoint","urlTemplate":"https://otca.org/concursofotografico/?s={search_term_string}"},"query-input":{"@type":"PropertyValueSpecification","valueRequired":true,"valueName":"search_term_string"}}],"inLanguage":"pt-BR"},{"@type":"Organization","@id":"https://otca.org/concursofotografico/#organization","name":"OTCA","url":"https://otca.org/concursofotografico/","logo":{"@type":"ImageObject","inLanguage":"pt-BR","@id":"https://otca.org/concursofotografico/#/schema/logo/image/","url":"https://otca.org/concursofotografico/wp-content/uploads/2024/08/logo-OTCA_PT.svg","contentUrl":"https://otca.org/concursofotografico/wp-content/uploads/2024/08/logo-OTCA_PT.svg","width":120,"height":50,"caption":"OTCA"},"image":{"@id":"https://otca.org/concursofotografico/#/schema/logo/image/"}}]}</script>
<!-- / Yoast SEO plugin. -->

La extracción minera ilegal es un crimen - Concurso Fotografico

La extracción minera ilegal es un crimen, y estamos en [&hellip;]

Início
