{"id":997,"date":"2025-02-07T11:45:42","date_gmt":"2025-02-07T11:45:42","guid":{"rendered":"https:\/\/otca.org\/concursofotografico\/?post_type=fotografia&#038;p=997"},"modified":"2025-02-07T11:45:42","modified_gmt":"2025-02-07T11:45:42","slug":"tore-de-los-pueblos-kariri-xoco-y-tuxa-del-bananal","status":"publish","type":"fotografia","link":"https:\/\/otca.org\/concursofotografico\/es\/fotografia\/tore-de-los-pueblos-kariri-xoco-y-tuxa-del-bananal\/","title":{"rendered":"Tor\u00e9 de los pueblos Kariri-Xoc\u00f3 y Tux\u00e1 del Bananal"},"content":{"rendered":"<p>Captado durante una reuni\u00f3n del \u00abMovimento Bem-viver\u00bb, durante el Tor\u00e9, ritual tradicional de los pueblos ind\u00edgenas.<\/p>\n","protected":false},"featured_media":1083,"template":"","meta":{"_acf_changed":false},"autor":[157],"etnia":[],"lugar":[657,661,665],"pais":[83],"premio":[388],"tipo-de-fotografia":[116],"class_list":["post-997","fotografia","type-fotografia","status-publish","has-post-thumbnail","hentry","autor-leticia-lucas-de-maceno-es","lugar-barrio-noroeste","lugar-brasilia-df-es","lugar-distrito-federal-es","pais-brasil-es","premio-seleccionada","tipo-de-fotografia-documental-es"],"acf":[],"yoast_head":"<!-- This site is optimized with the Yoast SEO plugin v24.4 - https:\/\/yoast.com\/wordpress\/plugins\/seo\/ -->\n<title>Tor\u00e9 de los pueblos Kariri-Xoc\u00f3 y Tux\u00e1 del Bananal - Concurso Fotografico<\/title>\n<meta name=\"robots\" content=\"index, follow, max-snippet:-1, max-image-preview:large, max-video-preview:-1\" \/>\n<link rel=\"canonical\" href=\"https:\/\/otca.org\/concursofotografico\/es\/fotografia\/tore-de-los-pueblos-kariri-xoco-y-tuxa-del-bananal\/\" \/>\n<meta property=\"og:locale\" content=\"pt_BR\" \/>\n<meta property=\"og:type\" content=\"article\" \/>\n<meta property=\"og:title\" content=\"Tor\u00e9 de los pueblos Kariri-Xoc\u00f3 y Tux\u00e1 del Bananal - Concurso Fotografico\" \/>\n<meta property=\"og:description\" content=\"Captado durante una reuni\u00f3n del \u00abMovimento Bem-viver\u00bb, durante el Tor\u00e9, [&hellip;]\" \/>\n<meta property=\"og:url\" content=\"https:\/\/otca.org\/concursofotografico\/es\/fotografia\/tore-de-los-pueblos-kariri-xoco-y-tuxa-del-bananal\/\" \/>\n<meta property=\"og:site_name\" content=\"Concurso Fotografico\" \/>\n<meta property=\"og:image\" content=\"https:\/\/otca.org\/concursofotografico\/wp-content\/uploads\/2025\/02\/id002-Leticia-Lucas-De-Maceno-scaled.jpg\" \/>\n\t<meta property=\"og:image:width\" content=\"2560\" \/>\n\t<meta property=\"og:image:height\" content=\"1707\" \/>\n\t<meta property=\"og:image:type\" content=\"image\/jpeg\" \/>\n<meta name=\"twitter:card\" content=\"summary_large_image\" \/>\n<script type=\"application\/ld+json\" class=\"yoast-schema-graph\">{\"@context\":\"https:\/\/schema.org\",\"@graph\":[{\"@type\":\"WebPage\",\"@id\":\"https:\/\/otca.org\/concursofotografico\/es\/fotografia\/tore-de-los-pueblos-kariri-xoco-y-tuxa-del-bananal\/\",\"url\":\"https:\/\/otca.org\/concursofotografico\/es\/fotografia\/tore-de-los-pueblos-kariri-xoco-y-tuxa-del-bananal\/\",\"name\":\"Tor\u00e9 de los pueblos Kariri-Xoc\u00f3 y Tux\u00e1 del Bananal - Concurso Fotografico\",\"isPartOf\":{\"@id\":\"https:\/\/otca.org\/concursofotografico\/#website\"},\"primaryImageOfPage\":{\"@id\":\"https:\/\/otca.org\/concursofotografico\/es\/fotografia\/tore-de-los-pueblos-kariri-xoco-y-tuxa-del-bananal\/#primaryimage\"},\"image\":{\"@id\":\"https:\/\/otca.org\/concursofotografico\/es\/fotografia\/tore-de-los-pueblos-kariri-xoco-y-tuxa-del-bananal\/#primaryimage\"},\"thumbnailUrl\":\"https:\/\/otca.org\/concursofotografico\/wp-content\/uploads\/2025\/02\/id002-Leticia-Lucas-De-Maceno-scaled.jpg\",\"datePublished\":\"2025-02-07T11:45:42+00:00\",\"breadcrumb\":{\"@id\":\"https:\/\/otca.org\/concursofotografico\/es\/fotografia\/tore-de-los-pueblos-kariri-xoco-y-tuxa-del-bananal\/#breadcrumb\"},\"inLanguage\":\"pt-BR\",\"potentialAction\":[{\"@type\":\"ReadAction\",\"target\":[\"https:\/\/otca.org\/concursofotografico\/es\/fotografia\/tore-de-los-pueblos-kariri-xoco-y-tuxa-del-bananal\/\"]}]},{\"@type\":\"ImageObject\",\"inLanguage\":\"pt-BR\",\"@id\":\"https:\/\/otca.org\/concursofotografico\/es\/fotografia\/tore-de-los-pueblos-kariri-xoco-y-tuxa-del-bananal\/#primaryimage\",\"url\":\"https:\/\/otca.org\/concursofotografico\/wp-content\/uploads\/2025\/02\/id002-Leticia-Lucas-De-Maceno-scaled.jpg\",\"contentUrl\":\"https:\/\/otca.org\/concursofotografico\/wp-content\/uploads\/2025\/02\/id002-Leticia-Lucas-De-Maceno-scaled.jpg\",\"width\":2560,\"height\":1707},{\"@type\":\"BreadcrumbList\",\"@id\":\"https:\/\/otca.org\/concursofotografico\/es\/fotografia\/tore-de-los-pueblos-kariri-xoco-y-tuxa-del-bananal\/#breadcrumb\",\"itemListElement\":[{\"@type\":\"ListItem\",\"position\":1,\"name\":\"In\u00edcio\",\"item\":\"https:\/\/otca.org\/concursofotografico\/\"},{\"@type\":\"ListItem\",\"position\":2,\"name\":\"Tor\u00e9 de los pueblos Kariri-Xoc\u00f3 y Tux\u00e1 del Bananal\"}]},{\"@type\":\"WebSite\",\"@id\":\"https:\/\/otca.org\/concursofotografico\/#website\",\"url\":\"https:\/\/otca.org\/concursofotografico\/\",\"name\":\"Concurso Fotografico \\\"Por um mundo mais que humano\\\"\",\"description\":\"\",\"publisher\":{\"@id\":\"https:\/\/otca.org\/concursofotografico\/#organization\"},\"potentialAction\":[{\"@type\":\"SearchAction\",\"target\":{\"@type\":\"EntryPoint\",\"urlTemplate\":\"https:\/\/otca.org\/concursofotografico\/?s={search_term_string}\"},\"query-input\":{\"@type\":\"PropertyValueSpecification\",\"valueRequired\":true,\"valueName\":\"search_term_string\"}}],\"inLanguage\":\"pt-BR\"},{\"@type\":\"Organization\",\"@id\":\"https:\/\/otca.org\/concursofotografico\/#organization\",\"name\":\"OTCA\",\"url\":\"https:\/\/otca.org\/concursofotografico\/\",\"logo\":{\"@type\":\"ImageObject\",\"inLanguage\":\"pt-BR\",\"@id\":\"https:\/\/otca.org\/concursofotografico\/#\/schema\/logo\/image\/\",\"url\":\"https:\/\/otca.org\/concursofotografico\/wp-content\/uploads\/2024\/08\/logo-OTCA_PT.svg\",\"contentUrl\":\"https:\/\/otca.org\/concursofotografico\/wp-content\/uploads\/2024\/08\/logo-OTCA_PT.svg\",\"width\":120,\"height\":50,\"caption\":\"OTCA\"},\"image\":{\"@id\":\"https:\/\/otca.org\/concursofotografico\/#\/schema\/logo\/image\/\"}}]}<\/script>\n<!-- \/ Yoast SEO plugin. -->","yoast_head_json":{"title":"Tor\u00e9 de los pueblos Kariri-Xoc\u00f3 y Tux\u00e1 del Bananal - Concurso Fotografico","robots":{"index":"index","follow":"follow","max-snippet":"max-snippet:-1","max-image-preview":"max-image-preview:large","max-video-preview":"max-video-preview:-1"},"canonical":"https:\/\/otca.org\/concursofotografico\/es\/fotografia\/tore-de-los-pueblos-kariri-xoco-y-tuxa-del-bananal\/","og_locale":"pt_BR","og_type":"article","og_title":"Tor\u00e9 de los pueblos Kariri-Xoc\u00f3 y Tux\u00e1 del Bananal - Concurso Fotografico","og_description":"Captado durante una reuni\u00f3n del \u00abMovimento Bem-viver\u00bb, durante el Tor\u00e9, [&hellip;]","og_url":"https:\/\/otca.org\/concursofotografico\/es\/fotografia\/tore-de-los-pueblos-kariri-xoco-y-tuxa-del-bananal\/","og_site_name":"Concurso Fotografico","og_image":[{"width":2560,"height":1707,"url":"https:\/\/otca.org\/concursofotografico\/wp-content\/uploads\/2025\/02\/id002-Leticia-Lucas-De-Maceno-scaled.jpg","type":"image\/jpeg"}],"twitter_card":"summary_large_image","schema":{"@context":"https:\/\/schema.org","@graph":[{"@type":"WebPage","@id":"https:\/\/otca.org\/concursofotografico\/es\/fotografia\/tore-de-los-pueblos-kariri-xoco-y-tuxa-del-bananal\/","url":"https:\/\/otca.org\/concursofotografico\/es\/fotografia\/tore-de-los-pueblos-kariri-xoco-y-tuxa-del-bananal\/","name":"Tor\u00e9 de los pueblos Kariri-Xoc\u00f3 y Tux\u00e1 del Bananal - Concurso Fotografico","isPartOf":{"@id":"https:\/\/otca.org\/concursofotografico\/#website"},"primaryImageOfPage":{"@id":"https:\/\/otca.org\/concursofotografico\/es\/fotografia\/tore-de-los-pueblos-kariri-xoco-y-tuxa-del-bananal\/#primaryimage"},"image":{"@id":"https:\/\/otca.org\/concursofotografico\/es\/fotografia\/tore-de-los-pueblos-kariri-xoco-y-tuxa-del-bananal\/#primaryimage"},"thumbnailUrl":"https:\/\/otca.org\/concursofotografico\/wp-content\/uploads\/2025\/02\/id002-Leticia-Lucas-De-Maceno-scaled.jpg","datePublished":"2025-02-07T11:45:42+00:00","breadcrumb":{"@id":"https:\/\/otca.org\/concursofotografico\/es\/fotografia\/tore-de-los-pueblos-kariri-xoco-y-tuxa-del-bananal\/#breadcrumb"},"inLanguage":"pt-BR","potentialAction":[{"@type":"ReadAction","target":["https:\/\/otca.org\/concursofotografico\/es\/fotografia\/tore-de-los-pueblos-kariri-xoco-y-tuxa-del-bananal\/"]}]},{"@type":"ImageObject","inLanguage":"pt-BR","@id":"https:\/\/otca.org\/concursofotografico\/es\/fotografia\/tore-de-los-pueblos-kariri-xoco-y-tuxa-del-bananal\/#primaryimage","url":"https:\/\/otca.org\/concursofotografico\/wp-content\/uploads\/2025\/02\/id002-Leticia-Lucas-De-Maceno-scaled.jpg","contentUrl":"https:\/\/otca.org\/concursofotografico\/wp-content\/uploads\/2025\/02\/id002-Leticia-Lucas-De-Maceno-scaled.jpg","width":2560,"height":1707},{"@type":"BreadcrumbList","@id":"https:\/\/otca.org\/concursofotografico\/es\/fotografia\/tore-de-los-pueblos-kariri-xoco-y-tuxa-del-bananal\/#breadcrumb","itemListElement":[{"@type":"ListItem","position":1,"name":"In\u00edcio","item":"https:\/\/otca.org\/concursofotografico\/"},{"@type":"ListItem","position":2,"name":"Tor\u00e9 de los pueblos Kariri-Xoc\u00f3 y Tux\u00e1 del Bananal"}]},{"@type":"WebSite","@id":"https:\/\/otca.org\/concursofotografico\/#website","url":"https:\/\/otca.org\/concursofotografico\/","name":"Concurso Fotografico \"Por um mundo mais que humano\"","description":"","publisher":{"@id":"https:\/\/otca.org\/concursofotografico\/#organization"},"potentialAction":[{"@type":"SearchAction","target":{"@type":"EntryPoint","urlTemplate":"https:\/\/otca.org\/concursofotografico\/?s={search_term_string}"},"query-input":{"@type":"PropertyValueSpecification","valueRequired":true,"valueName":"search_term_string"}}],"inLanguage":"pt-BR"},{"@type":"Organization","@id":"https:\/\/otca.org\/concursofotografico\/#organization","name":"OTCA","url":"https:\/\/otca.org\/concursofotografico\/","logo":{"@type":"ImageObject","inLanguage":"pt-BR","@id":"https:\/\/otca.org\/concursofotografico\/#\/schema\/logo\/image\/","url":"https:\/\/otca.org\/concursofotografico\/wp-content\/uploads\/2024\/08\/logo-OTCA_PT.svg","contentUrl":"https:\/\/otca.org\/concursofotografico\/wp-content\/uploads\/2024\/08\/logo-OTCA_PT.svg","width":120,"height":50,"caption":"OTCA"},"image":{"@id":"https:\/\/otca.org\/concursofotografico\/#\/schema\/logo\/image\/"}}]}},"_links":{"self":[{"href":"https:\/\/otca.org\/concursofotografico\/wp-json\/wp\/v2\/fotografia\/997"}],"collection":[{"href":"https:\/\/otca.org\/concursofotografico\/wp-json\/wp\/v2\/fotografia"}],"about":[{"href":"https:\/\/otca.org\/concursofotografico\/wp-json\/wp\/v2\/types\/fotografia"}],"wp:featuredmedia":[{"embeddable":true,"href":"https:\/\/otca.org\/concursofotografico\/wp-json\/wp\/v2\/media\/1083"}],"wp:attachment":[{"href":"https:\/\/otca.org\/concursofotografico\/wp-json\/wp\/v2\/media?parent=997"}],"wp:term":[{"taxonomy":"autor","embeddable":true,"href":"https:\/\/otca.org\/concursofotografico\/wp-json\/wp\/v2\/autor?post=997"},{"taxonomy":"etnia","embeddable":true,"href":"https:\/\/otca.org\/concursofotografico\/wp-json\/wp\/v2\/etnia?post=997"},{"taxonomy":"lugar","embeddable":true,"href":"https:\/\/otca.org\/concursofotografico\/wp-json\/wp\/v2\/lugar?post=997"},{"taxonomy":"pais","embeddable":true,"href":"https:\/\/otca.org\/concursofotografico\/wp-json\/wp\/v2\/pais?post=997"},{"taxonomy":"premio","embeddable":true,"href":"https:\/\/otca.org\/concursofotografico\/wp-json\/wp\/v2\/premio?post=997"},{"taxonomy":"tipo-de-fotografia","embeddable":true,"href":"https:\/\/otca.org\/concursofotografico\/wp-json\/wp\/v2\/tipo-de-fotografia?post=997"}],"curies":[{"name":"wp","href":"https:\/\/api.w.org\/{rel}","templated":true}]}}

Toré de los pueblos Kariri-Xocó y Tuxá del Bananal

<p>Captado durante una reunión del «Movimento Bem-viver», durante el Toré, ritual tradicional de los pueblos indígenas.</p>

<!-- This site is optimized with the Yoast SEO plugin v24.4 - https://yoast.com/wordpress/plugins/seo/ -->
<title>Toré de los pueblos Kariri-Xocó y Tuxá del Bananal - Concurso Fotografico</title>
<meta name="robots" content="index, follow, max-snippet:-1, max-image-preview:large, max-video-preview:-1" />
<link rel="canonical" href="https://otca.org/concursofotografico/es/fotografia/tore-de-los-pueblos-kariri-xoco-y-tuxa-del-bananal/" />
<meta property="og:locale" content="pt_BR" />
<meta property="og:type" content="article" />
<meta property="og:title" content="Toré de los pueblos Kariri-Xocó y Tuxá del Bananal - Concurso Fotografico" />
<meta property="og:description" content="Captado durante una reunión del «Movimento Bem-viver», durante el Toré, [&hellip;]" />
<meta property="og:url" content="https://otca.org/concursofotografico/es/fotografia/tore-de-los-pueblos-kariri-xoco-y-tuxa-del-bananal/" />
<meta property="og:site_name" content="Concurso Fotografico" />
<meta property="og:image" content="https://otca.org/concursofotografico/wp-content/uploads/2025/02/id002-Leticia-Lucas-De-Maceno-scaled.jpg" />
	<meta property="og:image:width" content="2560" />
	<meta property="og:image:height" content="1707" />
	<meta property="og:image:type" content="image/jpeg" />
<meta name="twitter:card" content="summary_large_image" />
<script type="application/ld+json" class="yoast-schema-graph">{"@context":"https://schema.org","@graph":[{"@type":"WebPage","@id":"https://otca.org/concursofotografico/es/fotografia/tore-de-los-pueblos-kariri-xoco-y-tuxa-del-bananal/","url":"https://otca.org/concursofotografico/es/fotografia/tore-de-los-pueblos-kariri-xoco-y-tuxa-del-bananal/","name":"Toré de los pueblos Kariri-Xocó y Tuxá del Bananal - Concurso Fotografico","isPartOf":{"@id":"https://otca.org/concursofotografico/#website"},"primaryImageOfPage":{"@id":"https://otca.org/concursofotografico/es/fotografia/tore-de-los-pueblos-kariri-xoco-y-tuxa-del-bananal/#primaryimage"},"image":{"@id":"https://otca.org/concursofotografico/es/fotografia/tore-de-los-pueblos-kariri-xoco-y-tuxa-del-bananal/#primaryimage"},"thumbnailUrl":"https://otca.org/concursofotografico/wp-content/uploads/2025/02/id002-Leticia-Lucas-De-Maceno-scaled.jpg","datePublished":"2025-02-07T11:45:42+00:00","breadcrumb":{"@id":"https://otca.org/concursofotografico/es/fotografia/tore-de-los-pueblos-kariri-xoco-y-tuxa-del-bananal/#breadcrumb"},"inLanguage":"pt-BR","potentialAction":[{"@type":"ReadAction","target":["https://otca.org/concursofotografico/es/fotografia/tore-de-los-pueblos-kariri-xoco-y-tuxa-del-bananal/"]}]},{"@type":"ImageObject","inLanguage":"pt-BR","@id":"https://otca.org/concursofotografico/es/fotografia/tore-de-los-pueblos-kariri-xoco-y-tuxa-del-bananal/#primaryimage","url":"https://otca.org/concursofotografico/wp-content/uploads/2025/02/id002-Leticia-Lucas-De-Maceno-scaled.jpg","contentUrl":"https://otca.org/concursofotografico/wp-content/uploads/2025/02/id002-Leticia-Lucas-De-Maceno-scaled.jpg","width":2560,"height":1707},{"@type":"BreadcrumbList","@id":"https://otca.org/concursofotografico/es/fotografia/tore-de-los-pueblos-kariri-xoco-y-tuxa-del-bananal/#breadcrumb","itemListElement":[{"@type":"ListItem","position":1,"name":"Início","item":"https://otca.org/concursofotografico/"},{"@type":"ListItem","position":2,"name":"Toré de los pueblos Kariri-Xocó y Tuxá del Bananal"}]},{"@type":"WebSite","@id":"https://otca.org/concursofotografico/#website","url":"https://otca.org/concursofotografico/","name":"Concurso Fotografico \"Por um mundo mais que humano\"","description":"","publisher":{"@id":"https://otca.org/concursofotografico/#organization"},"potentialAction":[{"@type":"SearchAction","target":{"@type":"EntryPoint","urlTemplate":"https://otca.org/concursofotografico/?s={search_term_string}"},"query-input":{"@type":"PropertyValueSpecification","valueRequired":true,"valueName":"search_term_string"}}],"inLanguage":"pt-BR"},{"@type":"Organization","@id":"https://otca.org/concursofotografico/#organization","name":"OTCA","url":"https://otca.org/concursofotografico/","logo":{"@type":"ImageObject","inLanguage":"pt-BR","@id":"https://otca.org/concursofotografico/#/schema/logo/image/","url":"https://otca.org/concursofotografico/wp-content/uploads/2024/08/logo-OTCA_PT.svg","contentUrl":"https://otca.org/concursofotografico/wp-content/uploads/2024/08/logo-OTCA_PT.svg","width":120,"height":50,"caption":"OTCA"},"image":{"@id":"https://otca.org/concursofotografico/#/schema/logo/image/"}}]}</script>
<!-- / Yoast SEO plugin. -->

Toré de los pueblos Kariri-Xocó y Tuxá del Bananal - Concurso Fotografico

Captado durante una reunión del «Movimento Bem-viver», durante el Toré, [&hellip;]

Início
